{"id":9252,"date":"2012-11-04T13:30:08","date_gmt":"2012-11-04T15:30:08","guid":{"rendered":"https:\/\/162.215.13.167?page_id=9252"},"modified":"2022-12-20T12:52:10","modified_gmt":"2022-12-20T15:52:10","slug":"processo-seletivo-de-parauapebas-acs-2012-2","status":"publish","type":"page","link":"https:\/\/portalfadesp.org.br\/?page_id=9252","title":{"rendered":"Processo seletivo de Parauapebas (ACS) &#8211; 2012"},"content":{"rendered":"\t\t<div data-elementor-type=\"wp-page\" data-elementor-id=\"9252\" class=\"elementor elementor-9252\" data-elementor-post-type=\"page\">\n\t\t\t\t\t\t<section class=\"elementor-section elementor-top-section elementor-element elementor-element-7759e82 elementor-section-boxed elementor-section-height-default elementor-section-height-default\" data-id=\"7759e82\" data-element_type=\"section\">\n\t\t\t\t\t\t<div class=\"elementor-container elementor-column-gap-default\">\n\t\t\t\t\t<div class=\"elementor-column elementor-col-100 elementor-top-column elementor-element elementor-element-288dbe9\" data-id=\"288dbe9\" data-element_type=\"column\">\n\t\t\t<div class=\"elementor-widget-wrap elementor-element-populated\">\n\t\t\t\t\t\t<div class=\"elementor-element elementor-element-1ce31c8 elementor-widget elementor-widget-heading\" data-id=\"1ce31c8\" data-element_type=\"widget\" data-widget_type=\"heading.default\">\n\t\t\t\t<div class=\"elementor-widget-container\">\n\t\t\t\t\t<h1 class=\"elementor-heading-title elementor-size-default\">Processo seletivo de Parauapebas (ACS) - 2012<\/h1>\t\t\t\t<\/div>\n\t\t\t\t<\/div>\n\t\t\t\t<section class=\"elementor-section elementor-inner-section elementor-element elementor-element-5ba10ed elementor-section-boxed elementor-section-height-default elementor-section-height-default\" data-id=\"5ba10ed\" data-element_type=\"section\">\n\t\t\t\t\t\t<div class=\"elementor-container elementor-column-gap-default\">\n\t\t\t\t\t<div class=\"elementor-column elementor-col-50 elementor-inner-column elementor-element elementor-element-0b38389\" data-id=\"0b38389\" data-element_type=\"column\">\n\t\t\t<div class=\"elementor-widget-wrap elementor-element-populated\">\n\t\t\t\t\t\t<div class=\"elementor-element elementor-element-390424d elementor-widget elementor-widget-text-editor\" data-id=\"390424d\" data-element_type=\"widget\" data-widget_type=\"text-editor.default\">\n\t\t\t\t<div class=\"elementor-widget-container\">\n\t\t\t\t\t\t\t\t\t<p>A Prefeitura Municipal de Parauapebas, no uso de suas atribui\u00e7\u00f5es, torna p\u00fablica a realiza\u00e7\u00e3o de Processo Seletivo P\u00fablico destinado ao preenchimento de vagas para o quadro de pessoal efetivo do <strong>cargo de Agente Comunit\u00e1rio de Sa\u00fade (ACS)<\/strong>.<\/p><p><strong>Vagas &#8211;\u00a0<\/strong>149<\/p><p><strong>Cargos &#8211;\u00a0<\/strong>Agente Comunit\u00e1rio de Sa\u00fade (ACS)<strong><br \/><\/strong><\/p><p><strong>Remunera\u00e7\u00e3o &#8211;\u00a0<\/strong>R$ 814,39<\/p><p><strong>Inscri\u00e7\u00f5es &#8211;\u00a0\u00a0<\/strong>04 a 18\/05\/12<strong><br \/><\/strong><\/p><p><strong>Taxa &#8211;\u00a0<\/strong>R$ 40,00 (N\u00edvel Fundamental completo)<\/p><p><strong>Datas importantes<\/strong>:<\/p><p>Per\u00edodo de Inscri\u00e7\u00e3o &#8211; 04 a 30\/05\/12<\/p><p>Cart\u00e3o de Inscri\u00e7\u00e3o &#8211; 22 a 25\/05\/12<\/p><p>Data da Prova Objetiva &#8211; 03\/06\/12<\/p>\t\t\t\t\t\t\t\t<\/div>\n\t\t\t\t<\/div>\n\t\t\t\t\t<\/div>\n\t\t<\/div>\n\t\t\t\t<div class=\"elementor-column elementor-col-50 elementor-inner-column elementor-element elementor-element-7503a48\" data-id=\"7503a48\" data-element_type=\"column\">\n\t\t\t<div class=\"elementor-widget-wrap elementor-element-populated\">\n\t\t\t\t\t\t<div class=\"elementor-element elementor-element-81ea865 elementor-widget elementor-widget-text-editor\" data-id=\"81ea865\" data-element_type=\"widget\" data-widget_type=\"text-editor.default\">\n\t\t\t\t<div class=\"elementor-widget-container\">\n\t\t\t\t\t\t\t\t\t<p style=\"text-align: center;\"><span style=\"color: #ffffff;\"><strong>Editais e Avisos<\/strong><\/span><\/p>\t\t\t\t\t\t\t\t<\/div>\n\t\t\t\t<\/div>\n\t\t\t\t<div class=\"elementor-element elementor-element-38145cc elementor-widget elementor-widget-text-editor\" data-id=\"38145cc\" data-element_type=\"widget\" data-widget_type=\"text-editor.default\">\n\t\t\t\t<div class=\"elementor-widget-container\">\n\t\t\t\t\t\t\t\t\t<p><strong>\u00a0<a id=\"c7i2X3aNEx\" title=\"Tamanho: 503KB\" href=\"..\/midias\/anexos\/389_homologacao.pdf\" target=\"_blank\" rel=\"noopener\">Homologa\u00e7\u00e3o<\/a><\/strong><\/p><p><strong><a id=\"c7i2X3aNEx\" title=\"Tamanho: 517KB\" href=\"..\/midias\/anexos\/389_resultado_final.pdf\" target=\"_blank\" rel=\"noopener\">Resultado Final<\/a><\/strong><\/p><p><strong><a id=\"c7i2X3aNEx\" title=\"Tamanho: 219KB\" href=\"..\/midias\/anexos\/389_resultado_da_2a_prova_objetiva.pdf\" target=\"_blank\" rel=\"noopener\">Resultado da 2\u00aa prova objetiva<\/a><\/strong><\/p><p><strong><a id=\"c7i2X3aNEx\" title=\"Tamanho: 159KB\" href=\"..\/midias\/anexos\/389_gabarito_oficial_definitivo.pdf\" target=\"_blank\" rel=\"noopener\">Gabarito Oficial Definitivo<\/a><\/strong><\/p><p><strong><a id=\"c7i2X3aNEx\" title=\"Tamanho: 258KB\" href=\"..\/midias\/anexos\/389_resultado_da_prova_de_titulos.pdf\" target=\"_blank\" rel=\"noopener\">Resultado da Prova de T\u00edtulo<\/a><\/strong><\/p><p><strong><a id=\"c7i2X3aNEx\" title=\"Tamanho: 159KB\" href=\"..\/midias\/anexos\/389_gabarito_oficial_preliminar_dia_24_06_2012.pdf\" target=\"_blank\" rel=\"noopener\">Gabarito Oficial Preliminar<\/a><\/strong><\/p><p><strong><a id=\"c7i2X3aNEx\" title=\"Tamanho: 21KB\" href=\"..\/midias\/anexos\/389_formulario_de_entrega_de_titulos.pdf\" target=\"_blank\" rel=\"noopener\">Formul\u00e1rio de Entrega de T\u00edtulos<\/a><\/strong><\/p><p><strong><a id=\"c7i2X3aNEx\" title=\"Tamanho: 2424KB\" href=\"..\/midias\/anexos\/389_apostila_do_curso_introdutorio_de_acs.pdf\" target=\"_blank\" rel=\"noopener\">Apostila do Curso Introdut\u00f3rio de ACS<\/a><\/strong><\/p><p><strong>\u00a0<a id=\"c7i2X3aNEx\" title=\"Tamanho: 168KB\" href=\"..\/midias\/anexos\/389_conv_a_prova_titulos.pdf\" target=\"_blank\" rel=\"noopener\">Convoca\u00e7\u00e3o a Prova de T\u00edtulos<\/a><\/strong><\/p><p><strong><a id=\"c7i2X3aNEx\" title=\"Tamanho: 704KB\" href=\"..\/midias\/anexos\/389_conv_ao_curso_introdutorio_de_acs.pdf\" target=\"_blank\" rel=\"noopener\">Convoca\u00e7\u00e3o ao curso introdut\u00f3rio de ACS<\/a><\/strong><\/p><p><strong><a id=\"c7i2X3aNEx\" title=\"Tamanho: 1186KB\" href=\"..\/midias\/anexos\/389_resultado_geral_da_1a_etapa.pdf\" target=\"_blank\" rel=\"noopener\">Resultado Geral da 1\u00aa etapa<\/a><\/strong><\/p><p><strong><a id=\"c7i2X3aNEx\" title=\"Tamanho: 87KB\" href=\"..\/midias\/anexos\/389_criterios_de_convocacao_as_proximas_etapas.pdf\" target=\"_blank\" rel=\"noopener\">Crit\u00e9rio de convoca\u00e7\u00e3o para as pr\u00f3ximas etapas<\/a><\/strong><\/p><p><strong><a id=\"c7i2X3aNEx\" title=\"Tamanho: 137KB\" href=\"..\/midias\/anexos\/389_gabarito_oficial_definitivo_-_dia_24.06.2012.pdf\" target=\"_blank\" rel=\"noopener\">Gabarito Oficial Definitivo<\/a><\/strong><\/p><p><strong>\u00a0<a id=\"c7i2X3aNEx\" title=\"Tamanho: 73KB\" href=\"..\/midias\/anexos\/389_aviso_importante_aos_candidatos.pdf\" target=\"_blank\" rel=\"noopener\">Aviso Importante aos candidatos<\/a><\/strong><\/p><p><strong><a id=\"c7i2X3aNEx\" title=\"Tamanho: 159KB\" href=\"..\/midias\/anexos\/389_gabarito_oficial_preliminar1.pdf\" target=\"_blank\" rel=\"noopener\">Gabarito<\/a><\/strong><\/p><p><strong><a id=\"c7i2X3aNEx\" title=\"Tamanho: 85KB\" href=\"..\/midias\/anexos\/389_edital_n__02_2012_acs_pmp.pdf\" target=\"_blank\" rel=\"noopener\">Edital n \u00ba 02\/2012 ACS PMP &#8211; Prorroga\u00e7\u00e3o das Inscri\u00e7\u00f5es<\/a><\/strong><\/p><p><strong><a id=\"c7i2X3aNEx\" title=\"Tamanho: 2588KB\" href=\"..\/midias\/anexos\/389_anexo_-_if.pdf\" target=\"_blank\" rel=\"noopener\">Anexo I &#8211; F &#8211; DACJ<\/a><\/strong><\/p><p style=\"text-align: center;\"><strong><a id=\"c7i2X3aNEx\" title=\"Tamanho: 3676KB\" href=\"..\/midias\/anexos\/389_anexo_-_ie.pdf\" target=\"_blank\" rel=\"noopener\">Anexo I &#8211; E &#8211; DA PAZ<\/a><\/strong><\/p><p><strong><a id=\"c7i2X3aNEx\" title=\"Tamanho: 2017KB\" href=\"..\/midias\/anexos\/389_anexo_-_id.pdf\" target=\"_blank\" rel=\"noopener\">Anexo I &#8211; D &#8211; DARV<\/a><br \/><\/strong><\/p><p><strong>\u00a0<a id=\"c7i2X3aNEx\" title=\"Tamanho: 1314KB\" href=\"..\/midias\/anexos\/389_anexo_-_ic.pdf\" target=\"_blank\" rel=\"noopener\">Anexo I &#8211; C &#8211; DALIU<\/a><\/strong><\/p><p><strong><a id=\"c7i2X3aNEx\" title=\"Tamanho: 1227KB\" href=\"..\/midias\/anexos\/389_anexo_-_ib.pdf\" target=\"_blank\" rel=\"noopener\">Anexo I &#8211; B &#8211; DACIN<\/a><\/strong><\/p><p style=\"text-align: center;\"><strong><a id=\"c7i2X3aNEx\" title=\"Tamanho: 4056KB\" href=\"..\/midias\/anexos\/389_anexo_-_ia.pdf\" target=\"_blank\" rel=\"noopener\">Anexo I &#8211; A &#8211; DACAL<\/a><\/strong><\/p><p><strong><a id=\"c7i2X3aNEx\" title=\"Tamanho: 89KB\" href=\"..\/midias\/anexos\/389_formulario_de_portador_de_deficiencia.pdf\" target=\"_blank\" rel=\"noopener\">Formul\u00e1rio de Pessoas Com Defici\u00eancia<\/a><\/strong><\/p><p><strong><a id=\"c7i2X3aNEx\" title=\"Tamanho: 37KB\" href=\"..\/midias\/anexos\/389_tabela_de_vagas.pdf\" target=\"_blank\" rel=\"noopener\">Tabela de vagas<\/a><\/strong><\/p><p><strong><a id=\"c7i2X3aNEx\" title=\"Tamanho: 220KB\" href=\"..\/midias\/anexos\/389_edital_01_2012_acs_pmp.pdf\" target=\"_blank\" rel=\"noopener\">Edital n\u00ba 01\/2012 ACS PMP<\/a><br \/><\/strong><\/p><p style=\"text-align: center;\"><strong>Programas necess\u00e1rios para abrir os arquivos acima:<\/strong><br \/><strong>&#8211; <a href=\"http:\/\/ardownload.adobe.com\/pub\/adobe\/reader\/win\/9.x\/9.3\/ptb\/AdbeRdr930_pt_BR.exe\" target=\"_blank\" rel=\"noopener\">Acrobat (Baixar no seu computador)<br \/><\/a>Outros problemas, entre em contato, atrav\u00e9s:<\/strong><br \/><strong>Tel. (091) 4005-7446<\/strong><br \/><strong><a href=\"mailto:concursoufopa2013@fadesp.org.br\">concursoufopa2013@fadesp.org.br<\/a><br \/>Este endere\u00e7o de e-mail est\u00e1 sendo protegido de spam, voc\u00ea precisa de Javascript habilitado para v\u00ea-lo.\u00a0<\/strong><\/p>\t\t\t\t\t\t\t\t<\/div>\n\t\t\t\t<\/div>\n\t\t\t\t\t<\/div>\n\t\t<\/div>\n\t\t\t\t\t<\/div>\n\t\t<\/section>\n\t\t\t\t\t<\/div>\n\t\t<\/div>\n\t\t\t\t\t<\/div>\n\t\t<\/section>\n\t\t\t\t<\/div>\n\t\t","protected":false},"excerpt":{"rendered":"<p>Processo seletivo de Parauapebas (ACS) &#8211; 2012 A Prefeitura Municipal de Parauapebas, no uso de suas atribui\u00e7\u00f5es, torna p\u00fablica a realiza\u00e7\u00e3o de Processo Seletivo P\u00fablico destinado ao preenchimento de vagas para o quadro de pessoal efetivo do cargo de Agente Comunit\u00e1rio de Sa\u00fade (ACS). Vagas &#8211;\u00a0149 Cargos &#8211;\u00a0Agente Comunit\u00e1rio de Sa\u00fade (ACS) Remunera\u00e7\u00e3o &#8211;\u00a0R$ 814,39 [&hellip;]<\/p>\n","protected":false},"author":9,"featured_media":0,"parent":329,"menu_order":2,"comment_status":"closed","ping_status":"closed","template":"","meta":{"_monsterinsights_skip_tracking":false,"_monsterinsights_sitenote_active":false,"_monsterinsights_sitenote_note":"","_monsterinsights_sitenote_category":0,"footnotes":""},"class_list":["post-9252","page","type-page","status-publish","hentry","entry"],"yoast_head":"<!-- This site is optimized with the Yoast SEO plugin v25.1 - https:\/\/yoast.com\/wordpress\/plugins\/seo\/ -->\n<title>Processo seletivo de Parauapebas (ACS) - 2012 - FADESP<\/title>\n<meta name=\"robots\" content=\"index, follow, max-snippet:-1, max-image-preview:large, max-video-preview:-1\" \/>\n<link rel=\"canonical\" href=\"https:\/\/portalfadesp.org.br\/?page_id=9252\" \/>\n<meta property=\"og:locale\" content=\"pt_BR\" \/>\n<meta property=\"og:type\" content=\"article\" \/>\n<meta property=\"og:title\" content=\"Processo seletivo de Parauapebas (ACS) - 2012 - FADESP\" \/>\n<meta property=\"og:description\" content=\"Processo seletivo de Parauapebas (ACS) &#8211; 2012 A Prefeitura Municipal de Parauapebas, no uso de suas atribui\u00e7\u00f5es, torna p\u00fablica a realiza\u00e7\u00e3o de Processo Seletivo P\u00fablico destinado ao preenchimento de vagas para o quadro de pessoal efetivo do cargo de Agente Comunit\u00e1rio de Sa\u00fade (ACS). Vagas &#8211;\u00a0149 Cargos &#8211;\u00a0Agente Comunit\u00e1rio de Sa\u00fade (ACS) Remunera\u00e7\u00e3o &#8211;\u00a0R$ 814,39 [&hellip;]\" \/>\n<meta property=\"og:url\" content=\"https:\/\/portalfadesp.org.br\/?page_id=9252\" \/>\n<meta property=\"og:site_name\" content=\"FADESP\" \/>\n<meta property=\"article:publisher\" content=\"https:\/\/www.facebook.com\/Fadesp-138351949524662\/\" \/>\n<meta property=\"article:modified_time\" content=\"2022-12-20T15:52:10+00:00\" \/>\n<meta name=\"twitter:card\" content=\"summary_large_image\" \/>\n<meta name=\"twitter:site\" content=\"@Fadesp\" \/>\n<meta name=\"twitter:label1\" content=\"Est. tempo de leitura\" \/>\n\t<meta name=\"twitter:data1\" content=\"1 minuto\" \/>\n<script type=\"application\/ld+json\" class=\"yoast-schema-graph\">{\"@context\":\"https:\/\/schema.org\",\"@graph\":[{\"@type\":\"WebPage\",\"@id\":\"https:\/\/portalfadesp.org.br\/?page_id=9252\",\"url\":\"https:\/\/portalfadesp.org.br\/?page_id=9252\",\"name\":\"Processo seletivo de Parauapebas (ACS) - 2012 - FADESP\",\"isPartOf\":{\"@id\":\"https:\/\/portalfadesp.org.br\/#website\"},\"datePublished\":\"2012-11-04T15:30:08+00:00\",\"dateModified\":\"2022-12-20T15:52:10+00:00\",\"breadcrumb\":{\"@id\":\"https:\/\/portalfadesp.org.br\/?page_id=9252#breadcrumb\"},\"inLanguage\":\"pt-BR\",\"potentialAction\":[{\"@type\":\"ReadAction\",\"target\":[\"https:\/\/portalfadesp.org.br\/?page_id=9252\"]}]},{\"@type\":\"BreadcrumbList\",\"@id\":\"https:\/\/portalfadesp.org.br\/?page_id=9252#breadcrumb\",\"itemListElement\":[{\"@type\":\"ListItem\",\"position\":1,\"name\":\"In\u00edcio\",\"item\":\"https:\/\/portalfadesp.org.br\/\"},{\"@type\":\"ListItem\",\"position\":2,\"name\":\"Concursos &#8211; Homologados\",\"item\":\"https:\/\/portalfadesp.org.br\/?page_id=329\"},{\"@type\":\"ListItem\",\"position\":3,\"name\":\"Processo seletivo de Parauapebas (ACS) &#8211; 2012\"}]},{\"@type\":\"WebSite\",\"@id\":\"https:\/\/portalfadesp.org.br\/#website\",\"url\":\"https:\/\/portalfadesp.org.br\/\",\"name\":\"FADESP\",\"description\":\"Funda\u00e7\u00e3o de Amparo e Desenvolvimento da Pesquisa\",\"publisher\":{\"@id\":\"https:\/\/portalfadesp.org.br\/#organization\"},\"potentialAction\":[{\"@type\":\"SearchAction\",\"target\":{\"@type\":\"EntryPoint\",\"urlTemplate\":\"https:\/\/portalfadesp.org.br\/?s={search_term_string}\"},\"query-input\":{\"@type\":\"PropertyValueSpecification\",\"valueRequired\":true,\"valueName\":\"search_term_string\"}}],\"inLanguage\":\"pt-BR\"},{\"@type\":\"Organization\",\"@id\":\"https:\/\/portalfadesp.org.br\/#organization\",\"name\":\"FADESP\",\"url\":\"https:\/\/portalfadesp.org.br\/\",\"logo\":{\"@type\":\"ImageObject\",\"inLanguage\":\"pt-BR\",\"@id\":\"https:\/\/portalfadesp.org.br\/#\/schema\/logo\/image\/\",\"url\":\"https:\/\/portalfadesp.org.br\/wp-content\/uploads\/2024\/01\/NOVOLOGOFADESPlaranjaH.png\",\"contentUrl\":\"https:\/\/portalfadesp.org.br\/wp-content\/uploads\/2024\/01\/NOVOLOGOFADESPlaranjaH.png\",\"width\":2742,\"height\":839,\"caption\":\"FADESP\"},\"image\":{\"@id\":\"https:\/\/portalfadesp.org.br\/#\/schema\/logo\/image\/\"},\"sameAs\":[\"https:\/\/www.facebook.com\/Fadesp-138351949524662\/\",\"https:\/\/x.com\/Fadesp\",\"https:\/\/www.instagram.com\/fadesp_ufpa\/\",\"https:\/\/www.youtube.com\/@fundacaodeamparoedesenvolv1903\",\"https:\/\/www.threads.net\/@fadesp_ufpa\"]}]}<\/script>\n<!-- \/ Yoast SEO plugin. -->","yoast_head_json":{"title":"Processo seletivo de Parauapebas (ACS) - 2012 - FADESP","robots":{"index":"index","follow":"follow","max-snippet":"max-snippet:-1","max-image-preview":"max-image-preview:large","max-video-preview":"max-video-preview:-1"},"canonical":"https:\/\/portalfadesp.org.br\/?page_id=9252","og_locale":"pt_BR","og_type":"article","og_title":"Processo seletivo de Parauapebas (ACS) - 2012 - FADESP","og_description":"Processo seletivo de Parauapebas (ACS) &#8211; 2012 A Prefeitura Municipal de Parauapebas, no uso de suas atribui\u00e7\u00f5es, torna p\u00fablica a realiza\u00e7\u00e3o de Processo Seletivo P\u00fablico destinado ao preenchimento de vagas para o quadro de pessoal efetivo do cargo de Agente Comunit\u00e1rio de Sa\u00fade (ACS). Vagas &#8211;\u00a0149 Cargos &#8211;\u00a0Agente Comunit\u00e1rio de Sa\u00fade (ACS) Remunera\u00e7\u00e3o &#8211;\u00a0R$ 814,39 [&hellip;]","og_url":"https:\/\/portalfadesp.org.br\/?page_id=9252","og_site_name":"FADESP","article_publisher":"https:\/\/www.facebook.com\/Fadesp-138351949524662\/","article_modified_time":"2022-12-20T15:52:10+00:00","twitter_card":"summary_large_image","twitter_site":"@Fadesp","twitter_misc":{"Est. tempo de leitura":"1 minuto"},"schema":{"@context":"https:\/\/schema.org","@graph":[{"@type":"WebPage","@id":"https:\/\/portalfadesp.org.br\/?page_id=9252","url":"https:\/\/portalfadesp.org.br\/?page_id=9252","name":"Processo seletivo de Parauapebas (ACS) - 2012 - FADESP","isPartOf":{"@id":"https:\/\/portalfadesp.org.br\/#website"},"datePublished":"2012-11-04T15:30:08+00:00","dateModified":"2022-12-20T15:52:10+00:00","breadcrumb":{"@id":"https:\/\/portalfadesp.org.br\/?page_id=9252#breadcrumb"},"inLanguage":"pt-BR","potentialAction":[{"@type":"ReadAction","target":["https:\/\/portalfadesp.org.br\/?page_id=9252"]}]},{"@type":"BreadcrumbList","@id":"https:\/\/portalfadesp.org.br\/?page_id=9252#breadcrumb","itemListElement":[{"@type":"ListItem","position":1,"name":"In\u00edcio","item":"https:\/\/portalfadesp.org.br\/"},{"@type":"ListItem","position":2,"name":"Concursos &#8211; Homologados","item":"https:\/\/portalfadesp.org.br\/?page_id=329"},{"@type":"ListItem","position":3,"name":"Processo seletivo de Parauapebas (ACS) &#8211; 2012"}]},{"@type":"WebSite","@id":"https:\/\/portalfadesp.org.br\/#website","url":"https:\/\/portalfadesp.org.br\/","name":"FADESP","description":"Funda\u00e7\u00e3o de Amparo e Desenvolvimento da Pesquisa","publisher":{"@id":"https:\/\/portalfadesp.org.br\/#organization"},"potentialAction":[{"@type":"SearchAction","target":{"@type":"EntryPoint","urlTemplate":"https:\/\/portalfadesp.org.br\/?s={search_term_string}"},"query-input":{"@type":"PropertyValueSpecification","valueRequired":true,"valueName":"search_term_string"}}],"inLanguage":"pt-BR"},{"@type":"Organization","@id":"https:\/\/portalfadesp.org.br\/#organization","name":"FADESP","url":"https:\/\/portalfadesp.org.br\/","logo":{"@type":"ImageObject","inLanguage":"pt-BR","@id":"https:\/\/portalfadesp.org.br\/#\/schema\/logo\/image\/","url":"https:\/\/portalfadesp.org.br\/wp-content\/uploads\/2024\/01\/NOVOLOGOFADESPlaranjaH.png","contentUrl":"https:\/\/portalfadesp.org.br\/wp-content\/uploads\/2024\/01\/NOVOLOGOFADESPlaranjaH.png","width":2742,"height":839,"caption":"FADESP"},"image":{"@id":"https:\/\/portalfadesp.org.br\/#\/schema\/logo\/image\/"},"sameAs":["https:\/\/www.facebook.com\/Fadesp-138351949524662\/","https:\/\/x.com\/Fadesp","https:\/\/www.instagram.com\/fadesp_ufpa\/","https:\/\/www.youtube.com\/@fundacaodeamparoedesenvolv1903","https:\/\/www.threads.net\/@fadesp_ufpa"]}]}},"_links":{"self":[{"href":"https:\/\/portalfadesp.org.br\/index.php?rest_route=\/wp\/v2\/pages\/9252","targetHints":{"allow":["GET"]}}],"collection":[{"href":"https:\/\/portalfadesp.org.br\/index.php?rest_route=\/wp\/v2\/pages"}],"about":[{"href":"https:\/\/portalfadesp.org.br\/index.php?rest_route=\/wp\/v2\/types\/page"}],"author":[{"embeddable":true,"href":"https:\/\/portalfadesp.org.br\/index.php?rest_route=\/wp\/v2\/users\/9"}],"replies":[{"embeddable":true,"href":"https:\/\/portalfadesp.org.br\/index.php?rest_route=%2Fwp%2Fv2%2Fcomments&post=9252"}],"version-history":[{"count":22,"href":"https:\/\/portalfadesp.org.br\/index.php?rest_route=\/wp\/v2\/pages\/9252\/revisions"}],"predecessor-version":[{"id":36738,"href":"https:\/\/portalfadesp.org.br\/index.php?rest_route=\/wp\/v2\/pages\/9252\/revisions\/36738"}],"up":[{"embeddable":true,"href":"https:\/\/portalfadesp.org.br\/index.php?rest_route=\/wp\/v2\/pages\/329"}],"wp:attachment":[{"href":"https:\/\/portalfadesp.org.br\/index.php?rest_route=%2Fwp%2Fv2%2Fmedia&parent=9252"}],"curies":[{"name":"wp","href":"https:\/\/api.w.org\/{rel}","templated":true}]}}