{"id":661,"date":"2019-03-01T12:27:25","date_gmt":"2019-03-01T15:27:25","guid":{"rendered":"https:\/\/162.215.13.167final\/?page_id=661"},"modified":"2025-12-09T16:18:34","modified_gmt":"2025-12-09T19:18:34","slug":"quem_somos","status":"publish","type":"page","link":"https:\/\/portalfadesp.org.br\/?page_id=661","title":{"rendered":"Quem_Somos"},"content":{"rendered":"\t\t<div data-elementor-type=\"wp-post\" data-elementor-id=\"661\" class=\"elementor elementor-661\" data-elementor-post-type=\"page\">\n\t\t\t\t\t\t<section class=\"elementor-section elementor-top-section elementor-element elementor-element-7cab04c3 elementor-section-full_width elementor-section-height-default elementor-section-height-default\" data-id=\"7cab04c3\" data-element_type=\"section\" data-settings=\"{&quot;background_background&quot;:&quot;classic&quot;}\">\n\t\t\t\t\t\t<div class=\"elementor-container elementor-column-gap-default\">\n\t\t\t\t\t<div class=\"elementor-column elementor-col-100 elementor-top-column elementor-element elementor-element-353e739a\" data-id=\"353e739a\" data-element_type=\"column\">\n\t\t\t<div class=\"elementor-widget-wrap elementor-element-populated\">\n\t\t\t\t\t\t<div class=\"elementor-element elementor-element-873ad52 elementor-widget elementor-widget-heading\" data-id=\"873ad52\" data-element_type=\"widget\" data-widget_type=\"heading.default\">\n\t\t\t\t<div class=\"elementor-widget-container\">\n\t\t\t\t\t<h1 class=\"elementor-heading-title elementor-size-default\">Quem Somos?<\/h1>\t\t\t\t<\/div>\n\t\t\t\t<\/div>\n\t\t\t\t\t<\/div>\n\t\t<\/div>\n\t\t\t\t\t<\/div>\n\t\t<\/section>\n\t\t\t\t<section class=\"elementor-section elementor-top-section elementor-element elementor-element-271ab457 elementor-section-boxed elementor-section-height-default elementor-section-height-default\" data-id=\"271ab457\" data-element_type=\"section\">\n\t\t\t\t\t\t<div class=\"elementor-container elementor-column-gap-default\">\n\t\t\t\t\t<div class=\"elementor-column elementor-col-33 elementor-top-column elementor-element elementor-element-4e7e0007\" data-id=\"4e7e0007\" data-element_type=\"column\">\n\t\t\t<div class=\"elementor-widget-wrap elementor-element-populated\">\n\t\t\t\t\t\t<div class=\"elementor-element elementor-element-18de148 elementor-widget elementor-widget-spacer\" data-id=\"18de148\" data-element_type=\"widget\" data-widget_type=\"spacer.default\">\n\t\t\t\t<div class=\"elementor-widget-container\">\n\t\t\t\t\t\t\t<div class=\"elementor-spacer\">\n\t\t\t<div class=\"elementor-spacer-inner\"><\/div>\n\t\t<\/div>\n\t\t\t\t\t\t<\/div>\n\t\t\t\t<\/div>\n\t\t\t\t<div class=\"elementor-element elementor-element-17a3d6f7 w-100 elementor-widget elementor-widget-image\" data-id=\"17a3d6f7\" data-element_type=\"widget\" data-widget_type=\"image.default\">\n\t\t\t\t<div class=\"elementor-widget-container\">\n\t\t\t\t\t\t\t\t\t\t\t\t\t\t\t<img fetchpriority=\"high\" decoding=\"async\" width=\"600\" height=\"600\" src=\"https:\/\/portalfadesp.org.br\/wp-content\/uploads\/2025\/06\/recepcao_FADESP.jpg\" class=\"attachment-full size-full wp-image-50120\" alt=\"\" srcset=\"https:\/\/portalfadesp.org.br\/wp-content\/uploads\/2025\/06\/recepcao_FADESP.jpg 600w, https:\/\/portalfadesp.org.br\/wp-content\/uploads\/2025\/06\/recepcao_FADESP-300x300.jpg 300w, https:\/\/portalfadesp.org.br\/wp-content\/uploads\/2025\/06\/recepcao_FADESP-150x150.jpg 150w\" sizes=\"(max-width: 600px) 100vw, 600px\" \/>\t\t\t\t\t\t\t\t\t\t\t\t\t\t\t<\/div>\n\t\t\t\t<\/div>\n\t\t\t\t\t<\/div>\n\t\t<\/div>\n\t\t\t\t<div class=\"elementor-column elementor-col-66 elementor-top-column elementor-element elementor-element-24bd5e34\" data-id=\"24bd5e34\" data-element_type=\"column\">\n\t\t\t<div class=\"elementor-widget-wrap elementor-element-populated\">\n\t\t\t\t\t\t<div class=\"elementor-element elementor-element-5dbbad2f h2 elementor-widget elementor-widget-heading\" data-id=\"5dbbad2f\" data-element_type=\"widget\" data-widget_type=\"heading.default\">\n\t\t\t\t<div class=\"elementor-widget-container\">\n\t\t\t\t\t<h2 class=\"elementor-heading-title elementor-size-default\">Funda\u00e7\u00e3o de Amparo e Desenvolvimento da Pesquisa: contribuindo para o desenvolvimento da Amaz\u00f4nia e de seus povos.<\/h2>\t\t\t\t<\/div>\n\t\t\t\t<\/div>\n\t\t\t\t<div class=\"elementor-element elementor-element-4b2067dc elementor-widget elementor-widget-text-editor\" data-id=\"4b2067dc\" data-element_type=\"widget\" data-widget_type=\"text-editor.default\">\n\t\t\t\t<div class=\"elementor-widget-container\">\n\t\t\t\t\t\t\t\t\t<p>A FADESP \u00e9 uma institui\u00e7\u00e3o de direito privado, sem fins lucrativos, que tem como objetivo apoiar o desenvolvimento cient\u00edfico, social e tecnol\u00f3gico da Amaz\u00f4nia. Foi criada em 1977 para dar suporte \u00e0s atividades da Universidade Federal do Par\u00e1 (UFPA), atualmente, \u00e9 um dos grandes agentes estrat\u00e9gicos da regi\u00e3o Norte. Al\u00e9m da UFPA, a FADESP \u00e9 Funda\u00e7\u00e3o de Apoio de mais onze (11) institui\u00e7\u00f5es.<\/p><p>A FADESP atua na gest\u00e3o de projetos de pesquisa, ensino, extens\u00e3o e inova\u00e7\u00e3o do Centro Gestor e Operacional do Sistema de Prote\u00e7\u00e3o da Amaz\u00f4nia (CENSIPAM), Empresa Brasileira de Servi\u00e7os Hospitalares (EBSERH), Empresa Brasileira de Pesquisa Agropecu\u00e1ria (EMBRAPA), Instituto Chico Mendes de Conserva\u00e7\u00e3o da Biodiversidade (ICMBio), Instituto Evandro Chagas (IEC), Instituto Federal do Par\u00e1 (IFPA), Instituto Nacional de Pesquisas da Amaz\u00f4nia (INPA), Museu Paraense Em\u00edlio Goeldi (MPEG), Universidade Federal do Oeste do Par\u00e1 (UFOPA), Universidade Federal do Par\u00e1 (UFPA), Universidade Federal Rural da Amaz\u00f4nia (UFRA) e Universidade Federal do Sul e Sudeste do Par\u00e1 (UNIFESSPA).<\/p><p>Com a expertise adquirida em mais de 45 anos de atua\u00e7\u00e3o, a FADESP possui o diferencial de gerir projetos que t\u00eam como foco o meio ambiente amaz\u00f4nico e o desenvolvimento sustent\u00e1vel. No apoio \u00e0 pesquisa, atua na viabiliza\u00e7\u00e3o de programas e projetos cient\u00edficos, intermediando as parcerias entre institui\u00e7\u00f5es que atuam nos mais diversos segmentos e o corpo docente da UFPA e de outras IES. Por meio dessa intermedia\u00e7\u00e3o, s\u00e3o alcan\u00e7ados resultados para a comunidade, objetivo de suas a\u00e7\u00f5es.<\/p>\t\t\t\t\t\t\t\t<\/div>\n\t\t\t\t<\/div>\n\t\t\t\t\t<\/div>\n\t\t<\/div>\n\t\t\t\t\t<\/div>\n\t\t<\/section>\n\t\t\t\t<section class=\"elementor-section elementor-top-section elementor-element elementor-element-14aaae2c elementor-section-boxed elementor-section-height-default elementor-section-height-default\" data-id=\"14aaae2c\" data-element_type=\"section\">\n\t\t\t\t\t\t<div class=\"elementor-container elementor-column-gap-default\">\n\t\t\t\t\t<div class=\"elementor-column elementor-col-100 elementor-top-column elementor-element elementor-element-a5fe27e\" data-id=\"a5fe27e\" data-element_type=\"column\">\n\t\t\t<div class=\"elementor-widget-wrap elementor-element-populated\">\n\t\t\t\t\t\t<div class=\"elementor-element elementor-element-b7ef148 elementor-widget elementor-widget-image\" data-id=\"b7ef148\" data-element_type=\"widget\" data-widget_type=\"image.default\">\n\t\t\t\t<div class=\"elementor-widget-container\">\n\t\t\t\t\t\t\t\t\t\t\t\t\t\t\t<img decoding=\"async\" src=\"https:\/\/portalfadesp.org.br\/wp-content\/uploads\/elementor\/thumbs\/WhatsApp-Image-2025-06-24-at-14.34.03-r7sg9hys38eafj30mzk7q6i5s50qs4a95dwchy3gss.jpeg\" title=\"quem somos\" alt=\"quem somos\" loading=\"lazy\" \/>\t\t\t\t\t\t\t\t\t\t\t\t\t\t\t<\/div>\n\t\t\t\t<\/div>\n\t\t\t\t\t<\/div>\n\t\t<\/div>\n\t\t\t\t\t<\/div>\n\t\t<\/section>\n\t\t\t\t<section class=\"elementor-section elementor-top-section elementor-element elementor-element-4f0e27 elementor-section-boxed elementor-section-height-default elementor-section-height-default\" data-id=\"4f0e27\" data-element_type=\"section\">\n\t\t\t\t\t\t<div class=\"elementor-container elementor-column-gap-default\">\n\t\t\t\t\t<div class=\"elementor-column elementor-col-100 elementor-top-column elementor-element elementor-element-545d1fa0\" data-id=\"545d1fa0\" data-element_type=\"column\">\n\t\t\t<div class=\"elementor-widget-wrap elementor-element-populated\">\n\t\t\t\t\t\t<div class=\"elementor-element elementor-element-7ad8c7d elementor-widget elementor-widget-text-editor\" data-id=\"7ad8c7d\" data-element_type=\"widget\" data-widget_type=\"text-editor.default\">\n\t\t\t\t<div class=\"elementor-widget-container\">\n\t\t\t\t\t\t\t\t\t<p>A FADESP tamb\u00e9m promove o Desenvolvimento Institucional (DI) em \u00f3rg\u00e3os, entidades e empresas com o objetivo de melhorar os servi\u00e7os desempenhados por eles, seja na reestrutura\u00e7\u00e3o organizacional e\/ou no aprimoramento de procedimentos administrativos. Novamente, os resultados servem \u00e0 popula\u00e7\u00e3o.<br \/><br \/>No aprimoramento acad\u00eamico, gerencia os cursos de p\u00f3s-gradua\u00e7\u00e3o junto \u00e0 UFPA e outras institui\u00e7\u00f5es parceiras. O hist\u00f3rico da FADESP tem pelo menos 120 cursos de especializa\u00e7\u00e3o e experi\u00eancias em Mestrado, nas \u00e1reas de Sa\u00fade, Tecnologia, Lingu\u00edstica e Exatas.<br \/><br \/>A Funda\u00e7\u00e3o vem atuando, ainda, com sucesso na coordena\u00e7\u00e3o de concursos p\u00fablicos federais, estaduais e municipais. Somente o concurso da Pol\u00edcia Militar do Estado do Par\u00e1, em 2016, exigiu log\u00edstica para atender mais 100 mil candidatos inscritos e v\u00e1rias etapas de avalia\u00e7\u00e3o, como prova de conhecimentos, prova de t\u00edtulos, teste de aptid\u00e3o f\u00edsica e psicol\u00f3gica.<br \/><br \/>Outra \u00e1rea em franco crescimento em todo o pa\u00eds e que a FADESP tamb\u00e9m atua \u00e9 a qualifica\u00e7\u00e3o continuada com cursos de curta dura\u00e7\u00e3o (de extens\u00e3o ou aperfei\u00e7oamento) presenciais e \u00e0 dist\u00e2ncia. A metodologia, com estudo de casos, tem garantido a efetiva aprendizagem.<\/p>\t\t\t\t\t\t\t\t<\/div>\n\t\t\t\t<\/div>\n\t\t\t\t\t<\/div>\n\t\t<\/div>\n\t\t\t\t\t<\/div>\n\t\t<\/section>\n\t\t\t\t<section class=\"elementor-section elementor-top-section elementor-element elementor-element-5335e4a elementor-section-boxed elementor-section-height-default elementor-section-height-default\" data-id=\"5335e4a\" data-element_type=\"section\">\n\t\t\t\t\t\t<div class=\"elementor-container elementor-column-gap-default\">\n\t\t\t\t\t<div class=\"elementor-column elementor-col-100 elementor-top-column elementor-element elementor-element-07c5de4\" data-id=\"07c5de4\" data-element_type=\"column\">\n\t\t\t<div class=\"elementor-widget-wrap elementor-element-populated\">\n\t\t\t\t\t\t<div class=\"elementor-element elementor-element-b558ebc h2 elementor-widget elementor-widget-heading\" data-id=\"b558ebc\" data-element_type=\"widget\" data-widget_type=\"heading.default\">\n\t\t\t\t<div class=\"elementor-widget-container\">\n\t\t\t\t\t<h2 class=\"elementor-heading-title elementor-size-default\"><b>MISS\u00c3O, VIS\u00c3O &amp; VALORES<\/b><\/h2>\t\t\t\t<\/div>\n\t\t\t\t<\/div>\n\t\t\t\t<section class=\"elementor-section elementor-inner-section elementor-element elementor-element-93760a4 elementor-section-boxed elementor-section-height-default elementor-section-height-default\" data-id=\"93760a4\" data-element_type=\"section\">\n\t\t\t\t\t\t<div class=\"elementor-container elementor-column-gap-default\">\n\t\t\t\t\t<div class=\"elementor-column elementor-col-33 elementor-inner-column elementor-element elementor-element-46d282c\" data-id=\"46d282c\" data-element_type=\"column\">\n\t\t\t<div class=\"elementor-widget-wrap elementor-element-populated\">\n\t\t\t\t\t\t<div class=\"elementor-element elementor-element-8a99b4b elementor-position-top elementor-widget elementor-widget-image-box\" data-id=\"8a99b4b\" data-element_type=\"widget\" data-widget_type=\"image-box.default\">\n\t\t\t\t<div class=\"elementor-widget-container\">\n\t\t\t\t\t<div class=\"elementor-image-box-wrapper\"><figure class=\"elementor-image-box-img\"><img decoding=\"async\" src=\"\/wp-content\/themes\/oceanwp-child\/assets\/img\/quem-somos-01.png\" title=\"\" alt=\"\" loading=\"lazy\" \/><\/figure><div class=\"elementor-image-box-content\"><h3 class=\"elementor-image-box-title\">Miss\u00e3o<\/h3><p class=\"elementor-image-box-description\">Promover a gest\u00e3o de a\u00e7\u00f5es de pesquisa, ensino e extens\u00e3o, de forma din\u00e2mica, contribuindo para o fortalecimento da UFPA e o desenvolvimento da regi\u00e3o Amaz\u00f4nica.<\/p><\/div><\/div>\t\t\t\t<\/div>\n\t\t\t\t<\/div>\n\t\t\t\t\t<\/div>\n\t\t<\/div>\n\t\t\t\t<div class=\"elementor-column elementor-col-33 elementor-inner-column elementor-element elementor-element-eccc5e4\" data-id=\"eccc5e4\" data-element_type=\"column\">\n\t\t\t<div class=\"elementor-widget-wrap elementor-element-populated\">\n\t\t\t\t\t\t<div class=\"elementor-element elementor-element-c373314 elementor-position-top elementor-widget elementor-widget-image-box\" data-id=\"c373314\" data-element_type=\"widget\" data-widget_type=\"image-box.default\">\n\t\t\t\t<div class=\"elementor-widget-container\">\n\t\t\t\t\t<div class=\"elementor-image-box-wrapper\"><figure class=\"elementor-image-box-img\"><img decoding=\"async\" src=\"\/wp-content\/themes\/oceanwp-child\/assets\/img\/quem-somos-02.png\" title=\"\" alt=\"\" loading=\"lazy\" \/><\/figure><div class=\"elementor-image-box-content\"><h3 class=\"elementor-image-box-title\">Vis\u00e3o<\/h3><p class=\"elementor-image-box-description\">Ser reconhecida pela excel\u00eancia na Gest\u00e3o de Projetos e Presta\u00e7\u00e3o de Servi\u00e7os, valorizando seus colaboradores, fortalecendo e ampliando as parcerias com as institui\u00e7\u00f5es p\u00fablicas e privadas na Amaz\u00f4nia.<\/p><\/div><\/div>\t\t\t\t<\/div>\n\t\t\t\t<\/div>\n\t\t\t\t\t<\/div>\n\t\t<\/div>\n\t\t\t\t<div class=\"elementor-column elementor-col-33 elementor-inner-column elementor-element elementor-element-83d6015\" data-id=\"83d6015\" data-element_type=\"column\">\n\t\t\t<div class=\"elementor-widget-wrap elementor-element-populated\">\n\t\t\t\t\t\t<div class=\"elementor-element elementor-element-f500996 elementor-position-top elementor-widget elementor-widget-image-box\" data-id=\"f500996\" data-element_type=\"widget\" data-widget_type=\"image-box.default\">\n\t\t\t\t<div class=\"elementor-widget-container\">\n\t\t\t\t\t<div class=\"elementor-image-box-wrapper\"><figure class=\"elementor-image-box-img\"><img decoding=\"async\" src=\"\/wp-content\/themes\/oceanwp-child\/assets\/img\/quem-somos-03.png\" title=\"\" alt=\"\" loading=\"lazy\" \/><\/figure><div class=\"elementor-image-box-content\"><h3 class=\"elementor-image-box-title\">Valores<\/h3><p class=\"elementor-image-box-description\">Compet\u00eancia, comprometimento institucional, credibilidade, efici\u00eancia, esp\u00edrito de equipe, inova\u00e7\u00e3o, legalidade, responsabilidade social e transpar\u00eancia.<\/p><\/div><\/div>\t\t\t\t<\/div>\n\t\t\t\t<\/div>\n\t\t\t\t\t<\/div>\n\t\t<\/div>\n\t\t\t\t\t<\/div>\n\t\t<\/section>\n\t\t\t\t\t<\/div>\n\t\t<\/div>\n\t\t\t\t\t<\/div>\n\t\t<\/section>\n\t\t\t\t<\/div>\n\t\t","protected":false},"excerpt":{"rendered":"<p>Quem Somos? Funda\u00e7\u00e3o de Amparo e Desenvolvimento da Pesquisa: contribuindo para o desenvolvimento da Amaz\u00f4nia e de seus povos. A FADESP \u00e9 uma institui\u00e7\u00e3o de direito privado, sem fins lucrativos, que tem como objetivo apoiar o desenvolvimento cient\u00edfico, social e tecnol\u00f3gico da Amaz\u00f4nia. Foi criada em 1977 para dar suporte \u00e0s atividades da Universidade Federal [&hellip;]<\/p>\n","protected":false},"author":11,"featured_media":0,"parent":0,"menu_order":0,"comment_status":"closed","ping_status":"closed","template":"","meta":{"_monsterinsights_skip_tracking":false,"_monsterinsights_sitenote_active":false,"_monsterinsights_sitenote_note":"","_monsterinsights_sitenote_category":0,"footnotes":""},"class_list":["post-661","page","type-page","status-publish","hentry","entry"],"yoast_head":"<!-- This site is optimized with the Yoast SEO plugin v25.1 - https:\/\/yoast.com\/wordpress\/plugins\/seo\/ -->\n<title>Quem_Somos - FADESP<\/title>\n<meta name=\"robots\" content=\"index, follow, max-snippet:-1, max-image-preview:large, max-video-preview:-1\" \/>\n<link rel=\"canonical\" href=\"https:\/\/portalfadesp.org.br\/?page_id=661\" \/>\n<meta property=\"og:locale\" content=\"pt_BR\" \/>\n<meta property=\"og:type\" content=\"article\" \/>\n<meta property=\"og:title\" content=\"Quem_Somos - FADESP\" \/>\n<meta property=\"og:description\" content=\"Quem Somos? Funda\u00e7\u00e3o de Amparo e Desenvolvimento da Pesquisa: contribuindo para o desenvolvimento da Amaz\u00f4nia e de seus povos. A FADESP \u00e9 uma institui\u00e7\u00e3o de direito privado, sem fins lucrativos, que tem como objetivo apoiar o desenvolvimento cient\u00edfico, social e tecnol\u00f3gico da Amaz\u00f4nia. Foi criada em 1977 para dar suporte \u00e0s atividades da Universidade Federal [&hellip;]\" \/>\n<meta property=\"og:url\" content=\"https:\/\/portalfadesp.org.br\/?page_id=661\" \/>\n<meta property=\"og:site_name\" content=\"FADESP\" \/>\n<meta property=\"article:publisher\" content=\"https:\/\/www.facebook.com\/Fadesp-138351949524662\/\" \/>\n<meta property=\"article:modified_time\" content=\"2025-12-09T19:18:34+00:00\" \/>\n<meta property=\"og:image\" content=\"https:\/\/portalfadesp.org.br\/wp-content\/uploads\/2025\/06\/recepcao_FADESP.jpg\" \/>\n\t<meta property=\"og:image:width\" content=\"600\" \/>\n\t<meta property=\"og:image:height\" content=\"600\" \/>\n\t<meta property=\"og:image:type\" content=\"image\/jpeg\" \/>\n<meta name=\"twitter:card\" content=\"summary_large_image\" \/>\n<meta name=\"twitter:site\" content=\"@Fadesp\" \/>\n<meta name=\"twitter:label1\" content=\"Est. tempo de leitura\" \/>\n\t<meta name=\"twitter:data1\" content=\"4 minutos\" \/>\n<script type=\"application\/ld+json\" class=\"yoast-schema-graph\">{\"@context\":\"https:\/\/schema.org\",\"@graph\":[{\"@type\":\"WebPage\",\"@id\":\"https:\/\/portalfadesp.org.br\/?page_id=661\",\"url\":\"https:\/\/portalfadesp.org.br\/?page_id=661\",\"name\":\"Quem_Somos - FADESP\",\"isPartOf\":{\"@id\":\"https:\/\/portalfadesp.org.br\/#website\"},\"primaryImageOfPage\":{\"@id\":\"https:\/\/portalfadesp.org.br\/?page_id=661#primaryimage\"},\"image\":{\"@id\":\"https:\/\/portalfadesp.org.br\/?page_id=661#primaryimage\"},\"thumbnailUrl\":\"https:\/\/portalfadesp.org.br\/wp-content\/uploads\/2025\/06\/recepcao_FADESP.jpg\",\"datePublished\":\"2019-03-01T15:27:25+00:00\",\"dateModified\":\"2025-12-09T19:18:34+00:00\",\"breadcrumb\":{\"@id\":\"https:\/\/portalfadesp.org.br\/?page_id=661#breadcrumb\"},\"inLanguage\":\"pt-BR\",\"potentialAction\":[{\"@type\":\"ReadAction\",\"target\":[\"https:\/\/portalfadesp.org.br\/?page_id=661\"]}]},{\"@type\":\"ImageObject\",\"inLanguage\":\"pt-BR\",\"@id\":\"https:\/\/portalfadesp.org.br\/?page_id=661#primaryimage\",\"url\":\"https:\/\/portalfadesp.org.br\/wp-content\/uploads\/2025\/06\/recepcao_FADESP.jpg\",\"contentUrl\":\"https:\/\/portalfadesp.org.br\/wp-content\/uploads\/2025\/06\/recepcao_FADESP.jpg\",\"width\":600,\"height\":600},{\"@type\":\"BreadcrumbList\",\"@id\":\"https:\/\/portalfadesp.org.br\/?page_id=661#breadcrumb\",\"itemListElement\":[{\"@type\":\"ListItem\",\"position\":1,\"name\":\"In\u00edcio\",\"item\":\"https:\/\/portalfadesp.org.br\/\"},{\"@type\":\"ListItem\",\"position\":2,\"name\":\"Quem_Somos\"}]},{\"@type\":\"WebSite\",\"@id\":\"https:\/\/portalfadesp.org.br\/#website\",\"url\":\"https:\/\/portalfadesp.org.br\/\",\"name\":\"FADESP\",\"description\":\"Funda\u00e7\u00e3o de Amparo e Desenvolvimento da Pesquisa\",\"publisher\":{\"@id\":\"https:\/\/portalfadesp.org.br\/#organization\"},\"potentialAction\":[{\"@type\":\"SearchAction\",\"target\":{\"@type\":\"EntryPoint\",\"urlTemplate\":\"https:\/\/portalfadesp.org.br\/?s={search_term_string}\"},\"query-input\":{\"@type\":\"PropertyValueSpecification\",\"valueRequired\":true,\"valueName\":\"search_term_string\"}}],\"inLanguage\":\"pt-BR\"},{\"@type\":\"Organization\",\"@id\":\"https:\/\/portalfadesp.org.br\/#organization\",\"name\":\"FADESP\",\"url\":\"https:\/\/portalfadesp.org.br\/\",\"logo\":{\"@type\":\"ImageObject\",\"inLanguage\":\"pt-BR\",\"@id\":\"https:\/\/portalfadesp.org.br\/#\/schema\/logo\/image\/\",\"url\":\"https:\/\/portalfadesp.org.br\/wp-content\/uploads\/2024\/01\/NOVOLOGOFADESPlaranjaH.png\",\"contentUrl\":\"https:\/\/portalfadesp.org.br\/wp-content\/uploads\/2024\/01\/NOVOLOGOFADESPlaranjaH.png\",\"width\":2742,\"height\":839,\"caption\":\"FADESP\"},\"image\":{\"@id\":\"https:\/\/portalfadesp.org.br\/#\/schema\/logo\/image\/\"},\"sameAs\":[\"https:\/\/www.facebook.com\/Fadesp-138351949524662\/\",\"https:\/\/x.com\/Fadesp\",\"https:\/\/www.instagram.com\/fadesp_ufpa\/\",\"https:\/\/www.youtube.com\/@fundacaodeamparoedesenvolv1903\",\"https:\/\/www.threads.net\/@fadesp_ufpa\"]}]}<\/script>\n<!-- \/ Yoast SEO plugin. -->","yoast_head_json":{"title":"Quem_Somos - FADESP","robots":{"index":"index","follow":"follow","max-snippet":"max-snippet:-1","max-image-preview":"max-image-preview:large","max-video-preview":"max-video-preview:-1"},"canonical":"https:\/\/portalfadesp.org.br\/?page_id=661","og_locale":"pt_BR","og_type":"article","og_title":"Quem_Somos - FADESP","og_description":"Quem Somos? Funda\u00e7\u00e3o de Amparo e Desenvolvimento da Pesquisa: contribuindo para o desenvolvimento da Amaz\u00f4nia e de seus povos. A FADESP \u00e9 uma institui\u00e7\u00e3o de direito privado, sem fins lucrativos, que tem como objetivo apoiar o desenvolvimento cient\u00edfico, social e tecnol\u00f3gico da Amaz\u00f4nia. Foi criada em 1977 para dar suporte \u00e0s atividades da Universidade Federal [&hellip;]","og_url":"https:\/\/portalfadesp.org.br\/?page_id=661","og_site_name":"FADESP","article_publisher":"https:\/\/www.facebook.com\/Fadesp-138351949524662\/","article_modified_time":"2025-12-09T19:18:34+00:00","og_image":[{"width":600,"height":600,"url":"https:\/\/portalfadesp.org.br\/wp-content\/uploads\/2025\/06\/recepcao_FADESP.jpg","type":"image\/jpeg"}],"twitter_card":"summary_large_image","twitter_site":"@Fadesp","twitter_misc":{"Est. tempo de leitura":"4 minutos"},"schema":{"@context":"https:\/\/schema.org","@graph":[{"@type":"WebPage","@id":"https:\/\/portalfadesp.org.br\/?page_id=661","url":"https:\/\/portalfadesp.org.br\/?page_id=661","name":"Quem_Somos - FADESP","isPartOf":{"@id":"https:\/\/portalfadesp.org.br\/#website"},"primaryImageOfPage":{"@id":"https:\/\/portalfadesp.org.br\/?page_id=661#primaryimage"},"image":{"@id":"https:\/\/portalfadesp.org.br\/?page_id=661#primaryimage"},"thumbnailUrl":"https:\/\/portalfadesp.org.br\/wp-content\/uploads\/2025\/06\/recepcao_FADESP.jpg","datePublished":"2019-03-01T15:27:25+00:00","dateModified":"2025-12-09T19:18:34+00:00","breadcrumb":{"@id":"https:\/\/portalfadesp.org.br\/?page_id=661#breadcrumb"},"inLanguage":"pt-BR","potentialAction":[{"@type":"ReadAction","target":["https:\/\/portalfadesp.org.br\/?page_id=661"]}]},{"@type":"ImageObject","inLanguage":"pt-BR","@id":"https:\/\/portalfadesp.org.br\/?page_id=661#primaryimage","url":"https:\/\/portalfadesp.org.br\/wp-content\/uploads\/2025\/06\/recepcao_FADESP.jpg","contentUrl":"https:\/\/portalfadesp.org.br\/wp-content\/uploads\/2025\/06\/recepcao_FADESP.jpg","width":600,"height":600},{"@type":"BreadcrumbList","@id":"https:\/\/portalfadesp.org.br\/?page_id=661#breadcrumb","itemListElement":[{"@type":"ListItem","position":1,"name":"In\u00edcio","item":"https:\/\/portalfadesp.org.br\/"},{"@type":"ListItem","position":2,"name":"Quem_Somos"}]},{"@type":"WebSite","@id":"https:\/\/portalfadesp.org.br\/#website","url":"https:\/\/portalfadesp.org.br\/","name":"FADESP","description":"Funda\u00e7\u00e3o de Amparo e Desenvolvimento da Pesquisa","publisher":{"@id":"https:\/\/portalfadesp.org.br\/#organization"},"potentialAction":[{"@type":"SearchAction","target":{"@type":"EntryPoint","urlTemplate":"https:\/\/portalfadesp.org.br\/?s={search_term_string}"},"query-input":{"@type":"PropertyValueSpecification","valueRequired":true,"valueName":"search_term_string"}}],"inLanguage":"pt-BR"},{"@type":"Organization","@id":"https:\/\/portalfadesp.org.br\/#organization","name":"FADESP","url":"https:\/\/portalfadesp.org.br\/","logo":{"@type":"ImageObject","inLanguage":"pt-BR","@id":"https:\/\/portalfadesp.org.br\/#\/schema\/logo\/image\/","url":"https:\/\/portalfadesp.org.br\/wp-content\/uploads\/2024\/01\/NOVOLOGOFADESPlaranjaH.png","contentUrl":"https:\/\/portalfadesp.org.br\/wp-content\/uploads\/2024\/01\/NOVOLOGOFADESPlaranjaH.png","width":2742,"height":839,"caption":"FADESP"},"image":{"@id":"https:\/\/portalfadesp.org.br\/#\/schema\/logo\/image\/"},"sameAs":["https:\/\/www.facebook.com\/Fadesp-138351949524662\/","https:\/\/x.com\/Fadesp","https:\/\/www.instagram.com\/fadesp_ufpa\/","https:\/\/www.youtube.com\/@fundacaodeamparoedesenvolv1903","https:\/\/www.threads.net\/@fadesp_ufpa"]}]}},"_links":{"self":[{"href":"https:\/\/portalfadesp.org.br\/index.php?rest_route=\/wp\/v2\/pages\/661","targetHints":{"allow":["GET"]}}],"collection":[{"href":"https:\/\/portalfadesp.org.br\/index.php?rest_route=\/wp\/v2\/pages"}],"about":[{"href":"https:\/\/portalfadesp.org.br\/index.php?rest_route=\/wp\/v2\/types\/page"}],"author":[{"embeddable":true,"href":"https:\/\/portalfadesp.org.br\/index.php?rest_route=\/wp\/v2\/users\/11"}],"replies":[{"embeddable":true,"href":"https:\/\/portalfadesp.org.br\/index.php?rest_route=%2Fwp%2Fv2%2Fcomments&post=661"}],"version-history":[{"count":179,"href":"https:\/\/portalfadesp.org.br\/index.php?rest_route=\/wp\/v2\/pages\/661\/revisions"}],"predecessor-version":[{"id":52812,"href":"https:\/\/portalfadesp.org.br\/index.php?rest_route=\/wp\/v2\/pages\/661\/revisions\/52812"}],"wp:attachment":[{"href":"https:\/\/portalfadesp.org.br\/index.php?rest_route=%2Fwp%2Fv2%2Fmedia&parent=661"}],"curies":[{"name":"wp","href":"https:\/\/api.w.org\/{rel}","templated":true}]}}