{"id":6389,"date":"2020-03-05T10:18:01","date_gmt":"2020-03-05T13:18:01","guid":{"rendered":"https:\/\/162.215.13.167?page_id=6389"},"modified":"2022-12-21T15:09:29","modified_gmt":"2022-12-21T18:09:29","slug":"curso-tecnico-em-saude-bucal-teorico-e-pratico","status":"publish","type":"page","link":"https:\/\/portalfadesp.org.br\/?page_id=6389","title":{"rendered":"Curso T\u00e9cnico em Sa\u00fade Bucal &#8211; Te\u00f3rico e Pr\u00e1tico."},"content":{"rendered":"\t\t<div data-elementor-type=\"wp-post\" data-elementor-id=\"6389\" class=\"elementor elementor-6389\" data-elementor-post-type=\"page\">\n\t\t\t\t\t\t<section class=\"elementor-section elementor-top-section elementor-element elementor-element-2a40db40 elementor-section-boxed elementor-section-height-default elementor-section-height-default\" data-id=\"2a40db40\" data-element_type=\"section\">\n\t\t\t\t\t\t<div class=\"elementor-container elementor-column-gap-default\">\n\t\t\t\t\t<div class=\"elementor-column elementor-col-100 elementor-top-column elementor-element elementor-element-4e956b47\" data-id=\"4e956b47\" data-element_type=\"column\">\n\t\t\t<div class=\"elementor-widget-wrap elementor-element-populated\">\n\t\t\t\t\t\t<div class=\"elementor-element elementor-element-372de194 elementor-widget elementor-widget-heading\" data-id=\"372de194\" data-element_type=\"widget\" data-widget_type=\"heading.default\">\n\t\t\t\t<div class=\"elementor-widget-container\">\n\t\t\t\t\t<h1 class=\"elementor-heading-title elementor-size-default\">Curso T\u00e9cnico em Sa\u00fade Bucal \/ Te\u00f3rico e Pr\u00e1tico<\/h1>\t\t\t\t<\/div>\n\t\t\t\t<\/div>\n\t\t\t\t<section class=\"elementor-section elementor-inner-section elementor-element elementor-element-31e54043 elementor-section-boxed elementor-section-height-default elementor-section-height-default\" data-id=\"31e54043\" data-element_type=\"section\">\n\t\t\t\t\t\t<div class=\"elementor-container elementor-column-gap-default\">\n\t\t\t\t\t<div class=\"elementor-column elementor-col-50 elementor-inner-column elementor-element elementor-element-15f41bd\" data-id=\"15f41bd\" data-element_type=\"column\">\n\t\t\t<div class=\"elementor-widget-wrap elementor-element-populated\">\n\t\t\t\t\t\t<div class=\"elementor-element elementor-element-35279451 elementor-widget elementor-widget-text-editor\" data-id=\"35279451\" data-element_type=\"widget\" data-widget_type=\"text-editor.default\">\n\t\t\t\t<div class=\"elementor-widget-container\">\n\t\t\t\t\t\t\t\t\t<p>A Secretaria de Ci\u00eancia, Tecnologia e Educa\u00e7\u00e3o T\u00e9cnica e Tecnol\u00f3gica (SECTET) torna p\u00fablica a abertura das inscri\u00e7\u00f5es para o Curso T\u00e9cnico em Sa\u00fade Bucal, de car\u00e1ter te\u00f3rico-pr\u00e1tico, com o objetivo de proporcionar Educa\u00e7\u00e3o Profissional em Sa\u00fade Bucal.<\/p><p><strong>Vagas:<\/strong> 40<\/p><p><strong>Carga Hor\u00e1ria &#8211;<\/strong> 1.200 horas.<\/p><p><strong>Requisitos para a inscri\u00e7\u00e3o:<br \/><\/strong>&#8211; No m\u00ednimo, 18 anos.<br \/>&#8211; Ensino M\u00e9dio completo.<br \/>&#8211; Afinidade\/empatia para trabalhar na \u00e1rea da Sa\u00fade Odontol\u00f3gica.<br \/>&#8211; N\u00e3o possuir outra Certifica\u00e7\u00e3o de N\u00edvel T\u00e9cnico;<\/p><p><strong>Inscri\u00e7\u00e3o:<\/strong> de 03 a 06\/03\/2020.<\/p><p><strong>Como se inscrever:<br \/><\/strong>&#8211; Preencher a ficha de inscri\u00e7\u00e3o dispon\u00edvel na coluna ao lado e tamb\u00e9m no <a href=\"http:\/\/www.sectet.pa.gov.br\/not%C3%ADcias\/sectet-abre-inscri%C3%A7%C3%B5es-para-curso-t%C3%A9cnico-em-sa%C3%BAde-bucal\" target=\"_blank\" rel=\"noopener\"><strong>site da SECTET<\/strong><\/a>. Em seguida, encaminh\u00e1-la para o e-mail tsbufpasectet@gmail.com identificada no campo assunto como &#8220;Inscri\u00e7\u00e3o Curso TSB&#8221;.<\/p><p><strong>Envio da documenta\u00e7\u00e3o para o email: <\/strong>\u00a0at\u00e9 24\/07\/2020.<\/p><p><strong>Entrevistas por chamada de v\u00eddeo:<\/strong> 28 e 29\/07\/2020.<\/p>\t\t\t\t\t\t\t\t<\/div>\n\t\t\t\t<\/div>\n\t\t\t\t\t<\/div>\n\t\t<\/div>\n\t\t\t\t<div class=\"elementor-column elementor-col-50 elementor-inner-column elementor-element elementor-element-1a284bc5\" data-id=\"1a284bc5\" data-element_type=\"column\">\n\t\t\t<div class=\"elementor-widget-wrap elementor-element-populated\">\n\t\t\t\t\t\t<div class=\"elementor-element elementor-element-6445c0f3 elementor-widget elementor-widget-text-editor\" data-id=\"6445c0f3\" data-element_type=\"widget\" data-widget_type=\"text-editor.default\">\n\t\t\t\t<div class=\"elementor-widget-container\">\n\t\t\t\t\t\t\t\t\t<p>\u00a0<\/p><p><b>Confira o calend\u00e1rio de matr\u00edculas na \u00e1rea de editais, abaixo. Leia aqui as instru\u00e7\u00f5es.<\/b><\/p><p>&#8211; Os aprovados devem comparecer nas respectivas datas, no Servi\u00e7o Integrado de Diagn\u00f3stico Oral e Atendimento Odontol\u00f3gico para Paciente Especial &#8211; SIDOPE, localizado na faculdade de Odontologia, Campus da UFPA, <strong>no hor\u00e1rio de 08h as 14h.<br \/>&#8211; <\/strong>Deve-se obedecer o calend\u00e1rio de matr\u00edcula com o objetivo de evitar aglomera\u00e7\u00e3o.<br \/>&#8211; No momento da matr\u00edcula, o candidato deve portar apenas documento de identifica\u00e7\u00e3o original com foto.<br \/>&#8211; N\u00e3o ser\u00e1 permitida entrada sem uso de m\u00e1scara.<br \/>&#8211; A n\u00e3o efetiva\u00e7\u00e3o da matr\u00edcula implica em reconhecimento de desist\u00eancia por parte do aluno\u00a0 que ser\u00e1, automaticamente, eliminado.<br \/>&#8211; Previs\u00e3o de in\u00edcio das aulas 07\/10\/2020.<br \/>&#8211; <strong>Para mais detalhes, ligar para (91) 3201-8366.<\/strong><\/p><p>\u00a0<\/p>\t\t\t\t\t\t\t\t<\/div>\n\t\t\t\t<\/div>\n\t\t\t\t<div class=\"elementor-element elementor-element-433fb7f0 elementor-widget elementor-widget-text-editor\" data-id=\"433fb7f0\" data-element_type=\"widget\" data-widget_type=\"text-editor.default\">\n\t\t\t\t<div class=\"elementor-widget-container\">\n\t\t\t\t\t\t\t\t\t<p style=\"text-align: center;\"><span style=\"color: #ffffff;\"><strong>Editais e Avisos<\/strong><\/span><\/p>\t\t\t\t\t\t\t\t<\/div>\n\t\t\t\t<\/div>\n\t\t\t\t<div class=\"elementor-element elementor-element-61ab10cc elementor-widget elementor-widget-text-editor\" data-id=\"61ab10cc\" data-element_type=\"widget\" data-widget_type=\"text-editor.default\">\n\t\t\t\t<div class=\"elementor-widget-container\">\n\t\t\t\t\t\t\t\t\t<p><strong><a href=\"..\/wp-content\/uploads\/2020\/08\/MATRICULA-DOS-ALUNOS-PARA-O-CURSO-DE-TSB-1-TURMA.pdf\" target=\"_blank\" rel=\"noopener\">Calend\u00e1rio de matr\u00edculas<\/a><\/strong><\/p><p><strong><a href=\"..\/wp-content\/uploads\/2020\/07\/RELAC\u0327A\u0303O-ALUNOS-TSB-SEGUNDA-SELEC\u0327A\u0303O-1.pdf\" target=\"_blank\" rel=\"noopener\">Lista de selecionados<\/a><\/strong><\/p><p><strong><a href=\"..\/wp-content\/uploads\/2020\/03\/SECTET-Sa\u00fade-bucal.pdf\" target=\"_blank\" rel=\"noopener\">Edital de abertura, com termo de compromisso ao final<br \/>(CLIQUE AQUI)<\/a><\/strong><\/p>\t\t\t\t\t\t\t\t<\/div>\n\t\t\t\t<\/div>\n\t\t\t\t\t<\/div>\n\t\t<\/div>\n\t\t\t\t\t<\/div>\n\t\t<\/section>\n\t\t\t\t\t<\/div>\n\t\t<\/div>\n\t\t\t\t\t<\/div>\n\t\t<\/section>\n\t\t\t\t<\/div>\n\t\t","protected":false},"excerpt":{"rendered":"<p>Curso T\u00e9cnico em Sa\u00fade Bucal \/ Te\u00f3rico e Pr\u00e1tico A Secretaria de Ci\u00eancia, Tecnologia e Educa\u00e7\u00e3o T\u00e9cnica e Tecnol\u00f3gica (SECTET) torna p\u00fablica a abertura das inscri\u00e7\u00f5es para o Curso T\u00e9cnico em Sa\u00fade Bucal, de car\u00e1ter te\u00f3rico-pr\u00e1tico, com o objetivo de proporcionar Educa\u00e7\u00e3o Profissional em Sa\u00fade Bucal. Vagas: 40 Carga Hor\u00e1ria &#8211; 1.200 horas. Requisitos para [&hellip;]<\/p>\n","protected":false},"author":11,"featured_media":0,"parent":0,"menu_order":0,"comment_status":"closed","ping_status":"closed","template":"","meta":{"_monsterinsights_skip_tracking":false,"_monsterinsights_sitenote_active":false,"_monsterinsights_sitenote_note":"","_monsterinsights_sitenote_category":0,"footnotes":""},"class_list":["post-6389","page","type-page","status-publish","hentry","entry"],"yoast_head":"<!-- This site is optimized with the Yoast SEO plugin v25.1 - https:\/\/yoast.com\/wordpress\/plugins\/seo\/ -->\n<title>Curso T\u00e9cnico em Sa\u00fade Bucal - Te\u00f3rico e Pr\u00e1tico. - FADESP<\/title>\n<meta name=\"robots\" content=\"index, follow, max-snippet:-1, max-image-preview:large, max-video-preview:-1\" \/>\n<link rel=\"canonical\" href=\"https:\/\/portalfadesp.org.br\/?page_id=6389\" \/>\n<meta property=\"og:locale\" content=\"pt_BR\" \/>\n<meta property=\"og:type\" content=\"article\" \/>\n<meta property=\"og:title\" content=\"Curso T\u00e9cnico em Sa\u00fade Bucal - Te\u00f3rico e Pr\u00e1tico. - FADESP\" \/>\n<meta property=\"og:description\" content=\"Curso T\u00e9cnico em Sa\u00fade Bucal \/ Te\u00f3rico e Pr\u00e1tico A Secretaria de Ci\u00eancia, Tecnologia e Educa\u00e7\u00e3o T\u00e9cnica e Tecnol\u00f3gica (SECTET) torna p\u00fablica a abertura das inscri\u00e7\u00f5es para o Curso T\u00e9cnico em Sa\u00fade Bucal, de car\u00e1ter te\u00f3rico-pr\u00e1tico, com o objetivo de proporcionar Educa\u00e7\u00e3o Profissional em Sa\u00fade Bucal. Vagas: 40 Carga Hor\u00e1ria &#8211; 1.200 horas. Requisitos para [&hellip;]\" \/>\n<meta property=\"og:url\" content=\"https:\/\/portalfadesp.org.br\/?page_id=6389\" \/>\n<meta property=\"og:site_name\" content=\"FADESP\" \/>\n<meta property=\"article:publisher\" content=\"https:\/\/www.facebook.com\/Fadesp-138351949524662\/\" \/>\n<meta property=\"article:modified_time\" content=\"2022-12-21T18:09:29+00:00\" \/>\n<meta name=\"twitter:card\" content=\"summary_large_image\" \/>\n<meta name=\"twitter:site\" content=\"@Fadesp\" \/>\n<meta name=\"twitter:label1\" content=\"Est. tempo de leitura\" \/>\n\t<meta name=\"twitter:data1\" content=\"2 minutos\" \/>\n<script type=\"application\/ld+json\" class=\"yoast-schema-graph\">{\"@context\":\"https:\/\/schema.org\",\"@graph\":[{\"@type\":\"WebPage\",\"@id\":\"https:\/\/portalfadesp.org.br\/?page_id=6389\",\"url\":\"https:\/\/portalfadesp.org.br\/?page_id=6389\",\"name\":\"Curso T\u00e9cnico em Sa\u00fade Bucal - Te\u00f3rico e Pr\u00e1tico. - FADESP\",\"isPartOf\":{\"@id\":\"https:\/\/portalfadesp.org.br\/#website\"},\"datePublished\":\"2020-03-05T13:18:01+00:00\",\"dateModified\":\"2022-12-21T18:09:29+00:00\",\"breadcrumb\":{\"@id\":\"https:\/\/portalfadesp.org.br\/?page_id=6389#breadcrumb\"},\"inLanguage\":\"pt-BR\",\"potentialAction\":[{\"@type\":\"ReadAction\",\"target\":[\"https:\/\/portalfadesp.org.br\/?page_id=6389\"]}]},{\"@type\":\"BreadcrumbList\",\"@id\":\"https:\/\/portalfadesp.org.br\/?page_id=6389#breadcrumb\",\"itemListElement\":[{\"@type\":\"ListItem\",\"position\":1,\"name\":\"In\u00edcio\",\"item\":\"https:\/\/portalfadesp.org.br\/\"},{\"@type\":\"ListItem\",\"position\":2,\"name\":\"Curso T\u00e9cnico em Sa\u00fade Bucal &#8211; Te\u00f3rico e Pr\u00e1tico.\"}]},{\"@type\":\"WebSite\",\"@id\":\"https:\/\/portalfadesp.org.br\/#website\",\"url\":\"https:\/\/portalfadesp.org.br\/\",\"name\":\"FADESP\",\"description\":\"Funda\u00e7\u00e3o de Amparo e Desenvolvimento da Pesquisa\",\"publisher\":{\"@id\":\"https:\/\/portalfadesp.org.br\/#organization\"},\"potentialAction\":[{\"@type\":\"SearchAction\",\"target\":{\"@type\":\"EntryPoint\",\"urlTemplate\":\"https:\/\/portalfadesp.org.br\/?s={search_term_string}\"},\"query-input\":{\"@type\":\"PropertyValueSpecification\",\"valueRequired\":true,\"valueName\":\"search_term_string\"}}],\"inLanguage\":\"pt-BR\"},{\"@type\":\"Organization\",\"@id\":\"https:\/\/portalfadesp.org.br\/#organization\",\"name\":\"FADESP\",\"url\":\"https:\/\/portalfadesp.org.br\/\",\"logo\":{\"@type\":\"ImageObject\",\"inLanguage\":\"pt-BR\",\"@id\":\"https:\/\/portalfadesp.org.br\/#\/schema\/logo\/image\/\",\"url\":\"https:\/\/portalfadesp.org.br\/wp-content\/uploads\/2024\/01\/NOVOLOGOFADESPlaranjaH.png\",\"contentUrl\":\"https:\/\/portalfadesp.org.br\/wp-content\/uploads\/2024\/01\/NOVOLOGOFADESPlaranjaH.png\",\"width\":2742,\"height\":839,\"caption\":\"FADESP\"},\"image\":{\"@id\":\"https:\/\/portalfadesp.org.br\/#\/schema\/logo\/image\/\"},\"sameAs\":[\"https:\/\/www.facebook.com\/Fadesp-138351949524662\/\",\"https:\/\/x.com\/Fadesp\",\"https:\/\/www.instagram.com\/fadesp_ufpa\/\",\"https:\/\/www.youtube.com\/@fundacaodeamparoedesenvolv1903\",\"https:\/\/www.threads.net\/@fadesp_ufpa\"]}]}<\/script>\n<!-- \/ Yoast SEO plugin. -->","yoast_head_json":{"title":"Curso T\u00e9cnico em Sa\u00fade Bucal - Te\u00f3rico e Pr\u00e1tico. - FADESP","robots":{"index":"index","follow":"follow","max-snippet":"max-snippet:-1","max-image-preview":"max-image-preview:large","max-video-preview":"max-video-preview:-1"},"canonical":"https:\/\/portalfadesp.org.br\/?page_id=6389","og_locale":"pt_BR","og_type":"article","og_title":"Curso T\u00e9cnico em Sa\u00fade Bucal - Te\u00f3rico e Pr\u00e1tico. - FADESP","og_description":"Curso T\u00e9cnico em Sa\u00fade Bucal \/ Te\u00f3rico e Pr\u00e1tico A Secretaria de Ci\u00eancia, Tecnologia e Educa\u00e7\u00e3o T\u00e9cnica e Tecnol\u00f3gica (SECTET) torna p\u00fablica a abertura das inscri\u00e7\u00f5es para o Curso T\u00e9cnico em Sa\u00fade Bucal, de car\u00e1ter te\u00f3rico-pr\u00e1tico, com o objetivo de proporcionar Educa\u00e7\u00e3o Profissional em Sa\u00fade Bucal. Vagas: 40 Carga Hor\u00e1ria &#8211; 1.200 horas. Requisitos para [&hellip;]","og_url":"https:\/\/portalfadesp.org.br\/?page_id=6389","og_site_name":"FADESP","article_publisher":"https:\/\/www.facebook.com\/Fadesp-138351949524662\/","article_modified_time":"2022-12-21T18:09:29+00:00","twitter_card":"summary_large_image","twitter_site":"@Fadesp","twitter_misc":{"Est. tempo de leitura":"2 minutos"},"schema":{"@context":"https:\/\/schema.org","@graph":[{"@type":"WebPage","@id":"https:\/\/portalfadesp.org.br\/?page_id=6389","url":"https:\/\/portalfadesp.org.br\/?page_id=6389","name":"Curso T\u00e9cnico em Sa\u00fade Bucal - Te\u00f3rico e Pr\u00e1tico. - FADESP","isPartOf":{"@id":"https:\/\/portalfadesp.org.br\/#website"},"datePublished":"2020-03-05T13:18:01+00:00","dateModified":"2022-12-21T18:09:29+00:00","breadcrumb":{"@id":"https:\/\/portalfadesp.org.br\/?page_id=6389#breadcrumb"},"inLanguage":"pt-BR","potentialAction":[{"@type":"ReadAction","target":["https:\/\/portalfadesp.org.br\/?page_id=6389"]}]},{"@type":"BreadcrumbList","@id":"https:\/\/portalfadesp.org.br\/?page_id=6389#breadcrumb","itemListElement":[{"@type":"ListItem","position":1,"name":"In\u00edcio","item":"https:\/\/portalfadesp.org.br\/"},{"@type":"ListItem","position":2,"name":"Curso T\u00e9cnico em Sa\u00fade Bucal &#8211; Te\u00f3rico e Pr\u00e1tico."}]},{"@type":"WebSite","@id":"https:\/\/portalfadesp.org.br\/#website","url":"https:\/\/portalfadesp.org.br\/","name":"FADESP","description":"Funda\u00e7\u00e3o de Amparo e Desenvolvimento da Pesquisa","publisher":{"@id":"https:\/\/portalfadesp.org.br\/#organization"},"potentialAction":[{"@type":"SearchAction","target":{"@type":"EntryPoint","urlTemplate":"https:\/\/portalfadesp.org.br\/?s={search_term_string}"},"query-input":{"@type":"PropertyValueSpecification","valueRequired":true,"valueName":"search_term_string"}}],"inLanguage":"pt-BR"},{"@type":"Organization","@id":"https:\/\/portalfadesp.org.br\/#organization","name":"FADESP","url":"https:\/\/portalfadesp.org.br\/","logo":{"@type":"ImageObject","inLanguage":"pt-BR","@id":"https:\/\/portalfadesp.org.br\/#\/schema\/logo\/image\/","url":"https:\/\/portalfadesp.org.br\/wp-content\/uploads\/2024\/01\/NOVOLOGOFADESPlaranjaH.png","contentUrl":"https:\/\/portalfadesp.org.br\/wp-content\/uploads\/2024\/01\/NOVOLOGOFADESPlaranjaH.png","width":2742,"height":839,"caption":"FADESP"},"image":{"@id":"https:\/\/portalfadesp.org.br\/#\/schema\/logo\/image\/"},"sameAs":["https:\/\/www.facebook.com\/Fadesp-138351949524662\/","https:\/\/x.com\/Fadesp","https:\/\/www.instagram.com\/fadesp_ufpa\/","https:\/\/www.youtube.com\/@fundacaodeamparoedesenvolv1903","https:\/\/www.threads.net\/@fadesp_ufpa"]}]}},"_links":{"self":[{"href":"https:\/\/portalfadesp.org.br\/index.php?rest_route=\/wp\/v2\/pages\/6389","targetHints":{"allow":["GET"]}}],"collection":[{"href":"https:\/\/portalfadesp.org.br\/index.php?rest_route=\/wp\/v2\/pages"}],"about":[{"href":"https:\/\/portalfadesp.org.br\/index.php?rest_route=\/wp\/v2\/types\/page"}],"author":[{"embeddable":true,"href":"https:\/\/portalfadesp.org.br\/index.php?rest_route=\/wp\/v2\/users\/11"}],"replies":[{"embeddable":true,"href":"https:\/\/portalfadesp.org.br\/index.php?rest_route=%2Fwp%2Fv2%2Fcomments&post=6389"}],"version-history":[{"count":51,"href":"https:\/\/portalfadesp.org.br\/index.php?rest_route=\/wp\/v2\/pages\/6389\/revisions"}],"predecessor-version":[{"id":38808,"href":"https:\/\/portalfadesp.org.br\/index.php?rest_route=\/wp\/v2\/pages\/6389\/revisions\/38808"}],"wp:attachment":[{"href":"https:\/\/portalfadesp.org.br\/index.php?rest_route=%2Fwp%2Fv2%2Fmedia&parent=6389"}],"curies":[{"name":"wp","href":"https:\/\/api.w.org\/{rel}","templated":true}]}}