{"id":5342,"date":"2019-12-13T01:41:57","date_gmt":"2019-12-13T04:41:57","guid":{"rendered":"https:\/\/162.215.13.167?page_id=5342"},"modified":"2022-12-20T11:13:05","modified_gmt":"2022-12-20T14:13:05","slug":"prefeitura-municipal-de-breu-branco-pss-2019","status":"publish","type":"page","link":"https:\/\/portalfadesp.org.br\/?page_id=5342","title":{"rendered":"Prefeitura Municipal de Breu Branco &#8211; PSS 2019"},"content":{"rendered":"\t\t<div data-elementor-type=\"wp-post\" data-elementor-id=\"5342\" class=\"elementor elementor-5342\" data-elementor-post-type=\"page\">\n\t\t\t\t\t\t<section class=\"elementor-section elementor-top-section elementor-element elementor-element-6a3536f elementor-section-boxed elementor-section-height-default elementor-section-height-default\" data-id=\"6a3536f\" data-element_type=\"section\">\n\t\t\t\t\t\t<div class=\"elementor-container elementor-column-gap-default\">\n\t\t\t\t\t<div class=\"elementor-column elementor-col-100 elementor-top-column elementor-element elementor-element-5e107171\" data-id=\"5e107171\" data-element_type=\"column\">\n\t\t\t<div class=\"elementor-widget-wrap elementor-element-populated\">\n\t\t\t\t\t\t<div class=\"elementor-element elementor-element-6122afba elementor-widget elementor-widget-heading\" data-id=\"6122afba\" data-element_type=\"widget\" data-widget_type=\"heading.default\">\n\t\t\t\t<div class=\"elementor-widget-container\">\n\t\t\t\t\t<h1 class=\"elementor-heading-title elementor-size-default\">Prefeitura Municipal de Breu Branco (PSS) - 2019<\/h1>\t\t\t\t<\/div>\n\t\t\t\t<\/div>\n\t\t\t\t<section class=\"elementor-section elementor-inner-section elementor-element elementor-element-2b3d37c9 elementor-section-boxed elementor-section-height-default elementor-section-height-default\" data-id=\"2b3d37c9\" data-element_type=\"section\">\n\t\t\t\t\t\t<div class=\"elementor-container elementor-column-gap-default\">\n\t\t\t\t\t<div class=\"elementor-column elementor-col-50 elementor-inner-column elementor-element elementor-element-343e9397\" data-id=\"343e9397\" data-element_type=\"column\">\n\t\t\t<div class=\"elementor-widget-wrap elementor-element-populated\">\n\t\t\t\t\t\t<div class=\"elementor-element elementor-element-436bd9c2 elementor-widget elementor-widget-text-editor\" data-id=\"436bd9c2\" data-element_type=\"widget\" data-widget_type=\"text-editor.default\">\n\t\t\t\t<div class=\"elementor-widget-container\">\n\t\t\t\t\t\t\t\t\t<p>A Prefeitura Municipal de Breu Branco torna p\u00fablica a realiza\u00e7\u00e3o de Processo Seletivo Simplificado para a contrata\u00e7\u00e3o de profissionais por tempo determinado.<\/p><p><strong>Vagas &#8211; <\/strong>579<\/p><p><strong>Cargos &#8211; <\/strong>Auxiliar de Sa\u00fade Bucal, Auxiliar de Servi\u00e7os Gerais, Motorista de Ve\u00edculo Pesado, Seguran\u00e7a Patrimonial, T\u00e9cnico em Enfermagem, T\u00e9cnico em Radiologia M\u00e9dica, Assistente Social, Enfermeiro e Professor.<\/p><p><strong>Remunera\u00e7\u00e3o &#8211;\u00a0<\/strong>R$ 998,00 a R$ 2,968,07.<\/p><p><strong>Inscri\u00e7\u00f5es &#8211; <\/strong>at\u00e9 02\/01\/2020.<\/p><p><strong>Taxa &#8211;\u00a0<\/strong>R$ 30,00.<\/p><p>&#8230;&#8230;&#8230;&#8230;&#8230;&#8230;&#8230;&#8230;&#8230;&#8230;&#8230;&#8230;&#8230;&#8230;&#8230;&#8230;&#8230;&#8230;&#8230;&#8230;&#8230;&#8230;&#8230;&#8230;&#8230;&#8230;&#8230;&#8230;&#8230;&#8230;&#8230;&#8230;&#8230;..<\/p><p><strong>Datas importantes<\/strong>:<\/p><p><strong>Per\u00edodo de Inscri\u00e7\u00e3o<\/strong> &#8211; at\u00e9 02\/01\/2020<\/p><p><strong>Pedido de isen\u00e7\u00e3o por PcD<\/strong> &#8211;\u00a0 17 e 18\/12\/2019.<\/p><p><strong>Pagamento da taxa de inscri\u00e7\u00e3o<\/strong> &#8211; at\u00e9 03\/01\/2020.<\/p><p><strong>Postagem Documental Comprobat\u00f3ria de Curr\u00edculo<\/strong> &#8211; 03\/01\/2020<\/p><p><strong>Divulga\u00e7\u00e3o dos inscritos, por cargo <\/strong>&#8211; 07\/01\/2020.<\/p><p><strong>Divulga\u00e7\u00e3o do resultado preliminar<\/strong> &#8211; 27\/01\/2020<\/p>\t\t\t\t\t\t\t\t<\/div>\n\t\t\t\t<\/div>\n\t\t\t\t\t<\/div>\n\t\t<\/div>\n\t\t\t\t<div class=\"elementor-column elementor-col-50 elementor-inner-column elementor-element elementor-element-6ffad77f\" data-id=\"6ffad77f\" data-element_type=\"column\">\n\t\t\t<div class=\"elementor-widget-wrap elementor-element-populated\">\n\t\t\t\t\t\t<div class=\"elementor-element elementor-element-76995c6f elementor-widget elementor-widget-text-editor\" data-id=\"76995c6f\" data-element_type=\"widget\" data-widget_type=\"text-editor.default\">\n\t\t\t\t<div class=\"elementor-widget-container\">\n\t\t\t\t\t\t\t\t\t<p><strong>Avisos<\/strong><\/p>\t\t\t\t\t\t\t\t<\/div>\n\t\t\t\t<\/div>\n\t\t\t\t<div class=\"elementor-element elementor-element-2df66e8 elementor-widget elementor-widget-text-editor\" data-id=\"2df66e8\" data-element_type=\"widget\" data-widget_type=\"text-editor.default\">\n\t\t\t\t<div class=\"elementor-widget-container\">\n\t\t\t\t\t\t\t\t\t<p style=\"text-align: center;\"><a href=\"http:\/\/concursos.fadesp.org.br\/breu2019\/web\/index_recurso.php\"><span style=\"text-decoration: underline;\"><strong>Resposta dos Recursos<\/strong><\/span><\/a><\/p>\t\t\t\t\t\t\t\t<\/div>\n\t\t\t\t<\/div>\n\t\t\t\t<div class=\"elementor-element elementor-element-6e736e79 elementor-widget elementor-widget-text-editor\" data-id=\"6e736e79\" data-element_type=\"widget\" data-widget_type=\"text-editor.default\">\n\t\t\t\t<div class=\"elementor-widget-container\">\n\t\t\t\t\t\t\t\t\t<p style=\"text-align: center;\"><span style=\"color: #ffffff;\"><strong>Editais<\/strong><\/span><\/p>\t\t\t\t\t\t\t\t<\/div>\n\t\t\t\t<\/div>\n\t\t\t\t<div class=\"elementor-element elementor-element-362da917 elementor-widget elementor-widget-text-editor\" data-id=\"362da917\" data-element_type=\"widget\" data-widget_type=\"text-editor.default\">\n\t\t\t\t<div class=\"elementor-widget-container\">\n\t\t\t\t\t\t\t\t\t<p style=\"text-align: center;\"><a href=\"http:\/\/concursos.fadesp.org.br\/breu2019\/arquivos\/DOE%20-%20Homologa%C3%A7%C3%A3o%20de%20Breu%20Branco%20-%2020022020.pdf\">DOE &#8211; Homologa\u00e7\u00e3o de Breu Branco &#8211; 20\/02\/2020<\/a><\/p>\n<p style=\"text-align: center;\"><a href=\"http:\/\/concursos.fadesp.org.br\/breu2019\/arquivos\/Resultados\/Resultado%20Final%20PSS%20de%20Breu%20Branco%20N%C3%ADvel%20M%C3%A9dio%20Professor%2011_02_2020.pdf\">Resultado Final PSS de Breu Branco N\u00edvel M\u00e9dio Professor 11_02_2020<\/a><\/p>\n<p style=\"text-align: center;\"><a href=\"http:\/\/concursos.fadesp.org.br\/breu2019\/arquivos\/Resultados\/Resultado%20Final%20PSS%20de%20Breu%20Branco%20N%C3%ADvel%20Fundamental.pdf\">Resultado Final PSS de Breu Branco N\u00edvel Fundamental<\/a><\/p>\n<p style=\"text-align: center;\"><a href=\"http:\/\/concursos.fadesp.org.br\/breu2019\/arquivos\/Resultados\/Resultado%20Final%20PSS%20de%20Breu%20Branco%20N%C3%ADvel%20M%C3%A9dio%20Exceto%20Professores.pdf\">Resultado Final PSS de Breu Branco N\u00edvel M\u00e9dio Exceto Professores<\/a><\/p>\n<p style=\"text-align: center;\"><a href=\"http:\/\/concursos.fadesp.org.br\/breu2019\/arquivos\/Resultados\/Resultado%20Final%20PSS%20de%20Breu%20Branco%20N%C3%ADvel%20Superior%20Exceto%20Professor.pdf\">Resultado Final PSS de Breu Branco N\u00edvel Superior Exceto Professor<\/a><\/p>\n<p style=\"text-align: center;\"><a href=\"http:\/\/concursos.fadesp.org.br\/breu2019\/arquivos\/AVISOS\/A%20V%20I%20S%20O%20III.pdf\">AVISO III<\/a><\/p>\n<p style=\"text-align: center;\"><a href=\"http:\/\/concursos.fadesp.org.br\/breu2019\/arquivos\/Resultados\/Resultado%20Final%20PSS%20de%20Breu%20Branco%20N%C3%ADvel%20Superior%20Professor.pdf\">Resultado Final PSS de Breu Branco N\u00edvel Superior Professor<\/a><\/p>\n<p style=\"text-align: center;\"><a href=\"http:\/\/concursos.fadesp.org.br\/breu2019\/arquivos\/A%20V%20I%20S%20O%20II.pdf\">A V I S O II<\/a><\/p>\n<p style=\"text-align: center;\"><a href=\"http:\/\/concursos.fadesp.org.br\/breu2019\/arquivos\/A%20V%20I%20S%20O.pdf\">A V I S O<\/a><\/p>\n<p style=\"text-align: center;\"><a href=\"http:\/\/concursos.fadesp.org.br\/breu2019\/arquivos\/Resultado%20Preliminar%20PSS%20de%20Breu%20Branco%20Professores%20N%C3%ADvel%20Superior.pdf\">RESULTADO PRELIMINAR PSS BREU BRANCO PROFESSORES N\u00cdVEL SUPERIOR<\/a><\/p>\n<p style=\"text-align: center;\"><a href=\"http:\/\/concursos.fadesp.org.br\/breu2019\/arquivos\/Resultado Preliminar PSS de Breu Branco Professores N\u00edvel M\u00e9dio.pdf\">RESULTADO PRELIMINAR PSS BREU BRANCO PROFESSORES N\u00cdVEL M\u00c9DIO<\/a><\/p>\n<p style=\"text-align: center;\"><a href=\"http:\/\/concursos.fadesp.org.br\/breu2019\/arquivos\/Resultado%20Preliminar%20PSS%20de%20Breu%20Branco%20N%C3%ADvel%20Superior%20Exceto%20Professores.PDF\">RESULTADO PRELIMINAR PSS BREU BRANCO N\u00cdVEL SUPERIOR EXCETO PROFESSORES<\/a><\/p>\n<p style=\"text-align: center;\"><a href=\"http:\/\/concursos.fadesp.org.br\/breu2019\/arquivos\/Resultado%20Preliminar%20PSS%20de%20Breu%20Branco%20N%C3%ADvel%20M%C3%A9dio%20Exceto%20Professores.pdf\">RESULTADO PRELIMINAR PSS BREU BRANCO N\u00cdVEL M\u00c9DIO EXCETO PROFESSORES<\/a><\/p>\n<p style=\"text-align: center;\"><a href=\"http:\/\/concursos.fadesp.org.br\/breu2019\/arquivos\/Resultado%20Preliminar%20PSS%20de%20Breu%20Branco%20N%C3%ADvel%20Fundamental.pdf\">RESULTADO PRELIMINAR PSS BREU BRANCO\u00a0 N\u00cdVEL FUNDAMENTAL<\/a><\/p>\n<p style=\"text-align: center;\"><a href=\"http:\/\/concursos.fadesp.org.br\/breu2019\/arquivos\/Justificativa%20de%20republica%C3%A7%C3%A3o%20de%20Demanda.pdf\">PROCESSO SELETIVO ESPECIAL DE BREU BANCO TERMO DE JUSTIFICATIVA<\/a><\/p>\n<p style=\"text-align: center;\"><a href=\"http:\/\/concursos.fadesp.org.br\/breu2019\/arquivos\/DEMANDA%20AOS%20CARGOS%20DO%20PSS%20BREU%20BRANCO%20EDITAL%2001.pdf\">DEMANDA AOS CARGOS DO PSS BREU BRANCO EDITAL 01\/2019<\/a><\/p>\n<p style=\"text-align: center;\"><a href=\"http:\/\/concursos.fadesp.org.br\/breu2019\/arquivos\/RELA%C3%87%C3%83O%20DE%20CANDIDATOS%20INSCRITOS%20DO%20PSS%20BREU%20BRANCO%20EDITAL%2001.pdf\">RELA\u00c7\u00c3O DOS CANDIDATOS INSCRITOS POR CARGO EM ORDEM ALFAB\u00c9TICA<\/a><\/p>\n<p style=\"text-align: center;\"><a href=\"http:\/\/concursos.fadesp.org.br\/breu2019\/arquivos\/Resultados\/RESULTADO%20FINAL%20DO%20PEDIDO%20DE%20ISEN%C3%87%C3%83O%20DE%20PAGAMENTO%20DE%20TAXA%20DE%20INSCRI%C3%87%C3%83O%20NO%20PSS%202019%20POR%20PcD.pdf\">RESULTADO FINAL DO PEDIDO DE ISEN\u00c7\u00c3O DE PAGAMENTO DE TAXA DE INSCRI\u00c7\u00c3O NO PSS 2019 POR PcD<\/a><\/p>\n<p style=\"text-align: center;\"><a href=\"http:\/\/concursos.fadesp.org.br\/breu2019\/arquivos\/Altera%C3%A7%C3%B5es%20no%20Cronograma%20de%20Breu%20Branco.pdf\">RETIFICA\u00c7\u00c3O DO CRONOGRAMA<\/a><\/p>\n<p style=\"text-align: center;\"><a href=\"http:\/\/concursos.fadesp.org.br\/breu2019\/arquivos\/Resultados\/RESULTADO%20PRELIMINAR%20DO%20PEDIDO%20DE%20ISEN%C3%87%C3%83O%20DE%20PAGAMENTO%20DE%20TAXA%20DE%20INSCRI%C3%87%C3%83O%20NO%20PSS%202019%20POR%20PcD.pdf\">RESULTADO PRELIMINAR DO PEDIDO DE ISEN\u00c7\u00c3O DE PAGAMENTO DE TAXA DE INSCRI\u00c7\u00c3O NO PSS 2019 POR PcD<\/a><\/p>\n<p style=\"text-align: center;\"><a href=\"http:\/\/concursos.fadesp.org.br\/breu2019\/arquivos\/EDITAL%20N%C2%B0%20002_2019_PMBB%20Retificado.pdf\">EDITAL N\u00b0 002_2019_PMBB Retificado.<\/a><\/p>\n<p style=\"text-align: center;\"><a href=\"..\/wp-content\/uploads\/2019\/12\/EDITAL-N-001_2019_PMBB-Edital-de-Abertura.pdf\" target=\"_blank\" rel=\"noopener\">Edital n\u00ba 01 &#8211; Abertura<\/a><\/p>\t\t\t\t\t\t\t\t<\/div>\n\t\t\t\t<\/div>\n\t\t\t\t<div class=\"elementor-element elementor-element-d277a5b elementor-widget elementor-widget-text-editor\" data-id=\"d277a5b\" data-element_type=\"widget\" data-widget_type=\"text-editor.default\">\n\t\t\t\t<div class=\"elementor-widget-container\">\n\t\t\t\t\t\t\t\t\t<p><strong>Informa\u00e7\u00f5es no setor de Concursos,\u00a0<\/strong><strong>das 8h \u00e0s 17h.\u00a0<br \/><\/strong><strong>Fone: (91) 4005-7440 \/ 7441 \/ 7442 <br \/>email: concursos@fadesp.org.br<\/strong><\/p>\t\t\t\t\t\t\t\t<\/div>\n\t\t\t\t<\/div>\n\t\t\t\t\t<\/div>\n\t\t<\/div>\n\t\t\t\t\t<\/div>\n\t\t<\/section>\n\t\t\t\t\t<\/div>\n\t\t<\/div>\n\t\t\t\t\t<\/div>\n\t\t<\/section>\n\t\t\t\t<\/div>\n\t\t","protected":false},"excerpt":{"rendered":"<p>Prefeitura Municipal de Breu Branco (PSS) &#8211; 2019 A Prefeitura Municipal de Breu Branco torna p\u00fablica a realiza\u00e7\u00e3o de Processo Seletivo Simplificado para a contrata\u00e7\u00e3o de profissionais por tempo determinado. Vagas &#8211; 579 Cargos &#8211; Auxiliar de Sa\u00fade Bucal, Auxiliar de Servi\u00e7os Gerais, Motorista de Ve\u00edculo Pesado, Seguran\u00e7a Patrimonial, T\u00e9cnico em Enfermagem, T\u00e9cnico em Radiologia [&hellip;]<\/p>\n","protected":false},"author":11,"featured_media":0,"parent":329,"menu_order":55,"comment_status":"closed","ping_status":"closed","template":"","meta":{"_monsterinsights_skip_tracking":false,"_monsterinsights_sitenote_active":false,"_monsterinsights_sitenote_note":"","_monsterinsights_sitenote_category":0,"footnotes":""},"class_list":["post-5342","page","type-page","status-publish","hentry","entry"],"yoast_head":"<!-- This site is optimized with the Yoast SEO plugin v25.1 - https:\/\/yoast.com\/wordpress\/plugins\/seo\/ -->\n<title>Prefeitura Municipal de Breu Branco - PSS 2019 - FADESP<\/title>\n<meta name=\"robots\" content=\"index, follow, max-snippet:-1, max-image-preview:large, max-video-preview:-1\" \/>\n<link rel=\"canonical\" href=\"https:\/\/portalfadesp.org.br\/?page_id=5342\" \/>\n<meta property=\"og:locale\" content=\"pt_BR\" \/>\n<meta property=\"og:type\" content=\"article\" \/>\n<meta property=\"og:title\" content=\"Prefeitura Municipal de Breu Branco - PSS 2019 - FADESP\" \/>\n<meta property=\"og:description\" content=\"Prefeitura Municipal de Breu Branco (PSS) &#8211; 2019 A Prefeitura Municipal de Breu Branco torna p\u00fablica a realiza\u00e7\u00e3o de Processo Seletivo Simplificado para a contrata\u00e7\u00e3o de profissionais por tempo determinado. Vagas &#8211; 579 Cargos &#8211; Auxiliar de Sa\u00fade Bucal, Auxiliar de Servi\u00e7os Gerais, Motorista de Ve\u00edculo Pesado, Seguran\u00e7a Patrimonial, T\u00e9cnico em Enfermagem, T\u00e9cnico em Radiologia [&hellip;]\" \/>\n<meta property=\"og:url\" content=\"https:\/\/portalfadesp.org.br\/?page_id=5342\" \/>\n<meta property=\"og:site_name\" content=\"FADESP\" \/>\n<meta property=\"article:publisher\" content=\"https:\/\/www.facebook.com\/Fadesp-138351949524662\/\" \/>\n<meta property=\"article:modified_time\" content=\"2022-12-20T14:13:05+00:00\" \/>\n<meta name=\"twitter:card\" content=\"summary_large_image\" \/>\n<meta name=\"twitter:site\" content=\"@Fadesp\" \/>\n<meta name=\"twitter:label1\" content=\"Est. tempo de leitura\" \/>\n\t<meta name=\"twitter:data1\" content=\"2 minutos\" \/>\n<script type=\"application\/ld+json\" class=\"yoast-schema-graph\">{\"@context\":\"https:\/\/schema.org\",\"@graph\":[{\"@type\":\"WebPage\",\"@id\":\"https:\/\/portalfadesp.org.br\/?page_id=5342\",\"url\":\"https:\/\/portalfadesp.org.br\/?page_id=5342\",\"name\":\"Prefeitura Municipal de Breu Branco - PSS 2019 - FADESP\",\"isPartOf\":{\"@id\":\"https:\/\/portalfadesp.org.br\/#website\"},\"datePublished\":\"2019-12-13T04:41:57+00:00\",\"dateModified\":\"2022-12-20T14:13:05+00:00\",\"breadcrumb\":{\"@id\":\"https:\/\/portalfadesp.org.br\/?page_id=5342#breadcrumb\"},\"inLanguage\":\"pt-BR\",\"potentialAction\":[{\"@type\":\"ReadAction\",\"target\":[\"https:\/\/portalfadesp.org.br\/?page_id=5342\"]}]},{\"@type\":\"BreadcrumbList\",\"@id\":\"https:\/\/portalfadesp.org.br\/?page_id=5342#breadcrumb\",\"itemListElement\":[{\"@type\":\"ListItem\",\"position\":1,\"name\":\"In\u00edcio\",\"item\":\"https:\/\/portalfadesp.org.br\/\"},{\"@type\":\"ListItem\",\"position\":2,\"name\":\"Concursos &#8211; Homologados\",\"item\":\"https:\/\/portalfadesp.org.br\/?page_id=329\"},{\"@type\":\"ListItem\",\"position\":3,\"name\":\"Prefeitura Municipal de Breu Branco &#8211; PSS 2019\"}]},{\"@type\":\"WebSite\",\"@id\":\"https:\/\/portalfadesp.org.br\/#website\",\"url\":\"https:\/\/portalfadesp.org.br\/\",\"name\":\"FADESP\",\"description\":\"Funda\u00e7\u00e3o de Amparo e Desenvolvimento da Pesquisa\",\"publisher\":{\"@id\":\"https:\/\/portalfadesp.org.br\/#organization\"},\"potentialAction\":[{\"@type\":\"SearchAction\",\"target\":{\"@type\":\"EntryPoint\",\"urlTemplate\":\"https:\/\/portalfadesp.org.br\/?s={search_term_string}\"},\"query-input\":{\"@type\":\"PropertyValueSpecification\",\"valueRequired\":true,\"valueName\":\"search_term_string\"}}],\"inLanguage\":\"pt-BR\"},{\"@type\":\"Organization\",\"@id\":\"https:\/\/portalfadesp.org.br\/#organization\",\"name\":\"FADESP\",\"url\":\"https:\/\/portalfadesp.org.br\/\",\"logo\":{\"@type\":\"ImageObject\",\"inLanguage\":\"pt-BR\",\"@id\":\"https:\/\/portalfadesp.org.br\/#\/schema\/logo\/image\/\",\"url\":\"https:\/\/portalfadesp.org.br\/wp-content\/uploads\/2024\/01\/NOVOLOGOFADESPlaranjaH.png\",\"contentUrl\":\"https:\/\/portalfadesp.org.br\/wp-content\/uploads\/2024\/01\/NOVOLOGOFADESPlaranjaH.png\",\"width\":2742,\"height\":839,\"caption\":\"FADESP\"},\"image\":{\"@id\":\"https:\/\/portalfadesp.org.br\/#\/schema\/logo\/image\/\"},\"sameAs\":[\"https:\/\/www.facebook.com\/Fadesp-138351949524662\/\",\"https:\/\/x.com\/Fadesp\",\"https:\/\/www.instagram.com\/fadesp_ufpa\/\",\"https:\/\/www.youtube.com\/@fundacaodeamparoedesenvolv1903\",\"https:\/\/www.threads.net\/@fadesp_ufpa\"]}]}<\/script>\n<!-- \/ Yoast SEO plugin. -->","yoast_head_json":{"title":"Prefeitura Municipal de Breu Branco - PSS 2019 - FADESP","robots":{"index":"index","follow":"follow","max-snippet":"max-snippet:-1","max-image-preview":"max-image-preview:large","max-video-preview":"max-video-preview:-1"},"canonical":"https:\/\/portalfadesp.org.br\/?page_id=5342","og_locale":"pt_BR","og_type":"article","og_title":"Prefeitura Municipal de Breu Branco - PSS 2019 - FADESP","og_description":"Prefeitura Municipal de Breu Branco (PSS) &#8211; 2019 A Prefeitura Municipal de Breu Branco torna p\u00fablica a realiza\u00e7\u00e3o de Processo Seletivo Simplificado para a contrata\u00e7\u00e3o de profissionais por tempo determinado. Vagas &#8211; 579 Cargos &#8211; Auxiliar de Sa\u00fade Bucal, Auxiliar de Servi\u00e7os Gerais, Motorista de Ve\u00edculo Pesado, Seguran\u00e7a Patrimonial, T\u00e9cnico em Enfermagem, T\u00e9cnico em Radiologia [&hellip;]","og_url":"https:\/\/portalfadesp.org.br\/?page_id=5342","og_site_name":"FADESP","article_publisher":"https:\/\/www.facebook.com\/Fadesp-138351949524662\/","article_modified_time":"2022-12-20T14:13:05+00:00","twitter_card":"summary_large_image","twitter_site":"@Fadesp","twitter_misc":{"Est. tempo de leitura":"2 minutos"},"schema":{"@context":"https:\/\/schema.org","@graph":[{"@type":"WebPage","@id":"https:\/\/portalfadesp.org.br\/?page_id=5342","url":"https:\/\/portalfadesp.org.br\/?page_id=5342","name":"Prefeitura Municipal de Breu Branco - PSS 2019 - FADESP","isPartOf":{"@id":"https:\/\/portalfadesp.org.br\/#website"},"datePublished":"2019-12-13T04:41:57+00:00","dateModified":"2022-12-20T14:13:05+00:00","breadcrumb":{"@id":"https:\/\/portalfadesp.org.br\/?page_id=5342#breadcrumb"},"inLanguage":"pt-BR","potentialAction":[{"@type":"ReadAction","target":["https:\/\/portalfadesp.org.br\/?page_id=5342"]}]},{"@type":"BreadcrumbList","@id":"https:\/\/portalfadesp.org.br\/?page_id=5342#breadcrumb","itemListElement":[{"@type":"ListItem","position":1,"name":"In\u00edcio","item":"https:\/\/portalfadesp.org.br\/"},{"@type":"ListItem","position":2,"name":"Concursos &#8211; Homologados","item":"https:\/\/portalfadesp.org.br\/?page_id=329"},{"@type":"ListItem","position":3,"name":"Prefeitura Municipal de Breu Branco &#8211; PSS 2019"}]},{"@type":"WebSite","@id":"https:\/\/portalfadesp.org.br\/#website","url":"https:\/\/portalfadesp.org.br\/","name":"FADESP","description":"Funda\u00e7\u00e3o de Amparo e Desenvolvimento da Pesquisa","publisher":{"@id":"https:\/\/portalfadesp.org.br\/#organization"},"potentialAction":[{"@type":"SearchAction","target":{"@type":"EntryPoint","urlTemplate":"https:\/\/portalfadesp.org.br\/?s={search_term_string}"},"query-input":{"@type":"PropertyValueSpecification","valueRequired":true,"valueName":"search_term_string"}}],"inLanguage":"pt-BR"},{"@type":"Organization","@id":"https:\/\/portalfadesp.org.br\/#organization","name":"FADESP","url":"https:\/\/portalfadesp.org.br\/","logo":{"@type":"ImageObject","inLanguage":"pt-BR","@id":"https:\/\/portalfadesp.org.br\/#\/schema\/logo\/image\/","url":"https:\/\/portalfadesp.org.br\/wp-content\/uploads\/2024\/01\/NOVOLOGOFADESPlaranjaH.png","contentUrl":"https:\/\/portalfadesp.org.br\/wp-content\/uploads\/2024\/01\/NOVOLOGOFADESPlaranjaH.png","width":2742,"height":839,"caption":"FADESP"},"image":{"@id":"https:\/\/portalfadesp.org.br\/#\/schema\/logo\/image\/"},"sameAs":["https:\/\/www.facebook.com\/Fadesp-138351949524662\/","https:\/\/x.com\/Fadesp","https:\/\/www.instagram.com\/fadesp_ufpa\/","https:\/\/www.youtube.com\/@fundacaodeamparoedesenvolv1903","https:\/\/www.threads.net\/@fadesp_ufpa"]}]}},"_links":{"self":[{"href":"https:\/\/portalfadesp.org.br\/index.php?rest_route=\/wp\/v2\/pages\/5342","targetHints":{"allow":["GET"]}}],"collection":[{"href":"https:\/\/portalfadesp.org.br\/index.php?rest_route=\/wp\/v2\/pages"}],"about":[{"href":"https:\/\/portalfadesp.org.br\/index.php?rest_route=\/wp\/v2\/types\/page"}],"author":[{"embeddable":true,"href":"https:\/\/portalfadesp.org.br\/index.php?rest_route=\/wp\/v2\/users\/11"}],"replies":[{"embeddable":true,"href":"https:\/\/portalfadesp.org.br\/index.php?rest_route=%2Fwp%2Fv2%2Fcomments&post=5342"}],"version-history":[{"count":90,"href":"https:\/\/portalfadesp.org.br\/index.php?rest_route=\/wp\/v2\/pages\/5342\/revisions"}],"predecessor-version":[{"id":36339,"href":"https:\/\/portalfadesp.org.br\/index.php?rest_route=\/wp\/v2\/pages\/5342\/revisions\/36339"}],"up":[{"embeddable":true,"href":"https:\/\/portalfadesp.org.br\/index.php?rest_route=\/wp\/v2\/pages\/329"}],"wp:attachment":[{"href":"https:\/\/portalfadesp.org.br\/index.php?rest_route=%2Fwp%2Fv2%2Fmedia&parent=5342"}],"curies":[{"name":"wp","href":"https:\/\/api.w.org\/{rel}","templated":true}]}}