{"id":52900,"date":"2025-12-12T08:43:09","date_gmt":"2025-12-12T11:43:09","guid":{"rendered":"https:\/\/portalfadesp.org.br\/?page_id=52900"},"modified":"2026-02-13T22:57:49","modified_gmt":"2026-02-14T01:57:49","slug":"pagina_concurso_modelo-3-4","status":"publish","type":"page","link":"https:\/\/portalfadesp.org.br\/?page_id=52900","title":{"rendered":"PROCESSO SELETIVO SIMPLIFICADO DA PREFEITURA MUNICIPAL DE PRAINHA (EDITAL N\u00ba 003\/2025 \u2013PMP)"},"content":{"rendered":"\t\t<div data-elementor-type=\"wp-post\" data-elementor-id=\"52900\" class=\"elementor elementor-52900\" data-elementor-post-type=\"page\">\n\t\t\t\t\t\t<section class=\"elementor-section elementor-top-section elementor-element elementor-element-1f2996d1 elementor-section-boxed elementor-section-height-default elementor-section-height-default\" data-id=\"1f2996d1\" data-element_type=\"section\">\n\t\t\t\t\t\t<div class=\"elementor-container elementor-column-gap-default\">\n\t\t\t\t\t<div class=\"elementor-column elementor-col-100 elementor-top-column elementor-element elementor-element-59a4b3f8\" data-id=\"59a4b3f8\" data-element_type=\"column\">\n\t\t\t<div class=\"elementor-widget-wrap elementor-element-populated\">\n\t\t\t\t\t\t<div class=\"elementor-element elementor-element-799471af elementor-widget elementor-widget-heading\" data-id=\"799471af\" data-element_type=\"widget\" data-widget_type=\"heading.default\">\n\t\t\t\t<div class=\"elementor-widget-container\">\n\t\t\t\t\t<h1 class=\"elementor-heading-title elementor-size-default\">PROCESSO SELETIVO SIMPLIFICADO DA PREFEITURA MUNICIPAL DE PRAINHA (EDITAL N\u00ba 003\/2025 \u2013PMP)<\/h1>\t\t\t\t<\/div>\n\t\t\t\t<\/div>\n\t\t\t\t<section class=\"elementor-section elementor-inner-section elementor-element elementor-element-336311f elementor-section-boxed elementor-section-height-default elementor-section-height-default\" data-id=\"336311f\" data-element_type=\"section\">\n\t\t\t\t\t\t<div class=\"elementor-container elementor-column-gap-default\">\n\t\t\t\t\t<div class=\"elementor-column elementor-col-50 elementor-inner-column elementor-element elementor-element-75ca0dc3\" data-id=\"75ca0dc3\" data-element_type=\"column\">\n\t\t\t<div class=\"elementor-widget-wrap elementor-element-populated\">\n\t\t\t\t\t\t<div class=\"elementor-element elementor-element-425a3096 elementor-widget elementor-widget-text-editor\" data-id=\"425a3096\" data-element_type=\"widget\" data-widget_type=\"text-editor.default\">\n\t\t\t\t<div class=\"elementor-widget-container\">\n\t\t\t\t\t\t\t\t\t<p>PREFEITURA MUNICIPAL DE PRAINHA, atrav\u00e9s da SECRETARIA MUNICIPAL DE ADMINISTRA\u00c7\u00c3O, no uso das atribui\u00e7\u00f5es legais, torna p\u00fablica, pelo presente Edital, as normas para a realiza\u00e7\u00e3o do Processo Seletivo Simplificado (PSS) para a contrata\u00e7\u00e3o imediata e de car\u00e1ter tempor\u00e1rio, de 420 (quatrocentos e vinte) servidores para atuar na sede e zona rural do Munic\u00edpio de Prainha e na Casa de Apoio do Munic\u00edpio, localizada no Munic\u00edpio de Santar\u00e9m (PA), al\u00e9m da forma\u00e7\u00e3o de Cadastro de Reservas.<\/p><p>O presente Processo Seletivo P\u00fablico ser\u00e1 realizado atrav\u00e9s de avalia\u00e7\u00e3o curricular e documental.<\/p><p><strong>Total de vagas<\/strong> ofertadas\u00a0encontra-se no\u00a0ANEXO I (DOS CARGOS, LOTA\u00c7\u00c3O, N\u00daMEROS DE VAGAS, CARGA HOR\u00c1RIA, REMUNERA\u00c7\u00c3O E REQUISITOS M\u00cdNIMOS EXIGIDOS) do edital.<\/p><p><strong>\u2013 Valor da taxa de Inscri\u00e7\u00e3o:<\/strong><br \/>R$ 35,00 (trinta e cinco reais) para os cargos de n\u00edvel fundamental completo e incompleto;<br \/>R$ 50,00 (cinquenta reais) para os cargos de n\u00edvel m\u00e9dio e superior.<\/p><p><strong>O cronograma das atividades do concurso est\u00e1 dispon\u00edvel no ANEXO III do Edital n\u00ba 01\/2025.<\/strong><\/p>\t\t\t\t\t\t\t\t<\/div>\n\t\t\t\t<\/div>\n\t\t\t\t\t<\/div>\n\t\t<\/div>\n\t\t\t\t<div class=\"elementor-column elementor-col-50 elementor-inner-column elementor-element elementor-element-79608089\" data-id=\"79608089\" data-element_type=\"column\">\n\t\t\t<div class=\"elementor-widget-wrap elementor-element-populated\">\n\t\t\t\t\t\t<div class=\"elementor-element elementor-element-0538ef6 elementor-widget elementor-widget-text-editor\" data-id=\"0538ef6\" data-element_type=\"widget\" data-widget_type=\"text-editor.default\">\n\t\t\t\t<div class=\"elementor-widget-container\">\n\t\t\t\t\t\t\t\t\t<h3 class=\"botaoBug\"><a href=\"https:\/\/concursos3.fadesp.org.br\/prefeitura\/2025\/prainha\/web\/\"><strong>\u00c1rea do candidato (Clique aqui)<\/strong><\/a><\/h3><div><em>* Na \u00e1rea do candidato poder\u00e1 ser realizado seu cadastro, inscri\u00e7\u00e3o, emiss\u00e3o de boleto, recursos, impress\u00e3o de cart\u00e3o com local de prova e afins\u2026<\/em><\/div>\t\t\t\t\t\t\t\t<\/div>\n\t\t\t\t<\/div>\n\t\t\t\t<div class=\"elementor-element elementor-element-7ccac55 elementor-widget elementor-widget-text-editor\" data-id=\"7ccac55\" data-element_type=\"widget\" data-widget_type=\"text-editor.default\">\n\t\t\t\t<div class=\"elementor-widget-container\">\n\t\t\t\t\t\t\t\t\t<p><span style=\"color: #ffffff;\"><strong>Editais\u00a0<\/strong><\/span><\/p>\t\t\t\t\t\t\t\t<\/div>\n\t\t\t\t<\/div>\n\t\t\t\t<div class=\"elementor-element elementor-element-368e568 elementor-widget elementor-widget-text-editor\" data-id=\"368e568\" data-element_type=\"widget\" data-widget_type=\"text-editor.default\">\n\t\t\t\t<div class=\"elementor-widget-container\">\n\t\t\t\t\t\t\t\t\t<p><a href=\"https:\/\/portalfadesp.org.br\/wp-content\/uploads\/2026\/02\/EDITAL_012_2025_PSS-PRAINHA-2025-Resultado-Definitivo-do-Processo-Seletivo-Simplificado.pdf\">EDITAL 012\/2025 &#8211; PSS PRAINHA 2025 Resultado Definitivo do Processo Seletivo Simplificado, de 04\/02\/2026 <strong>(Clique aqui)<\/strong><\/a><\/p><p><a href=\"https:\/\/portalfadesp.org.br\/wp-content\/uploads\/2026\/01\/EDITAL_011_2025_PSS-PRAINHA-2025-Resultado-Preliminar-do-Processo-Seletivo-Simplificado.pdf\">EDITAL 011\/2025 &#8211; PSS PRAINHA 2025 Resultado Preliminar do Processo Seletivo Simplificado, de 28\/01\/2026 <strong>(Clique aqui)<\/strong><\/a><\/p><p><a href=\"https:\/\/portalfadesp.org.br\/wp-content\/uploads\/2026\/01\/EDITAL_010_2025_PSS-PRAINHA-2025-Resultado-Definitivo-da-Avaliacao-Documental.pdf\">EDITAL 010\/2025 &#8211; PSS PRAINHA 2025 Resultado Definitivo da Avalia\u00e7\u00e3o Documental, de 28\/01\/2026 <strong>(Clique aqui)<\/strong><\/a><\/p><p><a href=\"https:\/\/portalfadesp.org.br\/wp-content\/uploads\/2026\/01\/EDITAL_009_2025_PSS-PRAINHA-2025-Resultado-Preliminar-da-Avaliacao-Documental.pdf\">EDITAL 009\/2025 &#8211; PSS PRAINHA 2025 Resultado Preliminar da Avalia\u00e7\u00e3o Documental, de 21\/01\/2026 <strong>(Clique aqui)<\/strong><\/a><\/p><p><a href=\"https:\/\/portalfadesp.org.br\/wp-content\/uploads\/2026\/01\/PSS-PRAINHA-25-DEMANDA.pdf\">Demanda\/Concorr\u00eancia &#8211; Rela\u00e7\u00e3o Candidato por Vaga, de 13\/01\/2026 <strong>(Clique aqui)<\/strong><\/a><\/p><p><a href=\"https:\/\/portalfadesp.org.br\/wp-content\/uploads\/2026\/01\/EDITAL_008_2025_PSS-PRAINHA-2025-Resultado-Definitivo-da-Inscricoes-Homologadas-e-dos-Concorrentes-as-Vagas-para-PcD.pdf\">EDITAL 008\/2025 &#8211; PSS PRAINHA 2025 Resultado Definitivo da Inscri\u00e7\u00f5es Homologadas e dos Concorrentes \u00e0s Vagas para PcD, 09\/10\/2026 <strong>(Clique aqui)<\/strong><\/a><\/p><p><a href=\"https:\/\/portalfadesp.org.br\/wp-content\/uploads\/2026\/01\/EDITAL_007_2025_PSS-PRAINHA-2025-Resultado-Preliminar-da-Inscricoes-Homologadas-e-dos-Concorrentes-as-Vagas-para-PcD.pdf\">EDITAL 007\/2025 &#8211; PSS PRAINHA 2025 Resultado Preliminar das Inscri\u00e7\u00f5es Homologadas e dos Concorrentes \u00e0s Vagas para PcD, de 05\/01\/2026 <strong>(Clique aqui)<\/strong><\/a><\/p><p><a href=\"https:\/\/portalfadesp.org.br\/wp-content\/uploads\/2025\/12\/EDITAL_006_2025_PSS-PRAINHA-2025-Resultado-Definitivo-Processo-de-Isencao.pdf\">EDITAL 006\/2025 &#8211; PSS PRAINHA 2025 Resultado Definitivo Processo de Isen\u00e7\u00e3o, de 26\/12\/2025 <strong>(Clique aqui)<\/strong><\/a><\/p><p><a href=\"https:\/\/portalfadesp.org.br\/wp-content\/uploads\/2025\/12\/EDITAL_005_2025_PSS-PRAINHA-2025-Resultado-Preliminar-Processo-de-Isencao-1.pdf\">EDITAL 005\/2025 &#8211; PSS PRAINHA 2025 Resultado Preliminar Processo de Isen\u00e7\u00e3o, de 22\/12\/2025 <strong>(Clique aqui)<\/strong><\/a><\/p><p><a href=\"https:\/\/portalfadesp.org.br\/wp-content\/uploads\/2025\/12\/EDITAL_004_2025_PSS-PRAINHA-2025-Retifica-salario-base-Enfermeiro-e-Tecnico-em-Enfermagem.pdf\">EDITAL 004\/2025 &#8211; PSS PRAINHA 2025 Retifica sal\u00e1rio base Enfermeiro e T\u00e9cnico em Enfermagem, de 22\/12\/2025 <strong>(Clique aqui)<\/strong><\/a><\/p><p><a href=\"https:\/\/portalfadesp.org.br\/wp-content\/uploads\/2025\/12\/EDITAL_003_2025_PSS-PRAINHA-2025-Consolidado-22_11_2025.pdf\">EDITAL 003\/202 &#8211; PSS PRAINHA 2025 Consolidado p\u00f3s per\u00edodo de impugna\u00e7\u00e3o,\u00a0 de 18\/12\/2025 <strong>(Clique aqui)<\/strong><\/a><\/p><p style=\"text-align: left;\"><a href=\"https:\/\/portalfadesp.org.br\/wp-content\/uploads\/2025\/12\/EDITAL_003_2025_PSS-PRAINHA-2025.pdf\">EDITAL 003\/2025 &#8211; PSS PRAINHA 2025, de 15\/12\/2025 <strong>(Clique aqui)<\/strong><\/a><\/p>\t\t\t\t\t\t\t\t<\/div>\n\t\t\t\t<\/div>\n\t\t\t\t\t<\/div>\n\t\t<\/div>\n\t\t\t\t\t<\/div>\n\t\t<\/section>\n\t\t\t\t\t<\/div>\n\t\t<\/div>\n\t\t\t\t\t<\/div>\n\t\t<\/section>\n\t\t\t\t<section class=\"elementor-section elementor-top-section elementor-element elementor-element-d2ee9a6 elementor-section-boxed elementor-section-height-default elementor-section-height-default\" data-id=\"d2ee9a6\" data-element_type=\"section\">\n\t\t\t\t\t\t<div class=\"elementor-container elementor-column-gap-default\">\n\t\t\t\t\t<div class=\"elementor-column elementor-col-100 elementor-top-column elementor-element elementor-element-6a1b695\" data-id=\"6a1b695\" data-element_type=\"column\">\n\t\t\t<div class=\"elementor-widget-wrap elementor-element-populated\">\n\t\t\t\t\t\t<section class=\"elementor-section elementor-inner-section elementor-element elementor-element-1e0769e elementor-section-boxed elementor-section-height-default elementor-section-height-default\" data-id=\"1e0769e\" data-element_type=\"section\">\n\t\t\t\t\t\t<div class=\"elementor-container elementor-column-gap-default\">\n\t\t\t\t\t<div class=\"elementor-column elementor-col-50 elementor-inner-column elementor-element elementor-element-1171b11\" data-id=\"1171b11\" data-element_type=\"column\">\n\t\t\t<div class=\"elementor-widget-wrap\">\n\t\t\t\t\t\t\t<\/div>\n\t\t<\/div>\n\t\t\t\t<div class=\"elementor-column elementor-col-50 elementor-inner-column elementor-element elementor-element-a7aa740\" data-id=\"a7aa740\" data-element_type=\"column\">\n\t\t\t<div class=\"elementor-widget-wrap\">\n\t\t\t\t\t\t\t<\/div>\n\t\t<\/div>\n\t\t\t\t\t<\/div>\n\t\t<\/section>\n\t\t\t\t\t<\/div>\n\t\t<\/div>\n\t\t\t\t\t<\/div>\n\t\t<\/section>\n\t\t\t\t<\/div>\n\t\t","protected":false},"excerpt":{"rendered":"<p>PROCESSO SELETIVO SIMPLIFICADO DA PREFEITURA MUNICIPAL DE PRAINHA (EDITAL N\u00ba 003\/2025 \u2013PMP) PREFEITURA MUNICIPAL DE PRAINHA, atrav\u00e9s da SECRETARIA MUNICIPAL DE ADMINISTRA\u00c7\u00c3O, no uso das atribui\u00e7\u00f5es legais, torna p\u00fablica, pelo presente Edital, as normas para a realiza\u00e7\u00e3o do Processo Seletivo Simplificado (PSS) para a contrata\u00e7\u00e3o imediata e de car\u00e1ter tempor\u00e1rio, de 420 (quatrocentos e vinte) [&hellip;]<\/p>\n","protected":false},"author":12,"featured_media":0,"parent":329,"menu_order":0,"comment_status":"closed","ping_status":"closed","template":"","meta":{"_monsterinsights_skip_tracking":false,"_monsterinsights_sitenote_active":false,"_monsterinsights_sitenote_note":"","_monsterinsights_sitenote_category":0,"footnotes":""},"class_list":["post-52900","page","type-page","status-publish","hentry","entry"],"yoast_head":"<!-- This site is optimized with the Yoast SEO plugin v25.1 - https:\/\/yoast.com\/wordpress\/plugins\/seo\/ -->\n<title>PROCESSO SELETIVO SIMPLIFICADO DA PREFEITURA MUNICIPAL DE PRAINHA (EDITAL N\u00ba 003\/2025 \u2013PMP) - FADESP<\/title>\n<meta name=\"robots\" content=\"index, follow, max-snippet:-1, max-image-preview:large, max-video-preview:-1\" \/>\n<link rel=\"canonical\" href=\"https:\/\/portalfadesp.org.br\/?page_id=52900\" \/>\n<meta property=\"og:locale\" content=\"pt_BR\" \/>\n<meta property=\"og:type\" content=\"article\" \/>\n<meta property=\"og:title\" content=\"PROCESSO SELETIVO SIMPLIFICADO DA PREFEITURA MUNICIPAL DE PRAINHA (EDITAL N\u00ba 003\/2025 \u2013PMP) - FADESP\" \/>\n<meta property=\"og:description\" content=\"PROCESSO SELETIVO SIMPLIFICADO DA PREFEITURA MUNICIPAL DE PRAINHA (EDITAL N\u00ba 003\/2025 \u2013PMP) PREFEITURA MUNICIPAL DE PRAINHA, atrav\u00e9s da SECRETARIA MUNICIPAL DE ADMINISTRA\u00c7\u00c3O, no uso das atribui\u00e7\u00f5es legais, torna p\u00fablica, pelo presente Edital, as normas para a realiza\u00e7\u00e3o do Processo Seletivo Simplificado (PSS) para a contrata\u00e7\u00e3o imediata e de car\u00e1ter tempor\u00e1rio, de 420 (quatrocentos e vinte) [&hellip;]\" \/>\n<meta property=\"og:url\" content=\"https:\/\/portalfadesp.org.br\/?page_id=52900\" \/>\n<meta property=\"og:site_name\" content=\"FADESP\" \/>\n<meta property=\"article:publisher\" content=\"https:\/\/www.facebook.com\/Fadesp-138351949524662\/\" \/>\n<meta property=\"article:modified_time\" content=\"2026-02-14T01:57:49+00:00\" \/>\n<meta name=\"twitter:card\" content=\"summary_large_image\" \/>\n<meta name=\"twitter:site\" content=\"@Fadesp\" \/>\n<meta name=\"twitter:label1\" content=\"Est. tempo de leitura\" \/>\n\t<meta name=\"twitter:data1\" content=\"3 minutos\" \/>\n<script type=\"application\/ld+json\" class=\"yoast-schema-graph\">{\"@context\":\"https:\/\/schema.org\",\"@graph\":[{\"@type\":\"WebPage\",\"@id\":\"https:\/\/portalfadesp.org.br\/?page_id=52900\",\"url\":\"https:\/\/portalfadesp.org.br\/?page_id=52900\",\"name\":\"PROCESSO SELETIVO SIMPLIFICADO DA PREFEITURA MUNICIPAL DE PRAINHA (EDITAL N\u00ba 003\/2025 \u2013PMP) - FADESP\",\"isPartOf\":{\"@id\":\"https:\/\/portalfadesp.org.br\/#website\"},\"datePublished\":\"2025-12-12T11:43:09+00:00\",\"dateModified\":\"2026-02-14T01:57:49+00:00\",\"breadcrumb\":{\"@id\":\"https:\/\/portalfadesp.org.br\/?page_id=52900#breadcrumb\"},\"inLanguage\":\"pt-BR\",\"potentialAction\":[{\"@type\":\"ReadAction\",\"target\":[\"https:\/\/portalfadesp.org.br\/?page_id=52900\"]}]},{\"@type\":\"BreadcrumbList\",\"@id\":\"https:\/\/portalfadesp.org.br\/?page_id=52900#breadcrumb\",\"itemListElement\":[{\"@type\":\"ListItem\",\"position\":1,\"name\":\"In\u00edcio\",\"item\":\"https:\/\/portalfadesp.org.br\/\"},{\"@type\":\"ListItem\",\"position\":2,\"name\":\"Concursos &#8211; Homologados\",\"item\":\"https:\/\/portalfadesp.org.br\/?page_id=329\"},{\"@type\":\"ListItem\",\"position\":3,\"name\":\"PROCESSO SELETIVO SIMPLIFICADO DA PREFEITURA MUNICIPAL DE PRAINHA (EDITAL N\u00ba 003\/2025 \u2013PMP)\"}]},{\"@type\":\"WebSite\",\"@id\":\"https:\/\/portalfadesp.org.br\/#website\",\"url\":\"https:\/\/portalfadesp.org.br\/\",\"name\":\"FADESP\",\"description\":\"Funda\u00e7\u00e3o de Amparo e Desenvolvimento da Pesquisa\",\"publisher\":{\"@id\":\"https:\/\/portalfadesp.org.br\/#organization\"},\"potentialAction\":[{\"@type\":\"SearchAction\",\"target\":{\"@type\":\"EntryPoint\",\"urlTemplate\":\"https:\/\/portalfadesp.org.br\/?s={search_term_string}\"},\"query-input\":{\"@type\":\"PropertyValueSpecification\",\"valueRequired\":true,\"valueName\":\"search_term_string\"}}],\"inLanguage\":\"pt-BR\"},{\"@type\":\"Organization\",\"@id\":\"https:\/\/portalfadesp.org.br\/#organization\",\"name\":\"FADESP\",\"url\":\"https:\/\/portalfadesp.org.br\/\",\"logo\":{\"@type\":\"ImageObject\",\"inLanguage\":\"pt-BR\",\"@id\":\"https:\/\/portalfadesp.org.br\/#\/schema\/logo\/image\/\",\"url\":\"https:\/\/portalfadesp.org.br\/wp-content\/uploads\/2024\/01\/NOVOLOGOFADESPlaranjaH.png\",\"contentUrl\":\"https:\/\/portalfadesp.org.br\/wp-content\/uploads\/2024\/01\/NOVOLOGOFADESPlaranjaH.png\",\"width\":2742,\"height\":839,\"caption\":\"FADESP\"},\"image\":{\"@id\":\"https:\/\/portalfadesp.org.br\/#\/schema\/logo\/image\/\"},\"sameAs\":[\"https:\/\/www.facebook.com\/Fadesp-138351949524662\/\",\"https:\/\/x.com\/Fadesp\",\"https:\/\/www.instagram.com\/fadesp_ufpa\/\",\"https:\/\/www.youtube.com\/@fundacaodeamparoedesenvolv1903\",\"https:\/\/www.threads.net\/@fadesp_ufpa\"]}]}<\/script>\n<!-- \/ Yoast SEO plugin. -->","yoast_head_json":{"title":"PROCESSO SELETIVO SIMPLIFICADO DA PREFEITURA MUNICIPAL DE PRAINHA (EDITAL N\u00ba 003\/2025 \u2013PMP) - FADESP","robots":{"index":"index","follow":"follow","max-snippet":"max-snippet:-1","max-image-preview":"max-image-preview:large","max-video-preview":"max-video-preview:-1"},"canonical":"https:\/\/portalfadesp.org.br\/?page_id=52900","og_locale":"pt_BR","og_type":"article","og_title":"PROCESSO SELETIVO SIMPLIFICADO DA PREFEITURA MUNICIPAL DE PRAINHA (EDITAL N\u00ba 003\/2025 \u2013PMP) - FADESP","og_description":"PROCESSO SELETIVO SIMPLIFICADO DA PREFEITURA MUNICIPAL DE PRAINHA (EDITAL N\u00ba 003\/2025 \u2013PMP) PREFEITURA MUNICIPAL DE PRAINHA, atrav\u00e9s da SECRETARIA MUNICIPAL DE ADMINISTRA\u00c7\u00c3O, no uso das atribui\u00e7\u00f5es legais, torna p\u00fablica, pelo presente Edital, as normas para a realiza\u00e7\u00e3o do Processo Seletivo Simplificado (PSS) para a contrata\u00e7\u00e3o imediata e de car\u00e1ter tempor\u00e1rio, de 420 (quatrocentos e vinte) [&hellip;]","og_url":"https:\/\/portalfadesp.org.br\/?page_id=52900","og_site_name":"FADESP","article_publisher":"https:\/\/www.facebook.com\/Fadesp-138351949524662\/","article_modified_time":"2026-02-14T01:57:49+00:00","twitter_card":"summary_large_image","twitter_site":"@Fadesp","twitter_misc":{"Est. tempo de leitura":"3 minutos"},"schema":{"@context":"https:\/\/schema.org","@graph":[{"@type":"WebPage","@id":"https:\/\/portalfadesp.org.br\/?page_id=52900","url":"https:\/\/portalfadesp.org.br\/?page_id=52900","name":"PROCESSO SELETIVO SIMPLIFICADO DA PREFEITURA MUNICIPAL DE PRAINHA (EDITAL N\u00ba 003\/2025 \u2013PMP) - FADESP","isPartOf":{"@id":"https:\/\/portalfadesp.org.br\/#website"},"datePublished":"2025-12-12T11:43:09+00:00","dateModified":"2026-02-14T01:57:49+00:00","breadcrumb":{"@id":"https:\/\/portalfadesp.org.br\/?page_id=52900#breadcrumb"},"inLanguage":"pt-BR","potentialAction":[{"@type":"ReadAction","target":["https:\/\/portalfadesp.org.br\/?page_id=52900"]}]},{"@type":"BreadcrumbList","@id":"https:\/\/portalfadesp.org.br\/?page_id=52900#breadcrumb","itemListElement":[{"@type":"ListItem","position":1,"name":"In\u00edcio","item":"https:\/\/portalfadesp.org.br\/"},{"@type":"ListItem","position":2,"name":"Concursos &#8211; Homologados","item":"https:\/\/portalfadesp.org.br\/?page_id=329"},{"@type":"ListItem","position":3,"name":"PROCESSO SELETIVO SIMPLIFICADO DA PREFEITURA MUNICIPAL DE PRAINHA (EDITAL N\u00ba 003\/2025 \u2013PMP)"}]},{"@type":"WebSite","@id":"https:\/\/portalfadesp.org.br\/#website","url":"https:\/\/portalfadesp.org.br\/","name":"FADESP","description":"Funda\u00e7\u00e3o de Amparo e Desenvolvimento da Pesquisa","publisher":{"@id":"https:\/\/portalfadesp.org.br\/#organization"},"potentialAction":[{"@type":"SearchAction","target":{"@type":"EntryPoint","urlTemplate":"https:\/\/portalfadesp.org.br\/?s={search_term_string}"},"query-input":{"@type":"PropertyValueSpecification","valueRequired":true,"valueName":"search_term_string"}}],"inLanguage":"pt-BR"},{"@type":"Organization","@id":"https:\/\/portalfadesp.org.br\/#organization","name":"FADESP","url":"https:\/\/portalfadesp.org.br\/","logo":{"@type":"ImageObject","inLanguage":"pt-BR","@id":"https:\/\/portalfadesp.org.br\/#\/schema\/logo\/image\/","url":"https:\/\/portalfadesp.org.br\/wp-content\/uploads\/2024\/01\/NOVOLOGOFADESPlaranjaH.png","contentUrl":"https:\/\/portalfadesp.org.br\/wp-content\/uploads\/2024\/01\/NOVOLOGOFADESPlaranjaH.png","width":2742,"height":839,"caption":"FADESP"},"image":{"@id":"https:\/\/portalfadesp.org.br\/#\/schema\/logo\/image\/"},"sameAs":["https:\/\/www.facebook.com\/Fadesp-138351949524662\/","https:\/\/x.com\/Fadesp","https:\/\/www.instagram.com\/fadesp_ufpa\/","https:\/\/www.youtube.com\/@fundacaodeamparoedesenvolv1903","https:\/\/www.threads.net\/@fadesp_ufpa"]}]}},"_links":{"self":[{"href":"https:\/\/portalfadesp.org.br\/index.php?rest_route=\/wp\/v2\/pages\/52900","targetHints":{"allow":["GET"]}}],"collection":[{"href":"https:\/\/portalfadesp.org.br\/index.php?rest_route=\/wp\/v2\/pages"}],"about":[{"href":"https:\/\/portalfadesp.org.br\/index.php?rest_route=\/wp\/v2\/types\/page"}],"author":[{"embeddable":true,"href":"https:\/\/portalfadesp.org.br\/index.php?rest_route=\/wp\/v2\/users\/12"}],"replies":[{"embeddable":true,"href":"https:\/\/portalfadesp.org.br\/index.php?rest_route=%2Fwp%2Fv2%2Fcomments&post=52900"}],"version-history":[{"count":60,"href":"https:\/\/portalfadesp.org.br\/index.php?rest_route=\/wp\/v2\/pages\/52900\/revisions"}],"predecessor-version":[{"id":53694,"href":"https:\/\/portalfadesp.org.br\/index.php?rest_route=\/wp\/v2\/pages\/52900\/revisions\/53694"}],"up":[{"embeddable":true,"href":"https:\/\/portalfadesp.org.br\/index.php?rest_route=\/wp\/v2\/pages\/329"}],"wp:attachment":[{"href":"https:\/\/portalfadesp.org.br\/index.php?rest_route=%2Fwp%2Fv2%2Fmedia&parent=52900"}],"curies":[{"name":"wp","href":"https:\/\/api.w.org\/{rel}","templated":true}]}}