{"id":52081,"date":"2025-09-09T13:24:05","date_gmt":"2025-09-09T16:24:05","guid":{"rendered":"https:\/\/portalfadesp.org.br\/?page_id=52081"},"modified":"2025-12-19T13:16:40","modified_gmt":"2025-12-19T16:16:40","slug":"pagina_concurso_modelo-3-2-2","status":"publish","type":"page","link":"https:\/\/portalfadesp.org.br\/?page_id=52081","title":{"rendered":"Sele\u00e7\u00e3o para Ingresso no Mestrado Profissional em Instrumenta\u00e7\u00e3o, Controle e Automa\u00e7\u00e3o de Processos de Minera\u00e7\u00e3o (PROFICAM) \u2013 UFOP\/ITV \u20132026"},"content":{"rendered":"\t\t<div data-elementor-type=\"wp-post\" data-elementor-id=\"52081\" class=\"elementor elementor-52081\" data-elementor-post-type=\"page\">\n\t\t\t\t\t\t<section class=\"elementor-section elementor-top-section elementor-element elementor-element-1f2996d1 elementor-section-boxed elementor-section-height-default elementor-section-height-default\" data-id=\"1f2996d1\" data-element_type=\"section\">\n\t\t\t\t\t\t<div class=\"elementor-container elementor-column-gap-default\">\n\t\t\t\t\t<div class=\"elementor-column elementor-col-100 elementor-top-column elementor-element elementor-element-59a4b3f8\" data-id=\"59a4b3f8\" data-element_type=\"column\">\n\t\t\t<div class=\"elementor-widget-wrap elementor-element-populated\">\n\t\t\t\t\t\t<div class=\"elementor-element elementor-element-799471af elementor-widget elementor-widget-heading\" data-id=\"799471af\" data-element_type=\"widget\" data-widget_type=\"heading.default\">\n\t\t\t\t<div class=\"elementor-widget-container\">\n\t\t\t\t\t<h1 class=\"elementor-heading-title elementor-size-default\">Sele\u00e7\u00e3o para Ingresso no Mestrado Profissional em Instrumenta\u00e7\u00e3o, Controle e Automa\u00e7\u00e3o de Processos de Minera\u00e7\u00e3o (PROFICAM) \u2013 UFOP\/ITV \u20132026\n\n<\/h1>\t\t\t\t<\/div>\n\t\t\t\t<\/div>\n\t\t\t\t<section class=\"elementor-section elementor-inner-section elementor-element elementor-element-336311f elementor-section-boxed elementor-section-height-default elementor-section-height-default\" data-id=\"336311f\" data-element_type=\"section\">\n\t\t\t\t\t\t<div class=\"elementor-container elementor-column-gap-default\">\n\t\t\t\t\t<div class=\"elementor-column elementor-col-50 elementor-inner-column elementor-element elementor-element-75ca0dc3\" data-id=\"75ca0dc3\" data-element_type=\"column\">\n\t\t\t<div class=\"elementor-widget-wrap elementor-element-populated\">\n\t\t\t\t\t\t<div class=\"elementor-element elementor-element-425a3096 elementor-widget elementor-widget-text-editor\" data-id=\"425a3096\" data-element_type=\"widget\" data-widget_type=\"text-editor.default\">\n\t\t\t\t<div class=\"elementor-widget-container\">\n\t\t\t\t\t\t\t\t\t<p>A Coordena\u00e7\u00e3o do Programa de P\u00f3s-Gradua\u00e7\u00e3o em Instrumenta\u00e7\u00e3o, Controle e Automa\u00e7\u00e3o de Processos de Minera\u00e7\u00e3o da Universidade Federal de Ouro Preto e do Instituto Tecnol\u00f3gico Vale \u2013 PROFICAM \u2013 UFOP\/ITV, tendo em vista a decis\u00e3o do Colegiado de P\u00f3s-Gradua\u00e7\u00e3o, aprovada no dia 05 de setembro de 2025, comunica a abertura do processo seletivo para ingresso no Curso de Mestrado Profissional em Instrumenta\u00e7\u00e3o, Controle e Automa\u00e7\u00e3o de Processos de Minera\u00e7\u00e3o, turma de 2026. O processo de sele\u00e7\u00e3o ser\u00e1 regido pelas Resolu\u00e7\u00f5es CONPEP 105, CEPE 4.350, CEPE 7.507, Portaria PROPPI 02\/2022 e pelo Regimento do PROFICAM, e gerenciado pela Funda\u00e7\u00e3o de Amparo e Desenvolvimento da Pesquisa \u2013 FADESP.<\/p><p><strong>Taxa de inscri\u00e7\u00e3o:<\/strong> R$ 95,00 (noventa e cinco reais).<\/p><p><strong>Per\u00edodo de Inscri\u00e7\u00e3o:<\/strong> De acordo com o cronograma do edital.\u00a0\u00a0<\/p><p><u>Edital P\u00fablico<\/u><\/p><p><strong>Vagas:<\/strong> Ser\u00e3o ofertadas 10 (dez) vagas distribu\u00eddas entre as linhas de pesquisa do PROFICAM, al\u00e9m de 1 (uma) vaga adicional destinada a servidores t\u00e9cnico-administrativos da UFOP.<\/p><p><strong>Categorias:<\/strong><\/p><p><strong>Categoria 01:<\/strong> Dedica\u00e7\u00e3o em tempo integral (40h semanais) \u00e0s atividades do Programa, com possibilidade de bolsas, de modo presencial em Ouro Preto.<\/p><p><strong>Categoria 02:<\/strong> Dedica\u00e7\u00e3o em tempo parcial ao Programa, para candidatos com v\u00ednculo empregat\u00edcio no setor p\u00fablico ou privado, ou com empresa formalizada.<\/p><p><br \/><strong>Categoria 03:<\/strong> Vaga destinada exclusivamente a servidores t\u00e9cnico-administrativos da UFOP.\u00a0\u00a0<\/p><p>O cronograma das atividades est\u00e1 dispon\u00edvel no EDITAL PROFICAM 01\/2025 \u2013 SELE\u00c7\u00c3O PARA INGRESSO NO MESTRADO EM INSTRUMENTA\u00c7\u00c3O, CONTROLE E AUTOMA\u00c7\u00c3O DE PROCESSOS DE MINERA\u00c7\u00c3O UFOP\/ITV \u2013 2026.\u00a0<\/p><p><u>Chamada Interna<\/u><br \/><strong>Vagas:<\/strong> Ser\u00e3o ofertadas 10 (dez) vagas destinadas a empregados da Vale e 1 (uma) vaga adicional destinada a empregados do ITV.<\/p><p><strong>Categorias:<\/strong><br \/><strong>Categoria VALE:<\/strong> Empregados da Vale.<br \/><strong>Categoria ITV:<\/strong> Empregados do ITV (vaga adicional, n\u00e3o migr\u00e1vel entre categorias).<\/p><p>O cronograma das atividades est\u00e1 dispon\u00edvel na CHAMADA INTERNA 01\/2025 \u2013 SELE\u00c7\u00c3O PARA INGRESSO NO MESTRADO EM INSTRUMENTA\u00c7\u00c3O, CONTROLE E AUTOMA\u00c7\u00c3O DE PROCESSOS DE MINERA\u00c7\u00c3O UFOP\/ITV \u2013 2026.\u00a0\u00a0<\/p><p>\u00a0<\/p><p>\u00a0<\/p>\t\t\t\t\t\t\t\t<\/div>\n\t\t\t\t<\/div>\n\t\t\t\t\t<\/div>\n\t\t<\/div>\n\t\t\t\t<div class=\"elementor-column elementor-col-50 elementor-inner-column elementor-element elementor-element-79608089\" data-id=\"79608089\" data-element_type=\"column\">\n\t\t\t<div class=\"elementor-widget-wrap elementor-element-populated\">\n\t\t\t\t\t\t<div class=\"elementor-element elementor-element-73b67f1 elementor-position-top elementor-widget elementor-widget-image-box\" data-id=\"73b67f1\" data-element_type=\"widget\" data-widget_type=\"image-box.default\">\n\t\t\t\t<div class=\"elementor-widget-container\">\n\t\t\t\t\t<div class=\"elementor-image-box-wrapper\"><figure class=\"elementor-image-box-img\"><a href=\"https:\/\/proficam.ufop.br\/\" target=\"_blank\" tabindex=\"-1\"><img fetchpriority=\"high\" decoding=\"async\" width=\"663\" height=\"112\" src=\"https:\/\/portalfadesp.org.br\/wp-content\/uploads\/2025\/01\/bannerproficam.png\" class=\"elementor-animation-grow attachment-full size-full wp-image-48118\" alt=\"\" srcset=\"https:\/\/portalfadesp.org.br\/wp-content\/uploads\/2025\/01\/bannerproficam.png 663w, https:\/\/portalfadesp.org.br\/wp-content\/uploads\/2025\/01\/bannerproficam-300x51.png 300w\" sizes=\"(max-width: 663px) 100vw, 663px\" \/><\/a><\/figure><div class=\"elementor-image-box-content\"><h3 class=\"elementor-image-box-title\"><a href=\"https:\/\/proficam.ufop.br\/\" target=\"_blank\">Conhe\u00e7a o Programa de P\u00f3s-Gradua\u00e7\u00e3o<\/a><\/h3><\/div><\/div>\t\t\t\t<\/div>\n\t\t\t\t<\/div>\n\t\t\t\t<div class=\"elementor-element elementor-element-d6cc9d0 elementor-widget elementor-widget-text-editor\" data-id=\"d6cc9d0\" data-element_type=\"widget\" data-widget_type=\"text-editor.default\">\n\t\t\t\t<div class=\"elementor-widget-container\">\n\t\t\t\t\t\t\t\t\t<h3 class=\"botaoBug\"><a href=\"https:\/\/concursos3.fadesp.org.br\/mestrado\/proficam2026\/web\/\"><strong>\u00c1rea do candidato (Clique aqui)<\/strong><\/a><\/h3><div><em>* Na \u00e1rea do candidato poder\u00e1 ser realizado seu cadastro, inscri\u00e7\u00e3o, emiss\u00e3o de boleto, recursos, impress\u00e3o de cart\u00e3o com local de prova e afins\u2026<\/em><\/div>\t\t\t\t\t\t\t\t<\/div>\n\t\t\t\t<\/div>\n\t\t\t\t<div class=\"elementor-element elementor-element-7ccac55 elementor-widget elementor-widget-text-editor\" data-id=\"7ccac55\" data-element_type=\"widget\" data-widget_type=\"text-editor.default\">\n\t\t\t\t<div class=\"elementor-widget-container\">\n\t\t\t\t\t\t\t\t\t<p><strong>Editais<\/strong><\/p>\t\t\t\t\t\t\t\t<\/div>\n\t\t\t\t<\/div>\n\t\t\t\t<div class=\"elementor-element elementor-element-368e568 elementor-widget elementor-widget-text-editor\" data-id=\"368e568\" data-element_type=\"widget\" data-widget_type=\"text-editor.default\">\n\t\t\t\t<div class=\"elementor-widget-container\">\n\t\t\t\t\t\t\t\t\t<p><a href=\"https:\/\/portalfadesp.org.br\/wp-content\/uploads\/2025\/12\/Edital-no-11-2025-PROFICAM-RESULTADO-FINAL-DO-PROCESSO-SELETIVO.pdf\">Edital n\u00ba 11\/2025 &#8211; PROFICAM &#8211; RESULTADO FINAL DO PROCESSO SELETIVO, de 12\/12\/2025 <strong>(Clique aqui)<\/strong><\/a><\/p><p><a href=\"https:\/\/portalfadesp.org.br\/wp-content\/uploads\/2025\/12\/Edital-no-10-2025-PROFICAM-RESULTADO-PRELIMINAR-DA-ANALISE-DE-CURRICULO-E-DO-PROCESSO-SELETIVO.pdf\">Edital n\u00ba 10\/2025 &#8211; PROFICAM &#8211; RESULTADO PRELIMINAR DA AN\u00c1LISE DE CURR\u00cdCULO E DO PROCESSO SELETIVO, de 09\/12\/2025 <strong>(Clique aqui)<\/strong><\/a><\/p><p><a href=\"https:\/\/portalfadesp.org.br\/wp-content\/uploads\/2025\/12\/2a_RETIFICACAO_-_Chamada_Interna_PROFICAM_2025_01.pdf\"><strong>2a RETIFICA\u00c7\u00c3O &#8211; Chamada Interna PROFICAM 01\/2025, de 01\/12\/2025 (Clique aqui)<\/strong><\/a><\/p><p><a href=\"https:\/\/portalfadesp.org.br\/wp-content\/uploads\/2025\/12\/2a_RETIFICACAO_-_Edital_PROFICAM_2025_01.pdf\"><strong>2a RETIFICA\u00c7\u00c3O &#8211;\u00a0 Edital PROFICAM 01\/2025, de 01\/12\/2025 (Clique aqui)<\/strong><\/a><\/p><p><a href=\"https:\/\/portalfadesp.org.br\/wp-content\/uploads\/2025\/11\/Edital-no-09-2025-PROFICAM-RESULTADO-DEFINITIVO-DAS-PROVAS.pdf\">Edital n\u00ba 09\/2025 &#8211; PROFICAM &#8211; RESULTADO DEFINITIVO DAS PROVAS, de 28\/11\/2025 <strong>(Clique aqui)<\/strong><\/a><\/p><p><a href=\"https:\/\/portalfadesp.org.br\/wp-content\/uploads\/2025\/11\/Edital-no-08-2025-PROFICAM-RESULTADO-PRELIMINAR-DAS-PROVAS.pdf\">Edital n\u00ba 08\/2025 &#8211; PROFICAM &#8211; RESULTADO PRELIMINAR DAS PROVAS, de 25\/11\/2025 <strong>(Clique aqui)<\/strong><\/a><\/p><p><a href=\"https:\/\/portalfadesp.org.br\/wp-content\/uploads\/2025\/11\/GABARITO-OFICIAL-DEFINITIVO.pdf\">Gabarito Oficial Definitivo, de 25\/11\/2025 <strong>(Clique aqui)<\/strong><\/a><\/p><p><a href=\"https:\/\/portalfadesp.org.br\/wp-content\/uploads\/2025\/11\/GABARITO-OFICIAL-PRELIMINAR.pdf\">Gabarito Oficial Preliminar, de 17\/11\/2025 <strong>(Clique aqui)<\/strong><\/a><\/p><p><a href=\"https:\/\/portalfadesp.org.br\/wp-content\/uploads\/2025\/11\/PROVA-PROFICAM.pdf\">Prova, de 17\/11\/2025 <strong>(Clique aqui)<\/strong><\/a><\/p><p><a href=\"https:\/\/portalfadesp.org.br\/wp-content\/uploads\/2025\/10\/Edital-no-07-2025-PROFICAM-RESULTADO-FINAL-DAS-SOLICITACOES-DE-ATENDIMENTO-ESPECIAL.pdf\">Edital n\u00ba 07\/2025 &#8211; PROFICAM &#8211; RESULTADO FINAL DAS SOLICITA\u00c7\u00d5ES DE ATENDIMENTO ESPECIAL, de 24\/10\/2025 <strong>(Clique aqui)<\/strong><\/a><\/p><p><a href=\"https:\/\/portalfadesp.org.br\/wp-content\/uploads\/2025\/10\/Edital-no-06-2025-PROFICAM-RESULTADO-FINAL-DA-PRIMEIRA-ETAPA-HOMOLOGACAO-DAS-INSCRICOES.pdf\">Edital n\u00ba 06\/2025 &#8211; PROFICAM &#8211; RESULTADO FINAL DA PRIMEIRA ETAPA &#8211; HOMOLOGA\u00c7\u00c3O DAS INSCRI\u00c7\u00d5ES, de 24\/10\/2025 <strong>(Clique aqui)<\/strong><\/a><\/p><p><a href=\"https:\/\/portalfadesp.org.br\/wp-content\/uploads\/2025\/10\/Edital-no-05-2025-PROFICAM-RESULTADO-PRELIMINAR-DAS-SOLICITACOES-DE-ATENDIMENTO-ESPECIAL.pdf\">Edital n\u00ba 05\/2025 &#8211; PROFICAM &#8211; RESULTADO PRELIMINAR DAS SOLICITA\u00c7\u00d5ES DE ATENDIMENTO ESPECIAL, de 21\/10\/2025 <strong>(Clique aqui)<\/strong><\/a><\/p><p><a href=\"https:\/\/portalfadesp.org.br\/wp-content\/uploads\/2025\/10\/Edital-no-04-2025-PROFICAM-RESULTADO-PRELIMINAR-DA-PRIMEIRA-ETAPA-HOMOLOGACAO-DAS-INSCRICOES.pdf\">Edital n\u00ba 04\/2025 &#8211; PROFICAM &#8211; RESULTADO PRELIMINAR DA PRIMEIRA ETAPA &#8211; HOMOLOGA\u00c7\u00c3O DAS INSCRI\u00c7\u00d5ES, de 21\/10\/2025 <strong>(Clique aqui)<\/strong><\/a><\/p><p><strong><a href=\"https:\/\/portalfadesp.org.br\/wp-content\/uploads\/2025\/10\/RETIFICACAO-Chamada-Interna_PROFICAM_2025_01.pdf\">RETIFICA\u00c7\u00c3O &#8211; Chamada Interna 01\/2025, de 09\/10\/2025 (Clique aqui)<\/a><\/strong><\/p><p><strong><a href=\"https:\/\/portalfadesp.org.br\/wp-content\/uploads\/2025\/10\/RETIFICACAO-Edital_PROFICAM_2025_01.pdf\">RETIFICA\u00c7\u00c3O &#8211; EDITAL N\u00ba 01\/2025, de 09\/10\/2025 (Clique aqui)<\/a><\/strong><\/p><p><a href=\"https:\/\/portalfadesp.org.br\/wp-content\/uploads\/2025\/09\/Edital-no-03-2025-PROFICAM-RESULTADO-DEFINITIVO-DOS-PEDIDOS-DE-ISENCAO.pdf\">Edital n\u00ba 03\/2025 &#8211; PROFICAM &#8211; RESULTADO DEFINITIVO DOS PEDIDOS DE ISEN\u00c7\u00c3O, de 29\/09\/2025 <strong>(Clique aqui)<\/strong><\/a><\/p><p><a href=\"https:\/\/portalfadesp.org.br\/wp-content\/uploads\/2025\/09\/Edital-no-02-2025-PROFICAM-RESULTADO-PRELIMINAR-DOS-PEDIDOS-DE-ISENCAO.pdf\">Edital n\u00ba 02\/2025 &#8211; PROFICAM &#8211; RESULTADO PRELIMINAR DOS PEDIDOS DE ISEN\u00c7\u00c3O, de 25\/09\/2025 <strong>(Clique aqui)<\/strong><\/a><\/p><p><a href=\"https:\/\/portalfadesp.org.br\/wp-content\/uploads\/2025\/09\/Chamada-Interna-01-2025.pdf\">Chamada Interna 01\/2025, de 10\/09\/2025 <strong>(Clique aqui)<\/strong><\/a><\/p><p><a href=\"https:\/\/portalfadesp.org.br\/wp-content\/uploads\/2025\/09\/EDITAL-No-01-2025.pdf\">EDITAL N\u00ba 01\/2025, de 10\/09\/2025 <strong>(Clique aqui)<\/strong><\/a><\/p>\t\t\t\t\t\t\t\t<\/div>\n\t\t\t\t<\/div>\n\t\t\t\t\t<\/div>\n\t\t<\/div>\n\t\t\t\t\t<\/div>\n\t\t<\/section>\n\t\t\t\t\t<\/div>\n\t\t<\/div>\n\t\t\t\t\t<\/div>\n\t\t<\/section>\n\t\t\t\t<\/div>\n\t\t","protected":false},"excerpt":{"rendered":"<p>Sele\u00e7\u00e3o para Ingresso no Mestrado Profissional em Instrumenta\u00e7\u00e3o, Controle e Automa\u00e7\u00e3o de Processos de Minera\u00e7\u00e3o (PROFICAM) \u2013 UFOP\/ITV \u20132026 A Coordena\u00e7\u00e3o do Programa de P\u00f3s-Gradua\u00e7\u00e3o em Instrumenta\u00e7\u00e3o, Controle e Automa\u00e7\u00e3o de Processos de Minera\u00e7\u00e3o da Universidade Federal de Ouro Preto e do Instituto Tecnol\u00f3gico Vale \u2013 PROFICAM \u2013 UFOP\/ITV, tendo em vista a decis\u00e3o do [&hellip;]<\/p>\n","protected":false},"author":12,"featured_media":0,"parent":329,"menu_order":0,"comment_status":"closed","ping_status":"closed","template":"","meta":{"_monsterinsights_skip_tracking":false,"_monsterinsights_sitenote_active":false,"_monsterinsights_sitenote_note":"","_monsterinsights_sitenote_category":0,"footnotes":""},"class_list":["post-52081","page","type-page","status-publish","hentry","entry"],"yoast_head":"<!-- This site is optimized with the Yoast SEO plugin v25.1 - https:\/\/yoast.com\/wordpress\/plugins\/seo\/ -->\n<title>Sele\u00e7\u00e3o para Ingresso no Mestrado Profissional em Instrumenta\u00e7\u00e3o, Controle e Automa\u00e7\u00e3o de Processos de Minera\u00e7\u00e3o (PROFICAM) \u2013 UFOP\/ITV \u20132026 - FADESP<\/title>\n<meta name=\"robots\" content=\"index, follow, max-snippet:-1, max-image-preview:large, max-video-preview:-1\" \/>\n<link rel=\"canonical\" href=\"https:\/\/portalfadesp.org.br\/?page_id=52081\" \/>\n<meta property=\"og:locale\" content=\"pt_BR\" \/>\n<meta property=\"og:type\" content=\"article\" \/>\n<meta property=\"og:title\" content=\"Sele\u00e7\u00e3o para Ingresso no Mestrado Profissional em Instrumenta\u00e7\u00e3o, Controle e Automa\u00e7\u00e3o de Processos de Minera\u00e7\u00e3o (PROFICAM) \u2013 UFOP\/ITV \u20132026 - FADESP\" \/>\n<meta property=\"og:description\" content=\"Sele\u00e7\u00e3o para Ingresso no Mestrado Profissional em Instrumenta\u00e7\u00e3o, Controle e Automa\u00e7\u00e3o de Processos de Minera\u00e7\u00e3o (PROFICAM) \u2013 UFOP\/ITV \u20132026 A Coordena\u00e7\u00e3o do Programa de P\u00f3s-Gradua\u00e7\u00e3o em Instrumenta\u00e7\u00e3o, Controle e Automa\u00e7\u00e3o de Processos de Minera\u00e7\u00e3o da Universidade Federal de Ouro Preto e do Instituto Tecnol\u00f3gico Vale \u2013 PROFICAM \u2013 UFOP\/ITV, tendo em vista a decis\u00e3o do [&hellip;]\" \/>\n<meta property=\"og:url\" content=\"https:\/\/portalfadesp.org.br\/?page_id=52081\" \/>\n<meta property=\"og:site_name\" content=\"FADESP\" \/>\n<meta property=\"article:publisher\" content=\"https:\/\/www.facebook.com\/Fadesp-138351949524662\/\" \/>\n<meta property=\"article:modified_time\" content=\"2025-12-19T16:16:40+00:00\" \/>\n<meta property=\"og:image\" content=\"https:\/\/portalfadesp.org.br\/wp-content\/uploads\/2025\/01\/bannerproficam.png\" \/>\n\t<meta property=\"og:image:width\" content=\"663\" \/>\n\t<meta property=\"og:image:height\" content=\"112\" \/>\n\t<meta property=\"og:image:type\" content=\"image\/png\" \/>\n<meta name=\"twitter:card\" content=\"summary_large_image\" \/>\n<meta name=\"twitter:site\" content=\"@Fadesp\" \/>\n<meta name=\"twitter:label1\" content=\"Est. tempo de leitura\" \/>\n\t<meta name=\"twitter:data1\" content=\"4 minutos\" \/>\n<script type=\"application\/ld+json\" class=\"yoast-schema-graph\">{\"@context\":\"https:\/\/schema.org\",\"@graph\":[{\"@type\":\"WebPage\",\"@id\":\"https:\/\/portalfadesp.org.br\/?page_id=52081\",\"url\":\"https:\/\/portalfadesp.org.br\/?page_id=52081\",\"name\":\"Sele\u00e7\u00e3o para Ingresso no Mestrado Profissional em Instrumenta\u00e7\u00e3o, Controle e Automa\u00e7\u00e3o de Processos de Minera\u00e7\u00e3o (PROFICAM) \u2013 UFOP\/ITV \u20132026 - FADESP\",\"isPartOf\":{\"@id\":\"https:\/\/portalfadesp.org.br\/#website\"},\"primaryImageOfPage\":{\"@id\":\"https:\/\/portalfadesp.org.br\/?page_id=52081#primaryimage\"},\"image\":{\"@id\":\"https:\/\/portalfadesp.org.br\/?page_id=52081#primaryimage\"},\"thumbnailUrl\":\"https:\/\/portalfadesp.org.br\/wp-content\/uploads\/2025\/01\/bannerproficam.png\",\"datePublished\":\"2025-09-09T16:24:05+00:00\",\"dateModified\":\"2025-12-19T16:16:40+00:00\",\"breadcrumb\":{\"@id\":\"https:\/\/portalfadesp.org.br\/?page_id=52081#breadcrumb\"},\"inLanguage\":\"pt-BR\",\"potentialAction\":[{\"@type\":\"ReadAction\",\"target\":[\"https:\/\/portalfadesp.org.br\/?page_id=52081\"]}]},{\"@type\":\"ImageObject\",\"inLanguage\":\"pt-BR\",\"@id\":\"https:\/\/portalfadesp.org.br\/?page_id=52081#primaryimage\",\"url\":\"https:\/\/portalfadesp.org.br\/wp-content\/uploads\/2025\/01\/bannerproficam.png\",\"contentUrl\":\"https:\/\/portalfadesp.org.br\/wp-content\/uploads\/2025\/01\/bannerproficam.png\",\"width\":663,\"height\":112},{\"@type\":\"BreadcrumbList\",\"@id\":\"https:\/\/portalfadesp.org.br\/?page_id=52081#breadcrumb\",\"itemListElement\":[{\"@type\":\"ListItem\",\"position\":1,\"name\":\"In\u00edcio\",\"item\":\"https:\/\/portalfadesp.org.br\/\"},{\"@type\":\"ListItem\",\"position\":2,\"name\":\"Concursos &#8211; Homologados\",\"item\":\"https:\/\/portalfadesp.org.br\/?page_id=329\"},{\"@type\":\"ListItem\",\"position\":3,\"name\":\"Sele\u00e7\u00e3o para Ingresso no Mestrado Profissional em Instrumenta\u00e7\u00e3o, Controle e Automa\u00e7\u00e3o de Processos de Minera\u00e7\u00e3o (PROFICAM) \u2013 UFOP\/ITV \u20132026\"}]},{\"@type\":\"WebSite\",\"@id\":\"https:\/\/portalfadesp.org.br\/#website\",\"url\":\"https:\/\/portalfadesp.org.br\/\",\"name\":\"FADESP\",\"description\":\"Funda\u00e7\u00e3o de Amparo e Desenvolvimento da Pesquisa\",\"publisher\":{\"@id\":\"https:\/\/portalfadesp.org.br\/#organization\"},\"potentialAction\":[{\"@type\":\"SearchAction\",\"target\":{\"@type\":\"EntryPoint\",\"urlTemplate\":\"https:\/\/portalfadesp.org.br\/?s={search_term_string}\"},\"query-input\":{\"@type\":\"PropertyValueSpecification\",\"valueRequired\":true,\"valueName\":\"search_term_string\"}}],\"inLanguage\":\"pt-BR\"},{\"@type\":\"Organization\",\"@id\":\"https:\/\/portalfadesp.org.br\/#organization\",\"name\":\"FADESP\",\"url\":\"https:\/\/portalfadesp.org.br\/\",\"logo\":{\"@type\":\"ImageObject\",\"inLanguage\":\"pt-BR\",\"@id\":\"https:\/\/portalfadesp.org.br\/#\/schema\/logo\/image\/\",\"url\":\"https:\/\/portalfadesp.org.br\/wp-content\/uploads\/2024\/01\/NOVOLOGOFADESPlaranjaH.png\",\"contentUrl\":\"https:\/\/portalfadesp.org.br\/wp-content\/uploads\/2024\/01\/NOVOLOGOFADESPlaranjaH.png\",\"width\":2742,\"height\":839,\"caption\":\"FADESP\"},\"image\":{\"@id\":\"https:\/\/portalfadesp.org.br\/#\/schema\/logo\/image\/\"},\"sameAs\":[\"https:\/\/www.facebook.com\/Fadesp-138351949524662\/\",\"https:\/\/x.com\/Fadesp\",\"https:\/\/www.instagram.com\/fadesp_ufpa\/\",\"https:\/\/www.youtube.com\/@fundacaodeamparoedesenvolv1903\",\"https:\/\/www.threads.net\/@fadesp_ufpa\"]}]}<\/script>\n<!-- \/ Yoast SEO plugin. -->","yoast_head_json":{"title":"Sele\u00e7\u00e3o para Ingresso no Mestrado Profissional em Instrumenta\u00e7\u00e3o, Controle e Automa\u00e7\u00e3o de Processos de Minera\u00e7\u00e3o (PROFICAM) \u2013 UFOP\/ITV \u20132026 - FADESP","robots":{"index":"index","follow":"follow","max-snippet":"max-snippet:-1","max-image-preview":"max-image-preview:large","max-video-preview":"max-video-preview:-1"},"canonical":"https:\/\/portalfadesp.org.br\/?page_id=52081","og_locale":"pt_BR","og_type":"article","og_title":"Sele\u00e7\u00e3o para Ingresso no Mestrado Profissional em Instrumenta\u00e7\u00e3o, Controle e Automa\u00e7\u00e3o de Processos de Minera\u00e7\u00e3o (PROFICAM) \u2013 UFOP\/ITV \u20132026 - FADESP","og_description":"Sele\u00e7\u00e3o para Ingresso no Mestrado Profissional em Instrumenta\u00e7\u00e3o, Controle e Automa\u00e7\u00e3o de Processos de Minera\u00e7\u00e3o (PROFICAM) \u2013 UFOP\/ITV \u20132026 A Coordena\u00e7\u00e3o do Programa de P\u00f3s-Gradua\u00e7\u00e3o em Instrumenta\u00e7\u00e3o, Controle e Automa\u00e7\u00e3o de Processos de Minera\u00e7\u00e3o da Universidade Federal de Ouro Preto e do Instituto Tecnol\u00f3gico Vale \u2013 PROFICAM \u2013 UFOP\/ITV, tendo em vista a decis\u00e3o do [&hellip;]","og_url":"https:\/\/portalfadesp.org.br\/?page_id=52081","og_site_name":"FADESP","article_publisher":"https:\/\/www.facebook.com\/Fadesp-138351949524662\/","article_modified_time":"2025-12-19T16:16:40+00:00","og_image":[{"width":663,"height":112,"url":"https:\/\/portalfadesp.org.br\/wp-content\/uploads\/2025\/01\/bannerproficam.png","type":"image\/png"}],"twitter_card":"summary_large_image","twitter_site":"@Fadesp","twitter_misc":{"Est. tempo de leitura":"4 minutos"},"schema":{"@context":"https:\/\/schema.org","@graph":[{"@type":"WebPage","@id":"https:\/\/portalfadesp.org.br\/?page_id=52081","url":"https:\/\/portalfadesp.org.br\/?page_id=52081","name":"Sele\u00e7\u00e3o para Ingresso no Mestrado Profissional em Instrumenta\u00e7\u00e3o, Controle e Automa\u00e7\u00e3o de Processos de Minera\u00e7\u00e3o (PROFICAM) \u2013 UFOP\/ITV \u20132026 - FADESP","isPartOf":{"@id":"https:\/\/portalfadesp.org.br\/#website"},"primaryImageOfPage":{"@id":"https:\/\/portalfadesp.org.br\/?page_id=52081#primaryimage"},"image":{"@id":"https:\/\/portalfadesp.org.br\/?page_id=52081#primaryimage"},"thumbnailUrl":"https:\/\/portalfadesp.org.br\/wp-content\/uploads\/2025\/01\/bannerproficam.png","datePublished":"2025-09-09T16:24:05+00:00","dateModified":"2025-12-19T16:16:40+00:00","breadcrumb":{"@id":"https:\/\/portalfadesp.org.br\/?page_id=52081#breadcrumb"},"inLanguage":"pt-BR","potentialAction":[{"@type":"ReadAction","target":["https:\/\/portalfadesp.org.br\/?page_id=52081"]}]},{"@type":"ImageObject","inLanguage":"pt-BR","@id":"https:\/\/portalfadesp.org.br\/?page_id=52081#primaryimage","url":"https:\/\/portalfadesp.org.br\/wp-content\/uploads\/2025\/01\/bannerproficam.png","contentUrl":"https:\/\/portalfadesp.org.br\/wp-content\/uploads\/2025\/01\/bannerproficam.png","width":663,"height":112},{"@type":"BreadcrumbList","@id":"https:\/\/portalfadesp.org.br\/?page_id=52081#breadcrumb","itemListElement":[{"@type":"ListItem","position":1,"name":"In\u00edcio","item":"https:\/\/portalfadesp.org.br\/"},{"@type":"ListItem","position":2,"name":"Concursos &#8211; Homologados","item":"https:\/\/portalfadesp.org.br\/?page_id=329"},{"@type":"ListItem","position":3,"name":"Sele\u00e7\u00e3o para Ingresso no Mestrado Profissional em Instrumenta\u00e7\u00e3o, Controle e Automa\u00e7\u00e3o de Processos de Minera\u00e7\u00e3o (PROFICAM) \u2013 UFOP\/ITV \u20132026"}]},{"@type":"WebSite","@id":"https:\/\/portalfadesp.org.br\/#website","url":"https:\/\/portalfadesp.org.br\/","name":"FADESP","description":"Funda\u00e7\u00e3o de Amparo e Desenvolvimento da Pesquisa","publisher":{"@id":"https:\/\/portalfadesp.org.br\/#organization"},"potentialAction":[{"@type":"SearchAction","target":{"@type":"EntryPoint","urlTemplate":"https:\/\/portalfadesp.org.br\/?s={search_term_string}"},"query-input":{"@type":"PropertyValueSpecification","valueRequired":true,"valueName":"search_term_string"}}],"inLanguage":"pt-BR"},{"@type":"Organization","@id":"https:\/\/portalfadesp.org.br\/#organization","name":"FADESP","url":"https:\/\/portalfadesp.org.br\/","logo":{"@type":"ImageObject","inLanguage":"pt-BR","@id":"https:\/\/portalfadesp.org.br\/#\/schema\/logo\/image\/","url":"https:\/\/portalfadesp.org.br\/wp-content\/uploads\/2024\/01\/NOVOLOGOFADESPlaranjaH.png","contentUrl":"https:\/\/portalfadesp.org.br\/wp-content\/uploads\/2024\/01\/NOVOLOGOFADESPlaranjaH.png","width":2742,"height":839,"caption":"FADESP"},"image":{"@id":"https:\/\/portalfadesp.org.br\/#\/schema\/logo\/image\/"},"sameAs":["https:\/\/www.facebook.com\/Fadesp-138351949524662\/","https:\/\/x.com\/Fadesp","https:\/\/www.instagram.com\/fadesp_ufpa\/","https:\/\/www.youtube.com\/@fundacaodeamparoedesenvolv1903","https:\/\/www.threads.net\/@fadesp_ufpa"]}]}},"_links":{"self":[{"href":"https:\/\/portalfadesp.org.br\/index.php?rest_route=\/wp\/v2\/pages\/52081","targetHints":{"allow":["GET"]}}],"collection":[{"href":"https:\/\/portalfadesp.org.br\/index.php?rest_route=\/wp\/v2\/pages"}],"about":[{"href":"https:\/\/portalfadesp.org.br\/index.php?rest_route=\/wp\/v2\/types\/page"}],"author":[{"embeddable":true,"href":"https:\/\/portalfadesp.org.br\/index.php?rest_route=\/wp\/v2\/users\/12"}],"replies":[{"embeddable":true,"href":"https:\/\/portalfadesp.org.br\/index.php?rest_route=%2Fwp%2Fv2%2Fcomments&post=52081"}],"version-history":[{"count":52,"href":"https:\/\/portalfadesp.org.br\/index.php?rest_route=\/wp\/v2\/pages\/52081\/revisions"}],"predecessor-version":[{"id":52937,"href":"https:\/\/portalfadesp.org.br\/index.php?rest_route=\/wp\/v2\/pages\/52081\/revisions\/52937"}],"up":[{"embeddable":true,"href":"https:\/\/portalfadesp.org.br\/index.php?rest_route=\/wp\/v2\/pages\/329"}],"wp:attachment":[{"href":"https:\/\/portalfadesp.org.br\/index.php?rest_route=%2Fwp%2Fv2%2Fmedia&parent=52081"}],"curies":[{"name":"wp","href":"https:\/\/api.w.org\/{rel}","templated":true}]}}