{"id":49764,"date":"2025-06-04T12:03:25","date_gmt":"2025-06-04T15:03:25","guid":{"rendered":"https:\/\/portalfadesp.org.br\/?page_id=49764"},"modified":"2025-12-11T12:00:17","modified_gmt":"2025-12-11T15:00:17","slug":"pagina_modelo-19-13-10","status":"publish","type":"page","link":"https:\/\/portalfadesp.org.br\/?page_id=49764","title":{"rendered":"CURSO DE ESPECIALIZA\u00c7\u00c3O EM PR\u00c1TIVAS PEDAG\u00d3GICAS NA EDUCA\u00c7\u00c3O INCLUSIVA (UFPA\/2025)"},"content":{"rendered":"\t\t<div data-elementor-type=\"wp-post\" data-elementor-id=\"49764\" class=\"elementor elementor-49764\" data-elementor-post-type=\"page\">\n\t\t\t\t\t\t<section class=\"elementor-section elementor-top-section elementor-element elementor-element-1f2996d1 elementor-section-boxed elementor-section-height-default elementor-section-height-default\" data-id=\"1f2996d1\" data-element_type=\"section\">\n\t\t\t\t\t\t<div class=\"elementor-container elementor-column-gap-default\">\n\t\t\t\t\t<div class=\"elementor-column elementor-col-100 elementor-top-column elementor-element elementor-element-59a4b3f8\" data-id=\"59a4b3f8\" data-element_type=\"column\">\n\t\t\t<div class=\"elementor-widget-wrap elementor-element-populated\">\n\t\t\t\t\t\t<div class=\"elementor-element elementor-element-799471af elementor-widget elementor-widget-heading\" data-id=\"799471af\" data-element_type=\"widget\" data-widget_type=\"heading.default\">\n\t\t\t\t<div class=\"elementor-widget-container\">\n\t\t\t\t\t<h1 class=\"elementor-heading-title elementor-size-default\">CURSO DE ESPECIALIZA\u00c7\u00c3O EM PR\u00c1TIVAS PEDAG\u00d3GICAS NA EDUCA\u00c7\u00c3O INCLUSIVA (UFPA\/2025)<\/h1>\t\t\t\t<\/div>\n\t\t\t\t<\/div>\n\t\t\t\t<section class=\"elementor-section elementor-inner-section elementor-element elementor-element-336311f elementor-section-boxed elementor-section-height-default elementor-section-height-default\" data-id=\"336311f\" data-element_type=\"section\">\n\t\t\t\t\t\t<div class=\"elementor-container elementor-column-gap-default\">\n\t\t\t\t\t<div class=\"elementor-column elementor-col-50 elementor-inner-column elementor-element elementor-element-75ca0dc3\" data-id=\"75ca0dc3\" data-element_type=\"column\">\n\t\t\t<div class=\"elementor-widget-wrap elementor-element-populated\">\n\t\t\t\t\t\t<div class=\"elementor-element elementor-element-425a3096 elementor-widget elementor-widget-text-editor\" data-id=\"425a3096\" data-element_type=\"widget\" data-widget_type=\"text-editor.default\">\n\t\t\t\t<div class=\"elementor-widget-container\">\n\t\t\t\t\t\t\t\t\t<p>A Universidade Federal do Par\u00e1 torna p\u00fablico o Edital para a sele\u00e7\u00e3o de candidatos ao CURSO DE ESPECIALIZA\u00c7\u00c3O EM PR\u00c1TICAS PEDAG\u00d3GICAS NA EDUCA\u00c7\u00c3O INCLUSIVA, aprovado na modalidade Semipresencial pela Resolu\u00e7\u00e3o CONSEPE no. 5.851, DE 28 DE JANEIRO DE 2025, obedecendo as datas e demais condi\u00e7\u00f5es especificadas, a seguir:<\/p><p><strong>Objetivo: <\/strong>Desenvolver a capacidade de articula\u00e7\u00e3o entre os processos pedag\u00f3gicos por meio de procedimentos paradigm\u00e1ticos que qualificam o processo de ensino e aprendizagem, bem como a utiliza\u00e7\u00e3o de diferentes abordagens metodol\u00f3gicas e comunica\u00e7\u00e3o na gest\u00e3o e media\u00e7\u00e3o de processos educacionais inclusivos nos espa\u00e7os formais e n\u00e3o formais.<\/p><p><b>Pr\u00e9-requisitos: <\/b>Graduados em qualquer Curso de Licenciatura e\/ou \u00e1reas afins com interesse na tem\u00e1tica do curso.<\/p><p><strong>Vagas:<\/strong> 400 (quatrocentos)\u00a0<\/p><p><strong>Per\u00edodo de Inscri\u00e7\u00e3o: <\/strong>05\/06 a 17\/07\/2025.<\/p><p><strong>Para mais informa\u00e7\u00f5es: <\/strong>peps@ufpa.br<\/p>\t\t\t\t\t\t\t\t<\/div>\n\t\t\t\t<\/div>\n\t\t\t\t\t<\/div>\n\t\t<\/div>\n\t\t\t\t<div class=\"elementor-column elementor-col-50 elementor-inner-column elementor-element elementor-element-79608089\" data-id=\"79608089\" data-element_type=\"column\">\n\t\t\t<div class=\"elementor-widget-wrap elementor-element-populated\">\n\t\t\t\t\t\t<div class=\"elementor-element elementor-element-7ccac55 elementor-widget elementor-widget-text-editor\" data-id=\"7ccac55\" data-element_type=\"widget\" data-widget_type=\"text-editor.default\">\n\t\t\t\t<div class=\"elementor-widget-container\">\n\t\t\t\t\t\t\t\t\t<p><span style=\"color: #ffffff;\"><strong>Editais\u00a0<\/strong><\/span><\/p>\t\t\t\t\t\t\t\t<\/div>\n\t\t\t\t<\/div>\n\t\t\t\t<div class=\"elementor-element elementor-element-368e568 elementor-widget elementor-widget-text-editor\" data-id=\"368e568\" data-element_type=\"widget\" data-widget_type=\"text-editor.default\">\n\t\t\t\t<div class=\"elementor-widget-container\">\n\t\t\t\t\t\t\t\t\t<p style=\"text-align: center;\">VAGAS REMANESCENTES <strong><a href=\"https:\/\/portalfadesp.org.br\/wp-content\/uploads\/2025\/12\/Edital_02-2025-vAGAS-REMANESCENTE-pRATICAS.pdf\">(Clique aqui)<\/a><\/strong><\/p><p style=\"text-align: center;\">Anexo IV &#8211; Declara\u00e7\u00e3o de aus\u00eancia de v\u00ednculo com programa de p\u00f3s-gradua\u00e7\u00e3o <strong><a href=\"https:\/\/portalfadesp.org.br\/wp-content\/uploads\/2025\/06\/ANEXO-IV-Sem-vinculo-na-pos-1.docx\">(Clique aqui)<\/a><\/strong><\/p><p style=\"text-align: center;\">Anexo III &#8211; Autodeclara\u00e7\u00e3o de desemprego <strong><a href=\"https:\/\/portalfadesp.org.br\/wp-content\/uploads\/2025\/06\/ANEXO-III-Autodeclaracao-de-desemprego-1.docx\">(Clique aqui)<\/a><\/strong><\/p><p style=\"text-align: center;\">Anexo II \u2013 Projeto de Aplica\u00e7\u00e3o <strong><a href=\"https:\/\/portalfadesp.org.br\/wp-content\/uploads\/2025\/06\/ANEXO-II-Modelo-de-Projeto-de-Aplicacao-1.docx\">(Clique aqui)<\/a><\/strong><\/p><p style=\"text-align: center;\">Anexo I &#8211; Curr\u00edculos Lattes <strong><a href=\"https:\/\/portalfadesp.org.br\/wp-content\/uploads\/2025\/06\/ANEXO-I-Curriculum-Lattes-1.docx\">(Clique aqui)<\/a><\/strong><\/p><p style=\"text-align: center;\">Edital <strong><a href=\"https:\/\/portalfadesp.org.br\/wp-content\/uploads\/2025\/06\/Edital_01-2025-PRATICAS-INCLUSIVAS-VF.pdf\">(Clique aqui)<\/a><\/strong><\/p>\t\t\t\t\t\t\t\t<\/div>\n\t\t\t\t<\/div>\n\t\t\t\t\t<\/div>\n\t\t<\/div>\n\t\t\t\t\t<\/div>\n\t\t<\/section>\n\t\t\t\t\t<\/div>\n\t\t<\/div>\n\t\t\t\t\t<\/div>\n\t\t<\/section>\n\t\t\t\t<\/div>\n\t\t","protected":false},"excerpt":{"rendered":"<p>CURSO DE ESPECIALIZA\u00c7\u00c3O EM PR\u00c1TIVAS PEDAG\u00d3GICAS NA EDUCA\u00c7\u00c3O INCLUSIVA (UFPA\/2025) A Universidade Federal do Par\u00e1 torna p\u00fablico o Edital para a sele\u00e7\u00e3o de candidatos ao CURSO DE ESPECIALIZA\u00c7\u00c3O EM PR\u00c1TICAS PEDAG\u00d3GICAS NA EDUCA\u00c7\u00c3O INCLUSIVA, aprovado na modalidade Semipresencial pela Resolu\u00e7\u00e3o CONSEPE no. 5.851, DE 28 DE JANEIRO DE 2025, obedecendo as datas e demais condi\u00e7\u00f5es [&hellip;]<\/p>\n","protected":false},"author":12,"featured_media":0,"parent":0,"menu_order":0,"comment_status":"closed","ping_status":"closed","template":"","meta":{"_monsterinsights_skip_tracking":false,"_monsterinsights_sitenote_active":false,"_monsterinsights_sitenote_note":"","_monsterinsights_sitenote_category":0,"footnotes":""},"class_list":["post-49764","page","type-page","status-publish","hentry","entry"],"yoast_head":"<!-- This site is optimized with the Yoast SEO plugin v25.1 - https:\/\/yoast.com\/wordpress\/plugins\/seo\/ -->\n<title>CURSO DE ESPECIALIZA\u00c7\u00c3O EM PR\u00c1TIVAS PEDAG\u00d3GICAS NA EDUCA\u00c7\u00c3O INCLUSIVA (UFPA\/2025) - FADESP<\/title>\n<meta name=\"robots\" content=\"index, follow, max-snippet:-1, max-image-preview:large, max-video-preview:-1\" \/>\n<link rel=\"canonical\" href=\"https:\/\/portalfadesp.org.br\/?page_id=49764\" \/>\n<meta property=\"og:locale\" content=\"pt_BR\" \/>\n<meta property=\"og:type\" content=\"article\" \/>\n<meta property=\"og:title\" content=\"CURSO DE ESPECIALIZA\u00c7\u00c3O EM PR\u00c1TIVAS PEDAG\u00d3GICAS NA EDUCA\u00c7\u00c3O INCLUSIVA (UFPA\/2025) - FADESP\" \/>\n<meta property=\"og:description\" content=\"CURSO DE ESPECIALIZA\u00c7\u00c3O EM PR\u00c1TIVAS PEDAG\u00d3GICAS NA EDUCA\u00c7\u00c3O INCLUSIVA (UFPA\/2025) A Universidade Federal do Par\u00e1 torna p\u00fablico o Edital para a sele\u00e7\u00e3o de candidatos ao CURSO DE ESPECIALIZA\u00c7\u00c3O EM PR\u00c1TICAS PEDAG\u00d3GICAS NA EDUCA\u00c7\u00c3O INCLUSIVA, aprovado na modalidade Semipresencial pela Resolu\u00e7\u00e3o CONSEPE no. 5.851, DE 28 DE JANEIRO DE 2025, obedecendo as datas e demais condi\u00e7\u00f5es [&hellip;]\" \/>\n<meta property=\"og:url\" content=\"https:\/\/portalfadesp.org.br\/?page_id=49764\" \/>\n<meta property=\"og:site_name\" content=\"FADESP\" \/>\n<meta property=\"article:publisher\" content=\"https:\/\/www.facebook.com\/Fadesp-138351949524662\/\" \/>\n<meta property=\"article:modified_time\" content=\"2025-12-11T15:00:17+00:00\" \/>\n<meta name=\"twitter:card\" content=\"summary_large_image\" \/>\n<meta name=\"twitter:site\" content=\"@Fadesp\" \/>\n<meta name=\"twitter:label1\" content=\"Est. tempo de leitura\" \/>\n\t<meta name=\"twitter:data1\" content=\"1 minuto\" \/>\n<script type=\"application\/ld+json\" class=\"yoast-schema-graph\">{\"@context\":\"https:\/\/schema.org\",\"@graph\":[{\"@type\":\"WebPage\",\"@id\":\"https:\/\/portalfadesp.org.br\/?page_id=49764\",\"url\":\"https:\/\/portalfadesp.org.br\/?page_id=49764\",\"name\":\"CURSO DE ESPECIALIZA\u00c7\u00c3O EM PR\u00c1TIVAS PEDAG\u00d3GICAS NA EDUCA\u00c7\u00c3O INCLUSIVA (UFPA\/2025) - FADESP\",\"isPartOf\":{\"@id\":\"https:\/\/portalfadesp.org.br\/#website\"},\"datePublished\":\"2025-06-04T15:03:25+00:00\",\"dateModified\":\"2025-12-11T15:00:17+00:00\",\"breadcrumb\":{\"@id\":\"https:\/\/portalfadesp.org.br\/?page_id=49764#breadcrumb\"},\"inLanguage\":\"pt-BR\",\"potentialAction\":[{\"@type\":\"ReadAction\",\"target\":[\"https:\/\/portalfadesp.org.br\/?page_id=49764\"]}]},{\"@type\":\"BreadcrumbList\",\"@id\":\"https:\/\/portalfadesp.org.br\/?page_id=49764#breadcrumb\",\"itemListElement\":[{\"@type\":\"ListItem\",\"position\":1,\"name\":\"In\u00edcio\",\"item\":\"https:\/\/portalfadesp.org.br\/\"},{\"@type\":\"ListItem\",\"position\":2,\"name\":\"CURSO DE ESPECIALIZA\u00c7\u00c3O EM PR\u00c1TIVAS PEDAG\u00d3GICAS NA EDUCA\u00c7\u00c3O INCLUSIVA (UFPA\/2025)\"}]},{\"@type\":\"WebSite\",\"@id\":\"https:\/\/portalfadesp.org.br\/#website\",\"url\":\"https:\/\/portalfadesp.org.br\/\",\"name\":\"FADESP\",\"description\":\"Funda\u00e7\u00e3o de Amparo e Desenvolvimento da Pesquisa\",\"publisher\":{\"@id\":\"https:\/\/portalfadesp.org.br\/#organization\"},\"potentialAction\":[{\"@type\":\"SearchAction\",\"target\":{\"@type\":\"EntryPoint\",\"urlTemplate\":\"https:\/\/portalfadesp.org.br\/?s={search_term_string}\"},\"query-input\":{\"@type\":\"PropertyValueSpecification\",\"valueRequired\":true,\"valueName\":\"search_term_string\"}}],\"inLanguage\":\"pt-BR\"},{\"@type\":\"Organization\",\"@id\":\"https:\/\/portalfadesp.org.br\/#organization\",\"name\":\"FADESP\",\"url\":\"https:\/\/portalfadesp.org.br\/\",\"logo\":{\"@type\":\"ImageObject\",\"inLanguage\":\"pt-BR\",\"@id\":\"https:\/\/portalfadesp.org.br\/#\/schema\/logo\/image\/\",\"url\":\"https:\/\/portalfadesp.org.br\/wp-content\/uploads\/2024\/01\/NOVOLOGOFADESPlaranjaH.png\",\"contentUrl\":\"https:\/\/portalfadesp.org.br\/wp-content\/uploads\/2024\/01\/NOVOLOGOFADESPlaranjaH.png\",\"width\":2742,\"height\":839,\"caption\":\"FADESP\"},\"image\":{\"@id\":\"https:\/\/portalfadesp.org.br\/#\/schema\/logo\/image\/\"},\"sameAs\":[\"https:\/\/www.facebook.com\/Fadesp-138351949524662\/\",\"https:\/\/x.com\/Fadesp\",\"https:\/\/www.instagram.com\/fadesp_ufpa\/\",\"https:\/\/www.youtube.com\/@fundacaodeamparoedesenvolv1903\",\"https:\/\/www.threads.net\/@fadesp_ufpa\"]}]}<\/script>\n<!-- \/ Yoast SEO plugin. -->","yoast_head_json":{"title":"CURSO DE ESPECIALIZA\u00c7\u00c3O EM PR\u00c1TIVAS PEDAG\u00d3GICAS NA EDUCA\u00c7\u00c3O INCLUSIVA (UFPA\/2025) - FADESP","robots":{"index":"index","follow":"follow","max-snippet":"max-snippet:-1","max-image-preview":"max-image-preview:large","max-video-preview":"max-video-preview:-1"},"canonical":"https:\/\/portalfadesp.org.br\/?page_id=49764","og_locale":"pt_BR","og_type":"article","og_title":"CURSO DE ESPECIALIZA\u00c7\u00c3O EM PR\u00c1TIVAS PEDAG\u00d3GICAS NA EDUCA\u00c7\u00c3O INCLUSIVA (UFPA\/2025) - FADESP","og_description":"CURSO DE ESPECIALIZA\u00c7\u00c3O EM PR\u00c1TIVAS PEDAG\u00d3GICAS NA EDUCA\u00c7\u00c3O INCLUSIVA (UFPA\/2025) A Universidade Federal do Par\u00e1 torna p\u00fablico o Edital para a sele\u00e7\u00e3o de candidatos ao CURSO DE ESPECIALIZA\u00c7\u00c3O EM PR\u00c1TICAS PEDAG\u00d3GICAS NA EDUCA\u00c7\u00c3O INCLUSIVA, aprovado na modalidade Semipresencial pela Resolu\u00e7\u00e3o CONSEPE no. 5.851, DE 28 DE JANEIRO DE 2025, obedecendo as datas e demais condi\u00e7\u00f5es [&hellip;]","og_url":"https:\/\/portalfadesp.org.br\/?page_id=49764","og_site_name":"FADESP","article_publisher":"https:\/\/www.facebook.com\/Fadesp-138351949524662\/","article_modified_time":"2025-12-11T15:00:17+00:00","twitter_card":"summary_large_image","twitter_site":"@Fadesp","twitter_misc":{"Est. tempo de leitura":"1 minuto"},"schema":{"@context":"https:\/\/schema.org","@graph":[{"@type":"WebPage","@id":"https:\/\/portalfadesp.org.br\/?page_id=49764","url":"https:\/\/portalfadesp.org.br\/?page_id=49764","name":"CURSO DE ESPECIALIZA\u00c7\u00c3O EM PR\u00c1TIVAS PEDAG\u00d3GICAS NA EDUCA\u00c7\u00c3O INCLUSIVA (UFPA\/2025) - FADESP","isPartOf":{"@id":"https:\/\/portalfadesp.org.br\/#website"},"datePublished":"2025-06-04T15:03:25+00:00","dateModified":"2025-12-11T15:00:17+00:00","breadcrumb":{"@id":"https:\/\/portalfadesp.org.br\/?page_id=49764#breadcrumb"},"inLanguage":"pt-BR","potentialAction":[{"@type":"ReadAction","target":["https:\/\/portalfadesp.org.br\/?page_id=49764"]}]},{"@type":"BreadcrumbList","@id":"https:\/\/portalfadesp.org.br\/?page_id=49764#breadcrumb","itemListElement":[{"@type":"ListItem","position":1,"name":"In\u00edcio","item":"https:\/\/portalfadesp.org.br\/"},{"@type":"ListItem","position":2,"name":"CURSO DE ESPECIALIZA\u00c7\u00c3O EM PR\u00c1TIVAS PEDAG\u00d3GICAS NA EDUCA\u00c7\u00c3O INCLUSIVA (UFPA\/2025)"}]},{"@type":"WebSite","@id":"https:\/\/portalfadesp.org.br\/#website","url":"https:\/\/portalfadesp.org.br\/","name":"FADESP","description":"Funda\u00e7\u00e3o de Amparo e Desenvolvimento da Pesquisa","publisher":{"@id":"https:\/\/portalfadesp.org.br\/#organization"},"potentialAction":[{"@type":"SearchAction","target":{"@type":"EntryPoint","urlTemplate":"https:\/\/portalfadesp.org.br\/?s={search_term_string}"},"query-input":{"@type":"PropertyValueSpecification","valueRequired":true,"valueName":"search_term_string"}}],"inLanguage":"pt-BR"},{"@type":"Organization","@id":"https:\/\/portalfadesp.org.br\/#organization","name":"FADESP","url":"https:\/\/portalfadesp.org.br\/","logo":{"@type":"ImageObject","inLanguage":"pt-BR","@id":"https:\/\/portalfadesp.org.br\/#\/schema\/logo\/image\/","url":"https:\/\/portalfadesp.org.br\/wp-content\/uploads\/2024\/01\/NOVOLOGOFADESPlaranjaH.png","contentUrl":"https:\/\/portalfadesp.org.br\/wp-content\/uploads\/2024\/01\/NOVOLOGOFADESPlaranjaH.png","width":2742,"height":839,"caption":"FADESP"},"image":{"@id":"https:\/\/portalfadesp.org.br\/#\/schema\/logo\/image\/"},"sameAs":["https:\/\/www.facebook.com\/Fadesp-138351949524662\/","https:\/\/x.com\/Fadesp","https:\/\/www.instagram.com\/fadesp_ufpa\/","https:\/\/www.youtube.com\/@fundacaodeamparoedesenvolv1903","https:\/\/www.threads.net\/@fadesp_ufpa"]}]}},"_links":{"self":[{"href":"https:\/\/portalfadesp.org.br\/index.php?rest_route=\/wp\/v2\/pages\/49764","targetHints":{"allow":["GET"]}}],"collection":[{"href":"https:\/\/portalfadesp.org.br\/index.php?rest_route=\/wp\/v2\/pages"}],"about":[{"href":"https:\/\/portalfadesp.org.br\/index.php?rest_route=\/wp\/v2\/types\/page"}],"author":[{"embeddable":true,"href":"https:\/\/portalfadesp.org.br\/index.php?rest_route=\/wp\/v2\/users\/12"}],"replies":[{"embeddable":true,"href":"https:\/\/portalfadesp.org.br\/index.php?rest_route=%2Fwp%2Fv2%2Fcomments&post=49764"}],"version-history":[{"count":17,"href":"https:\/\/portalfadesp.org.br\/index.php?rest_route=\/wp\/v2\/pages\/49764\/revisions"}],"predecessor-version":[{"id":52899,"href":"https:\/\/portalfadesp.org.br\/index.php?rest_route=\/wp\/v2\/pages\/49764\/revisions\/52899"}],"wp:attachment":[{"href":"https:\/\/portalfadesp.org.br\/index.php?rest_route=%2Fwp%2Fv2%2Fmedia&parent=49764"}],"curies":[{"name":"wp","href":"https:\/\/api.w.org\/{rel}","templated":true}]}}