{"id":48825,"date":"2025-03-31T14:53:34","date_gmt":"2025-03-31T17:53:34","guid":{"rendered":"https:\/\/portalfadesp.org.br\/?page_id=48825"},"modified":"2025-06-17T16:56:12","modified_gmt":"2025-06-17T19:56:12","slug":"pagina_modelo-19-13-9","status":"publish","type":"page","link":"https:\/\/portalfadesp.org.br\/?page_id=48825","title":{"rendered":"ESPECIALIZA\u00c7\u00c3O MULTIPROFISSIONAL EM EPIDEMIOLOGIA E SERVI\u00c7OS DE SA\u00daDE"},"content":{"rendered":"\t\t<div data-elementor-type=\"wp-post\" data-elementor-id=\"48825\" class=\"elementor elementor-48825\" data-elementor-post-type=\"page\">\n\t\t\t\t\t\t<section class=\"elementor-section elementor-top-section elementor-element elementor-element-1f2996d1 elementor-section-boxed elementor-section-height-default elementor-section-height-default\" data-id=\"1f2996d1\" data-element_type=\"section\">\n\t\t\t\t\t\t<div class=\"elementor-container elementor-column-gap-default\">\n\t\t\t\t\t<div class=\"elementor-column elementor-col-100 elementor-top-column elementor-element elementor-element-59a4b3f8\" data-id=\"59a4b3f8\" data-element_type=\"column\">\n\t\t\t<div class=\"elementor-widget-wrap elementor-element-populated\">\n\t\t\t\t\t\t<div class=\"elementor-element elementor-element-799471af elementor-widget elementor-widget-heading\" data-id=\"799471af\" data-element_type=\"widget\" data-widget_type=\"heading.default\">\n\t\t\t\t<div class=\"elementor-widget-container\">\n\t\t\t\t\t<h1 class=\"elementor-heading-title elementor-size-default\">ESPECIALIZA\u00c7\u00c3O MULTIPROFISSIONAL EM EPIDEMIOLOGIA E SERVI\u00c7OS DE SA\u00daDE<\/h1>\t\t\t\t<\/div>\n\t\t\t\t<\/div>\n\t\t\t\t<section class=\"elementor-section elementor-inner-section elementor-element elementor-element-336311f elementor-section-boxed elementor-section-height-default elementor-section-height-default\" data-id=\"336311f\" data-element_type=\"section\">\n\t\t\t\t\t\t<div class=\"elementor-container elementor-column-gap-default\">\n\t\t\t\t\t<div class=\"elementor-column elementor-col-50 elementor-inner-column elementor-element elementor-element-75ca0dc3\" data-id=\"75ca0dc3\" data-element_type=\"column\">\n\t\t\t<div class=\"elementor-widget-wrap elementor-element-populated\">\n\t\t\t\t\t\t<div class=\"elementor-element elementor-element-425a3096 elementor-widget elementor-widget-text-editor\" data-id=\"425a3096\" data-element_type=\"widget\" data-widget_type=\"text-editor.default\">\n\t\t\t\t<div class=\"elementor-widget-container\">\n\t\t\t\t\t\t\t\t\t<p>A Universidade Federal do Par\u00e1 torna p\u00fablico o Edital para a sele\u00e7\u00e3o de candidatos ao CURSO DE ESPECIALIZA\u00c7\u00c3O MULTIPROFISSIONAL EM EPIDEMIOLOGIA E SERVI\u00c7OS DE SA\u00daDE \u2013 1 edi\u00e7\u00e3o, aprovado pela Resolu\u00e7\u00e3o CONSEPE n.o 5.705, de 13 de dezembro de 2023.<\/p><p><b>Objetivo: <\/b>Formar profissionais capacitados na aplica\u00e7\u00e3o de conhecimentos de epidemiologia e vigil\u00e2ncia epidemiol\u00f3gica nos servi\u00e7os de sa\u00fade. Estes profissionais atuar\u00e3o em equipes interdisciplinares na \u00e1rea de Sa\u00fade Coletiva, com dom\u00ednio te\u00f3rico e t\u00e9cnico para a execu\u00e7\u00e3o de projetos que garantam o acesso ao bem-<br \/>estar f\u00edsico, mental, social, cultural e pol\u00edtico, promovendo melhorias na qualidade de vida da popula\u00e7\u00e3o.<\/p><p><b>P\u00fablico-alvo: <\/b>Alunos egressos da \u00e1rea das Ci\u00eancias da Sa\u00fade com titula\u00e7\u00e3o m\u00ednima de gradua\u00e7\u00e3o e profissionais de outras \u00e1reas que sejam interessados em desenvolver compet\u00eancias para atuar na \u00e1rea de epidemiologia aplicada aos servi\u00e7os de sa\u00fade, relacionadas \u00e0 Sa\u00fade Coletiva.<\/p><p><strong>Vagas: <\/strong>140 (cento e quarenta)<\/p><p><strong>Per\u00edodo de Inscri\u00e7\u00e3o:<\/strong>01\/04\/2025 a 30\/05\/2025<\/p><p><strong>Taxa de inscri\u00e7\u00e3o:<\/strong> R$100,00 (Cem reais)<\/p><p><strong>Para mais informa\u00e7\u00f5es: <\/strong>(91) 983576331 de segunda a sexta-feira, no hor\u00e1rio de 8h \u00e0s 17h.<\/p>\t\t\t\t\t\t\t\t<\/div>\n\t\t\t\t<\/div>\n\t\t\t\t\t<\/div>\n\t\t<\/div>\n\t\t\t\t<div class=\"elementor-column elementor-col-50 elementor-inner-column elementor-element elementor-element-79608089\" data-id=\"79608089\" data-element_type=\"column\">\n\t\t\t<div class=\"elementor-widget-wrap elementor-element-populated\">\n\t\t\t\t\t\t<div class=\"elementor-element elementor-element-7ccac55 elementor-widget elementor-widget-text-editor\" data-id=\"7ccac55\" data-element_type=\"widget\" data-widget_type=\"text-editor.default\">\n\t\t\t\t<div class=\"elementor-widget-container\">\n\t\t\t\t\t\t\t\t\t<p><span style=\"color: #ffffff;\"><strong>Inscri\u00e7\u00e3o<\/strong><\/span><\/p>\t\t\t\t\t\t\t\t<\/div>\n\t\t\t\t<\/div>\n\t\t\t\t<div class=\"elementor-element elementor-element-c704e7a elementor-widget elementor-widget-text-editor\" data-id=\"c704e7a\" data-element_type=\"widget\" data-widget_type=\"text-editor.default\">\n\t\t\t\t<div class=\"elementor-widget-container\">\n\t\t\t\t\t\t\t\t\t<p style=\"text-align: center;\">Para realizar a inscri\u00e7\u00e3o, acesse: <span style=\"text-decoration: underline;\"><strong><em><a href=\"https:\/\/cursoseventos.fadesp.org.br\/gui\/PortalCursosEventos.aspx\">https:\/\/cursoseventos.fadesp.org.br\/gui\/PortalCursosEventos.aspx<\/a><\/em><\/strong><\/span><\/p>\t\t\t\t\t\t\t\t<\/div>\n\t\t\t\t<\/div>\n\t\t\t\t<div class=\"elementor-element elementor-element-d753d45 elementor-widget elementor-widget-text-editor\" data-id=\"d753d45\" data-element_type=\"widget\" data-widget_type=\"text-editor.default\">\n\t\t\t\t<div class=\"elementor-widget-container\">\n\t\t\t\t\t\t\t\t\t<p><span style=\"color: #ffffff;\"><strong>Editais\u00a0<\/strong><\/span><\/p>\t\t\t\t\t\t\t\t<\/div>\n\t\t\t\t<\/div>\n\t\t\t\t<div class=\"elementor-element elementor-element-368e568 elementor-widget elementor-widget-text-editor\" data-id=\"368e568\" data-element_type=\"widget\" data-widget_type=\"text-editor.default\">\n\t\t\t\t<div class=\"elementor-widget-container\">\n\t\t\t\t\t\t\t\t\t<p style=\"text-align: center;\">Inscri\u00e7\u00f5es homologadas <strong><a href=\"https:\/\/portalfadesp.org.br\/wp-content\/uploads\/2025\/06\/Inscricoes-homologadas.pdf\">(Clique aqui)<\/a><\/strong><\/p><p style=\"text-align: center;\">Inscri\u00e7\u00f5es prorrogadas 3 <strong><a href=\"https:\/\/portalfadesp.org.br\/wp-content\/uploads\/2025\/05\/Edital_01-2024-EPIDEMIOLOGIA-E-SERVICOS-DE-SAUDE-PRORROGACAO-2.pdf\">(Clique aqui)<\/a><\/strong><\/p><p style=\"text-align: center;\">Inscri\u00e7\u00f5es prorrogadas 2 <strong><a href=\"https:\/\/portalfadesp.org.br\/wp-content\/uploads\/2025\/05\/Edital_01-2024-EPIDEMIOLOGIA-E-SERVICOS-DE-SAUDE-PRORROGACAO-2.docx.pdf\">(Clique aqui)<\/a><\/strong><\/p><p style=\"text-align: center;\">Inscri\u00e7\u00f5es prorrogadas <strong><a href=\"https:\/\/portalfadesp.org.br\/wp-content\/uploads\/2025\/04\/Edital_01-2024-EPIDEMIOLOGIA-E-SERVICOS-DE-SAUDE-PRORROGACAO.docx-1.pdf\">(Clique aqui)<\/a><\/strong><\/p><p style=\"text-align: center;\">Edital <strong><a href=\"https:\/\/portalfadesp.org.br\/wp-content\/uploads\/2025\/03\/Edital_01-2024_EPIDEMIOLOGIA_E_SERVIOS_DE_SAUDE_31_03_2025.pdf\">(Clique aqui)<\/a><\/strong><\/p>\t\t\t\t\t\t\t\t<\/div>\n\t\t\t\t<\/div>\n\t\t\t\t\t<\/div>\n\t\t<\/div>\n\t\t\t\t\t<\/div>\n\t\t<\/section>\n\t\t\t\t\t<\/div>\n\t\t<\/div>\n\t\t\t\t\t<\/div>\n\t\t<\/section>\n\t\t\t\t<\/div>\n\t\t","protected":false},"excerpt":{"rendered":"<p>ESPECIALIZA\u00c7\u00c3O MULTIPROFISSIONAL EM EPIDEMIOLOGIA E SERVI\u00c7OS DE SA\u00daDE A Universidade Federal do Par\u00e1 torna p\u00fablico o Edital para a sele\u00e7\u00e3o de candidatos ao CURSO DE ESPECIALIZA\u00c7\u00c3O MULTIPROFISSIONAL EM EPIDEMIOLOGIA E SERVI\u00c7OS DE SA\u00daDE \u2013 1 edi\u00e7\u00e3o, aprovado pela Resolu\u00e7\u00e3o CONSEPE n.o 5.705, de 13 de dezembro de 2023. Objetivo: Formar profissionais capacitados na aplica\u00e7\u00e3o de [&hellip;]<\/p>\n","protected":false},"author":12,"featured_media":0,"parent":0,"menu_order":0,"comment_status":"closed","ping_status":"closed","template":"","meta":{"_monsterinsights_skip_tracking":false,"_monsterinsights_sitenote_active":false,"_monsterinsights_sitenote_note":"","_monsterinsights_sitenote_category":0,"footnotes":""},"class_list":["post-48825","page","type-page","status-publish","hentry","entry"],"yoast_head":"<!-- This site is optimized with the Yoast SEO plugin v25.1 - https:\/\/yoast.com\/wordpress\/plugins\/seo\/ -->\n<title>ESPECIALIZA\u00c7\u00c3O MULTIPROFISSIONAL EM EPIDEMIOLOGIA E SERVI\u00c7OS DE SA\u00daDE - FADESP<\/title>\n<meta name=\"robots\" content=\"index, follow, max-snippet:-1, max-image-preview:large, max-video-preview:-1\" \/>\n<link rel=\"canonical\" href=\"https:\/\/portalfadesp.org.br\/?page_id=48825\" \/>\n<meta property=\"og:locale\" content=\"pt_BR\" \/>\n<meta property=\"og:type\" content=\"article\" \/>\n<meta property=\"og:title\" content=\"ESPECIALIZA\u00c7\u00c3O MULTIPROFISSIONAL EM EPIDEMIOLOGIA E SERVI\u00c7OS DE SA\u00daDE - FADESP\" \/>\n<meta property=\"og:description\" content=\"ESPECIALIZA\u00c7\u00c3O MULTIPROFISSIONAL EM EPIDEMIOLOGIA E SERVI\u00c7OS DE SA\u00daDE A Universidade Federal do Par\u00e1 torna p\u00fablico o Edital para a sele\u00e7\u00e3o de candidatos ao CURSO DE ESPECIALIZA\u00c7\u00c3O MULTIPROFISSIONAL EM EPIDEMIOLOGIA E SERVI\u00c7OS DE SA\u00daDE \u2013 1 edi\u00e7\u00e3o, aprovado pela Resolu\u00e7\u00e3o CONSEPE n.o 5.705, de 13 de dezembro de 2023. Objetivo: Formar profissionais capacitados na aplica\u00e7\u00e3o de [&hellip;]\" \/>\n<meta property=\"og:url\" content=\"https:\/\/portalfadesp.org.br\/?page_id=48825\" \/>\n<meta property=\"og:site_name\" content=\"FADESP\" \/>\n<meta property=\"article:publisher\" content=\"https:\/\/www.facebook.com\/Fadesp-138351949524662\/\" \/>\n<meta property=\"article:modified_time\" content=\"2025-06-17T19:56:12+00:00\" \/>\n<meta name=\"twitter:card\" content=\"summary_large_image\" \/>\n<meta name=\"twitter:site\" content=\"@Fadesp\" \/>\n<meta name=\"twitter:label1\" content=\"Est. tempo de leitura\" \/>\n\t<meta name=\"twitter:data1\" content=\"2 minutos\" \/>\n<script type=\"application\/ld+json\" class=\"yoast-schema-graph\">{\"@context\":\"https:\/\/schema.org\",\"@graph\":[{\"@type\":\"WebPage\",\"@id\":\"https:\/\/portalfadesp.org.br\/?page_id=48825\",\"url\":\"https:\/\/portalfadesp.org.br\/?page_id=48825\",\"name\":\"ESPECIALIZA\u00c7\u00c3O MULTIPROFISSIONAL EM EPIDEMIOLOGIA E SERVI\u00c7OS DE SA\u00daDE - FADESP\",\"isPartOf\":{\"@id\":\"https:\/\/portalfadesp.org.br\/#website\"},\"datePublished\":\"2025-03-31T17:53:34+00:00\",\"dateModified\":\"2025-06-17T19:56:12+00:00\",\"breadcrumb\":{\"@id\":\"https:\/\/portalfadesp.org.br\/?page_id=48825#breadcrumb\"},\"inLanguage\":\"pt-BR\",\"potentialAction\":[{\"@type\":\"ReadAction\",\"target\":[\"https:\/\/portalfadesp.org.br\/?page_id=48825\"]}]},{\"@type\":\"BreadcrumbList\",\"@id\":\"https:\/\/portalfadesp.org.br\/?page_id=48825#breadcrumb\",\"itemListElement\":[{\"@type\":\"ListItem\",\"position\":1,\"name\":\"In\u00edcio\",\"item\":\"https:\/\/portalfadesp.org.br\/\"},{\"@type\":\"ListItem\",\"position\":2,\"name\":\"ESPECIALIZA\u00c7\u00c3O MULTIPROFISSIONAL EM EPIDEMIOLOGIA E SERVI\u00c7OS DE SA\u00daDE\"}]},{\"@type\":\"WebSite\",\"@id\":\"https:\/\/portalfadesp.org.br\/#website\",\"url\":\"https:\/\/portalfadesp.org.br\/\",\"name\":\"FADESP\",\"description\":\"Funda\u00e7\u00e3o de Amparo e Desenvolvimento da Pesquisa\",\"publisher\":{\"@id\":\"https:\/\/portalfadesp.org.br\/#organization\"},\"potentialAction\":[{\"@type\":\"SearchAction\",\"target\":{\"@type\":\"EntryPoint\",\"urlTemplate\":\"https:\/\/portalfadesp.org.br\/?s={search_term_string}\"},\"query-input\":{\"@type\":\"PropertyValueSpecification\",\"valueRequired\":true,\"valueName\":\"search_term_string\"}}],\"inLanguage\":\"pt-BR\"},{\"@type\":\"Organization\",\"@id\":\"https:\/\/portalfadesp.org.br\/#organization\",\"name\":\"FADESP\",\"url\":\"https:\/\/portalfadesp.org.br\/\",\"logo\":{\"@type\":\"ImageObject\",\"inLanguage\":\"pt-BR\",\"@id\":\"https:\/\/portalfadesp.org.br\/#\/schema\/logo\/image\/\",\"url\":\"https:\/\/portalfadesp.org.br\/wp-content\/uploads\/2024\/01\/NOVOLOGOFADESPlaranjaH.png\",\"contentUrl\":\"https:\/\/portalfadesp.org.br\/wp-content\/uploads\/2024\/01\/NOVOLOGOFADESPlaranjaH.png\",\"width\":2742,\"height\":839,\"caption\":\"FADESP\"},\"image\":{\"@id\":\"https:\/\/portalfadesp.org.br\/#\/schema\/logo\/image\/\"},\"sameAs\":[\"https:\/\/www.facebook.com\/Fadesp-138351949524662\/\",\"https:\/\/x.com\/Fadesp\",\"https:\/\/www.instagram.com\/fadesp_ufpa\/\",\"https:\/\/www.youtube.com\/@fundacaodeamparoedesenvolv1903\",\"https:\/\/www.threads.net\/@fadesp_ufpa\"]}]}<\/script>\n<!-- \/ Yoast SEO plugin. -->","yoast_head_json":{"title":"ESPECIALIZA\u00c7\u00c3O MULTIPROFISSIONAL EM EPIDEMIOLOGIA E SERVI\u00c7OS DE SA\u00daDE - FADESP","robots":{"index":"index","follow":"follow","max-snippet":"max-snippet:-1","max-image-preview":"max-image-preview:large","max-video-preview":"max-video-preview:-1"},"canonical":"https:\/\/portalfadesp.org.br\/?page_id=48825","og_locale":"pt_BR","og_type":"article","og_title":"ESPECIALIZA\u00c7\u00c3O MULTIPROFISSIONAL EM EPIDEMIOLOGIA E SERVI\u00c7OS DE SA\u00daDE - FADESP","og_description":"ESPECIALIZA\u00c7\u00c3O MULTIPROFISSIONAL EM EPIDEMIOLOGIA E SERVI\u00c7OS DE SA\u00daDE A Universidade Federal do Par\u00e1 torna p\u00fablico o Edital para a sele\u00e7\u00e3o de candidatos ao CURSO DE ESPECIALIZA\u00c7\u00c3O MULTIPROFISSIONAL EM EPIDEMIOLOGIA E SERVI\u00c7OS DE SA\u00daDE \u2013 1 edi\u00e7\u00e3o, aprovado pela Resolu\u00e7\u00e3o CONSEPE n.o 5.705, de 13 de dezembro de 2023. Objetivo: Formar profissionais capacitados na aplica\u00e7\u00e3o de [&hellip;]","og_url":"https:\/\/portalfadesp.org.br\/?page_id=48825","og_site_name":"FADESP","article_publisher":"https:\/\/www.facebook.com\/Fadesp-138351949524662\/","article_modified_time":"2025-06-17T19:56:12+00:00","twitter_card":"summary_large_image","twitter_site":"@Fadesp","twitter_misc":{"Est. tempo de leitura":"2 minutos"},"schema":{"@context":"https:\/\/schema.org","@graph":[{"@type":"WebPage","@id":"https:\/\/portalfadesp.org.br\/?page_id=48825","url":"https:\/\/portalfadesp.org.br\/?page_id=48825","name":"ESPECIALIZA\u00c7\u00c3O MULTIPROFISSIONAL EM EPIDEMIOLOGIA E SERVI\u00c7OS DE SA\u00daDE - FADESP","isPartOf":{"@id":"https:\/\/portalfadesp.org.br\/#website"},"datePublished":"2025-03-31T17:53:34+00:00","dateModified":"2025-06-17T19:56:12+00:00","breadcrumb":{"@id":"https:\/\/portalfadesp.org.br\/?page_id=48825#breadcrumb"},"inLanguage":"pt-BR","potentialAction":[{"@type":"ReadAction","target":["https:\/\/portalfadesp.org.br\/?page_id=48825"]}]},{"@type":"BreadcrumbList","@id":"https:\/\/portalfadesp.org.br\/?page_id=48825#breadcrumb","itemListElement":[{"@type":"ListItem","position":1,"name":"In\u00edcio","item":"https:\/\/portalfadesp.org.br\/"},{"@type":"ListItem","position":2,"name":"ESPECIALIZA\u00c7\u00c3O MULTIPROFISSIONAL EM EPIDEMIOLOGIA E SERVI\u00c7OS DE SA\u00daDE"}]},{"@type":"WebSite","@id":"https:\/\/portalfadesp.org.br\/#website","url":"https:\/\/portalfadesp.org.br\/","name":"FADESP","description":"Funda\u00e7\u00e3o de Amparo e Desenvolvimento da Pesquisa","publisher":{"@id":"https:\/\/portalfadesp.org.br\/#organization"},"potentialAction":[{"@type":"SearchAction","target":{"@type":"EntryPoint","urlTemplate":"https:\/\/portalfadesp.org.br\/?s={search_term_string}"},"query-input":{"@type":"PropertyValueSpecification","valueRequired":true,"valueName":"search_term_string"}}],"inLanguage":"pt-BR"},{"@type":"Organization","@id":"https:\/\/portalfadesp.org.br\/#organization","name":"FADESP","url":"https:\/\/portalfadesp.org.br\/","logo":{"@type":"ImageObject","inLanguage":"pt-BR","@id":"https:\/\/portalfadesp.org.br\/#\/schema\/logo\/image\/","url":"https:\/\/portalfadesp.org.br\/wp-content\/uploads\/2024\/01\/NOVOLOGOFADESPlaranjaH.png","contentUrl":"https:\/\/portalfadesp.org.br\/wp-content\/uploads\/2024\/01\/NOVOLOGOFADESPlaranjaH.png","width":2742,"height":839,"caption":"FADESP"},"image":{"@id":"https:\/\/portalfadesp.org.br\/#\/schema\/logo\/image\/"},"sameAs":["https:\/\/www.facebook.com\/Fadesp-138351949524662\/","https:\/\/x.com\/Fadesp","https:\/\/www.instagram.com\/fadesp_ufpa\/","https:\/\/www.youtube.com\/@fundacaodeamparoedesenvolv1903","https:\/\/www.threads.net\/@fadesp_ufpa"]}]}},"_links":{"self":[{"href":"https:\/\/portalfadesp.org.br\/index.php?rest_route=\/wp\/v2\/pages\/48825","targetHints":{"allow":["GET"]}}],"collection":[{"href":"https:\/\/portalfadesp.org.br\/index.php?rest_route=\/wp\/v2\/pages"}],"about":[{"href":"https:\/\/portalfadesp.org.br\/index.php?rest_route=\/wp\/v2\/types\/page"}],"author":[{"embeddable":true,"href":"https:\/\/portalfadesp.org.br\/index.php?rest_route=\/wp\/v2\/users\/12"}],"replies":[{"embeddable":true,"href":"https:\/\/portalfadesp.org.br\/index.php?rest_route=%2Fwp%2Fv2%2Fcomments&post=48825"}],"version-history":[{"count":30,"href":"https:\/\/portalfadesp.org.br\/index.php?rest_route=\/wp\/v2\/pages\/48825\/revisions"}],"predecessor-version":[{"id":50591,"href":"https:\/\/portalfadesp.org.br\/index.php?rest_route=\/wp\/v2\/pages\/48825\/revisions\/50591"}],"wp:attachment":[{"href":"https:\/\/portalfadesp.org.br\/index.php?rest_route=%2Fwp%2Fv2%2Fmedia&parent=48825"}],"curies":[{"name":"wp","href":"https:\/\/api.w.org\/{rel}","templated":true}]}}