{"id":45057,"date":"2024-01-16T16:38:25","date_gmt":"2024-01-16T19:38:25","guid":{"rendered":"https:\/\/portalfadesp.org.br\/?page_id=45057"},"modified":"2024-01-16T17:00:29","modified_gmt":"2024-01-16T20:00:29","slug":"pagina_modelo-19-13-39","status":"publish","type":"page","link":"https:\/\/portalfadesp.org.br\/?page_id=45057","title":{"rendered":"PROJETO DE CAPACITA\u00c7\u00c3O PARA COMUNIDADES DE BAIXA RENDA &#8211; CAPTEC \/ UFPA \/ ITEC 2024"},"content":{"rendered":"\t\t<div data-elementor-type=\"wp-post\" data-elementor-id=\"45057\" class=\"elementor elementor-45057\" data-elementor-post-type=\"page\">\n\t\t\t\t\t\t<section class=\"elementor-section elementor-top-section elementor-element elementor-element-1f2996d1 elementor-section-boxed elementor-section-height-default elementor-section-height-default\" data-id=\"1f2996d1\" data-element_type=\"section\">\n\t\t\t\t\t\t<div class=\"elementor-container elementor-column-gap-default\">\n\t\t\t\t\t<div class=\"elementor-column elementor-col-100 elementor-top-column elementor-element elementor-element-59a4b3f8\" data-id=\"59a4b3f8\" data-element_type=\"column\">\n\t\t\t<div class=\"elementor-widget-wrap elementor-element-populated\">\n\t\t\t\t\t\t<div class=\"elementor-element elementor-element-799471af elementor-widget elementor-widget-heading\" data-id=\"799471af\" data-element_type=\"widget\" data-widget_type=\"heading.default\">\n\t\t\t\t<div class=\"elementor-widget-container\">\n\t\t\t\t\t<h1 class=\"elementor-heading-title elementor-size-default\">PROJETO DE CAPACITA\u00c7\u00c3O PARA COMUNIDADES DE BAIXA RENDA - CAPTEC \/ UFPA \/ ITEC 2024<\/h1>\t\t\t\t<\/div>\n\t\t\t\t<\/div>\n\t\t\t\t<section class=\"elementor-section elementor-inner-section elementor-element elementor-element-336311f elementor-section-boxed elementor-section-height-default elementor-section-height-default\" data-id=\"336311f\" data-element_type=\"section\">\n\t\t\t\t\t\t<div class=\"elementor-container elementor-column-gap-default\">\n\t\t\t\t\t<div class=\"elementor-column elementor-col-50 elementor-inner-column elementor-element elementor-element-75ca0dc3\" data-id=\"75ca0dc3\" data-element_type=\"column\">\n\t\t\t<div class=\"elementor-widget-wrap elementor-element-populated\">\n\t\t\t\t\t\t<div class=\"elementor-element elementor-element-425a3096 elementor-widget elementor-widget-text-editor\" data-id=\"425a3096\" data-element_type=\"widget\" data-widget_type=\"text-editor.default\">\n\t\t\t\t<div class=\"elementor-widget-container\">\n\t\t\t\t\t\t\t\t\t<p>O Coordenador do Projeto \u2013 Capacita\u00e7\u00e3o para Comunidades de Baixa Renda, no uso das suas atribui\u00e7\u00f5es conferidas pela Portaria 0181\/2022 \u2013 ITEC-UFPA, torna p\u00fablico o EDITAL PARA INSCRI\u00c7\u00c3O AO PROCESSO SELETIVO DE ALUNOS aos cursos de Capacita\u00e7\u00e3o para Comunidades de Baixa Renda &#8211; CAPTEC, destinados a jovens e adultos na modalidade presencial.<\/p><p><b>Pr\u00e9-requisitos:<\/b><\/p><p>I \u2013 Sejam maiores de dezoito (18) anos;<br \/>II \u2013 Tenham completado o ensino fundamental;<br \/>III \u2013 Tenham registro no Cadastro \u00danico (Cad\u00danico) ou NIS (N\u00famero de identifica\u00e7\u00e3o Social).<\/p><p><strong>Vagas:<\/strong> vinte e cinco (25)\u00a0 por curso, que totaliza 225 vagas por turma.<\/p><p><strong>Per\u00edodo de Inscri\u00e7\u00e3o: <\/strong>16 a 19\/01\/2024 (De\u00a0forma presencial na Escola T\u00e9cnica Estadual (EETEPA) Prof. Francisco das Chagas Ribeiro de Azevedo &#8211; Cacau (Icoaraci), situada na Av. R Monsenhor Jos\u00e9 Maria Azevedo, s\/n \u2013 Campina, Bel\u00e9m-Pa, CEP 66813-030, nos hor\u00e1rios das 8h \u00e0s 12h e das 14h \u00e0s 17:30 h.)<\/p><p><strong>Os cursos oferecidos s\u00e3o:<\/strong><br \/>I \u2013 Fundamentos e pr\u00e1ticas em manuten\u00e7\u00e3o de motores de combust\u00e3o interna;<br \/>II \u2013 Fundamentos e pr\u00e1ticas em soldagem de eletrodo revestido;<br \/>III \u2013 Fundamentos e pr\u00e1ticas em ar-condicionado-Split e refrigera\u00e7\u00e3o;<br \/>IV \u2013 Fundamentos e pr\u00e1ticas de editor de texto e planilhas;<br \/>V \u2013 Fundamentos e pr\u00e1ticas de instala\u00e7\u00f5es el\u00e9tricas predial dom\u00e9stica (baixa tens\u00e3o);<br \/>VI \u2013 Fundamentos e pr\u00e1ticas de confec\u00e7\u00e3o de repelentes naturais;<br \/>VII \u2013 Fundamentos e pr\u00e1ticas de cria\u00e7\u00e3o de peixe em cativeiro;<br \/>VIII \u2013 Fundamentos e pr\u00e1ticas de manuten\u00e7\u00e3o de motocicleta;<br \/>IX \u2013 Fundamentos e pr\u00e1ticas em eletromec\u00e2nica (m\u00e1quinas el\u00e9tricas).<\/p><p><strong>Para mais informa\u00e7\u00f5es: <\/strong>edbraga@ufpa.br<\/p>\t\t\t\t\t\t\t\t<\/div>\n\t\t\t\t<\/div>\n\t\t\t\t\t<\/div>\n\t\t<\/div>\n\t\t\t\t<div class=\"elementor-column elementor-col-50 elementor-inner-column elementor-element elementor-element-79608089\" data-id=\"79608089\" data-element_type=\"column\">\n\t\t\t<div class=\"elementor-widget-wrap elementor-element-populated\">\n\t\t\t\t\t\t<div class=\"elementor-element elementor-element-7ccac55 elementor-widget elementor-widget-text-editor\" data-id=\"7ccac55\" data-element_type=\"widget\" data-widget_type=\"text-editor.default\">\n\t\t\t\t<div class=\"elementor-widget-container\">\n\t\t\t\t\t\t\t\t\t<p><strong>Editais\u00a0<\/strong><\/p>\t\t\t\t\t\t\t\t<\/div>\n\t\t\t\t<\/div>\n\t\t\t\t<div class=\"elementor-element elementor-element-368e568 elementor-widget elementor-widget-text-editor\" data-id=\"368e568\" data-element_type=\"widget\" data-widget_type=\"text-editor.default\">\n\t\t\t\t<div class=\"elementor-widget-container\">\n\t\t\t\t\t\t\t\t\t<p style=\"text-align: center;\">Edital <strong><a href=\"https:\/\/portalfadesp.org.br\/wp-content\/uploads\/2024\/01\/EDITAL-No-CAPTEC-2024-1.pdf\">(Clique aqui)<\/a><\/strong><\/p>\t\t\t\t\t\t\t\t<\/div>\n\t\t\t\t<\/div>\n\t\t\t\t\t<\/div>\n\t\t<\/div>\n\t\t\t\t\t<\/div>\n\t\t<\/section>\n\t\t\t\t\t<\/div>\n\t\t<\/div>\n\t\t\t\t\t<\/div>\n\t\t<\/section>\n\t\t\t\t<\/div>\n\t\t","protected":false},"excerpt":{"rendered":"<p>PROJETO DE CAPACITA\u00c7\u00c3O PARA COMUNIDADES DE BAIXA RENDA &#8211; CAPTEC \/ UFPA \/ ITEC 2024 O Coordenador do Projeto \u2013 Capacita\u00e7\u00e3o para Comunidades de Baixa Renda, no uso das suas atribui\u00e7\u00f5es conferidas pela Portaria 0181\/2022 \u2013 ITEC-UFPA, torna p\u00fablico o EDITAL PARA INSCRI\u00c7\u00c3O AO PROCESSO SELETIVO DE ALUNOS aos cursos de Capacita\u00e7\u00e3o para Comunidades de [&hellip;]<\/p>\n","protected":false},"author":12,"featured_media":0,"parent":0,"menu_order":0,"comment_status":"closed","ping_status":"closed","template":"","meta":{"_monsterinsights_skip_tracking":false,"_monsterinsights_sitenote_active":false,"_monsterinsights_sitenote_note":"","_monsterinsights_sitenote_category":0,"footnotes":""},"class_list":["post-45057","page","type-page","status-publish","hentry","entry"],"yoast_head":"<!-- This site is optimized with the Yoast SEO plugin v25.1 - https:\/\/yoast.com\/wordpress\/plugins\/seo\/ -->\n<title>PROJETO DE CAPACITA\u00c7\u00c3O PARA COMUNIDADES DE BAIXA RENDA - CAPTEC \/ UFPA \/ ITEC 2024 - FADESP<\/title>\n<meta name=\"robots\" content=\"index, follow, max-snippet:-1, max-image-preview:large, max-video-preview:-1\" \/>\n<link rel=\"canonical\" href=\"https:\/\/portalfadesp.org.br\/?page_id=45057\" \/>\n<meta property=\"og:locale\" content=\"pt_BR\" \/>\n<meta property=\"og:type\" content=\"article\" \/>\n<meta property=\"og:title\" content=\"PROJETO DE CAPACITA\u00c7\u00c3O PARA COMUNIDADES DE BAIXA RENDA - CAPTEC \/ UFPA \/ ITEC 2024 - FADESP\" \/>\n<meta property=\"og:description\" content=\"PROJETO DE CAPACITA\u00c7\u00c3O PARA COMUNIDADES DE BAIXA RENDA &#8211; CAPTEC \/ UFPA \/ ITEC 2024 O Coordenador do Projeto \u2013 Capacita\u00e7\u00e3o para Comunidades de Baixa Renda, no uso das suas atribui\u00e7\u00f5es conferidas pela Portaria 0181\/2022 \u2013 ITEC-UFPA, torna p\u00fablico o EDITAL PARA INSCRI\u00c7\u00c3O AO PROCESSO SELETIVO DE ALUNOS aos cursos de Capacita\u00e7\u00e3o para Comunidades de [&hellip;]\" \/>\n<meta property=\"og:url\" content=\"https:\/\/portalfadesp.org.br\/?page_id=45057\" \/>\n<meta property=\"og:site_name\" content=\"FADESP\" \/>\n<meta property=\"article:publisher\" content=\"https:\/\/www.facebook.com\/Fadesp-138351949524662\/\" \/>\n<meta property=\"article:modified_time\" content=\"2024-01-16T20:00:29+00:00\" \/>\n<meta name=\"twitter:card\" content=\"summary_large_image\" \/>\n<meta name=\"twitter:site\" content=\"@Fadesp\" \/>\n<meta name=\"twitter:label1\" content=\"Est. tempo de leitura\" \/>\n\t<meta name=\"twitter:data1\" content=\"2 minutos\" \/>\n<script type=\"application\/ld+json\" class=\"yoast-schema-graph\">{\"@context\":\"https:\/\/schema.org\",\"@graph\":[{\"@type\":\"WebPage\",\"@id\":\"https:\/\/portalfadesp.org.br\/?page_id=45057\",\"url\":\"https:\/\/portalfadesp.org.br\/?page_id=45057\",\"name\":\"PROJETO DE CAPACITA\u00c7\u00c3O PARA COMUNIDADES DE BAIXA RENDA - CAPTEC \/ UFPA \/ ITEC 2024 - FADESP\",\"isPartOf\":{\"@id\":\"https:\/\/portalfadesp.org.br\/#website\"},\"datePublished\":\"2024-01-16T19:38:25+00:00\",\"dateModified\":\"2024-01-16T20:00:29+00:00\",\"breadcrumb\":{\"@id\":\"https:\/\/portalfadesp.org.br\/?page_id=45057#breadcrumb\"},\"inLanguage\":\"pt-BR\",\"potentialAction\":[{\"@type\":\"ReadAction\",\"target\":[\"https:\/\/portalfadesp.org.br\/?page_id=45057\"]}]},{\"@type\":\"BreadcrumbList\",\"@id\":\"https:\/\/portalfadesp.org.br\/?page_id=45057#breadcrumb\",\"itemListElement\":[{\"@type\":\"ListItem\",\"position\":1,\"name\":\"In\u00edcio\",\"item\":\"https:\/\/portalfadesp.org.br\/\"},{\"@type\":\"ListItem\",\"position\":2,\"name\":\"PROJETO DE CAPACITA\u00c7\u00c3O PARA COMUNIDADES DE BAIXA RENDA &#8211; CAPTEC \/ UFPA \/ ITEC 2024\"}]},{\"@type\":\"WebSite\",\"@id\":\"https:\/\/portalfadesp.org.br\/#website\",\"url\":\"https:\/\/portalfadesp.org.br\/\",\"name\":\"FADESP\",\"description\":\"Funda\u00e7\u00e3o de Amparo e Desenvolvimento da Pesquisa\",\"publisher\":{\"@id\":\"https:\/\/portalfadesp.org.br\/#organization\"},\"potentialAction\":[{\"@type\":\"SearchAction\",\"target\":{\"@type\":\"EntryPoint\",\"urlTemplate\":\"https:\/\/portalfadesp.org.br\/?s={search_term_string}\"},\"query-input\":{\"@type\":\"PropertyValueSpecification\",\"valueRequired\":true,\"valueName\":\"search_term_string\"}}],\"inLanguage\":\"pt-BR\"},{\"@type\":\"Organization\",\"@id\":\"https:\/\/portalfadesp.org.br\/#organization\",\"name\":\"FADESP\",\"url\":\"https:\/\/portalfadesp.org.br\/\",\"logo\":{\"@type\":\"ImageObject\",\"inLanguage\":\"pt-BR\",\"@id\":\"https:\/\/portalfadesp.org.br\/#\/schema\/logo\/image\/\",\"url\":\"https:\/\/portalfadesp.org.br\/wp-content\/uploads\/2024\/01\/NOVOLOGOFADESPlaranjaH.png\",\"contentUrl\":\"https:\/\/portalfadesp.org.br\/wp-content\/uploads\/2024\/01\/NOVOLOGOFADESPlaranjaH.png\",\"width\":2742,\"height\":839,\"caption\":\"FADESP\"},\"image\":{\"@id\":\"https:\/\/portalfadesp.org.br\/#\/schema\/logo\/image\/\"},\"sameAs\":[\"https:\/\/www.facebook.com\/Fadesp-138351949524662\/\",\"https:\/\/x.com\/Fadesp\",\"https:\/\/www.instagram.com\/fadesp_ufpa\/\",\"https:\/\/www.youtube.com\/@fundacaodeamparoedesenvolv1903\",\"https:\/\/www.threads.net\/@fadesp_ufpa\"]}]}<\/script>\n<!-- \/ Yoast SEO plugin. -->","yoast_head_json":{"title":"PROJETO DE CAPACITA\u00c7\u00c3O PARA COMUNIDADES DE BAIXA RENDA - CAPTEC \/ UFPA \/ ITEC 2024 - FADESP","robots":{"index":"index","follow":"follow","max-snippet":"max-snippet:-1","max-image-preview":"max-image-preview:large","max-video-preview":"max-video-preview:-1"},"canonical":"https:\/\/portalfadesp.org.br\/?page_id=45057","og_locale":"pt_BR","og_type":"article","og_title":"PROJETO DE CAPACITA\u00c7\u00c3O PARA COMUNIDADES DE BAIXA RENDA - CAPTEC \/ UFPA \/ ITEC 2024 - FADESP","og_description":"PROJETO DE CAPACITA\u00c7\u00c3O PARA COMUNIDADES DE BAIXA RENDA &#8211; CAPTEC \/ UFPA \/ ITEC 2024 O Coordenador do Projeto \u2013 Capacita\u00e7\u00e3o para Comunidades de Baixa Renda, no uso das suas atribui\u00e7\u00f5es conferidas pela Portaria 0181\/2022 \u2013 ITEC-UFPA, torna p\u00fablico o EDITAL PARA INSCRI\u00c7\u00c3O AO PROCESSO SELETIVO DE ALUNOS aos cursos de Capacita\u00e7\u00e3o para Comunidades de [&hellip;]","og_url":"https:\/\/portalfadesp.org.br\/?page_id=45057","og_site_name":"FADESP","article_publisher":"https:\/\/www.facebook.com\/Fadesp-138351949524662\/","article_modified_time":"2024-01-16T20:00:29+00:00","twitter_card":"summary_large_image","twitter_site":"@Fadesp","twitter_misc":{"Est. tempo de leitura":"2 minutos"},"schema":{"@context":"https:\/\/schema.org","@graph":[{"@type":"WebPage","@id":"https:\/\/portalfadesp.org.br\/?page_id=45057","url":"https:\/\/portalfadesp.org.br\/?page_id=45057","name":"PROJETO DE CAPACITA\u00c7\u00c3O PARA COMUNIDADES DE BAIXA RENDA - CAPTEC \/ UFPA \/ ITEC 2024 - FADESP","isPartOf":{"@id":"https:\/\/portalfadesp.org.br\/#website"},"datePublished":"2024-01-16T19:38:25+00:00","dateModified":"2024-01-16T20:00:29+00:00","breadcrumb":{"@id":"https:\/\/portalfadesp.org.br\/?page_id=45057#breadcrumb"},"inLanguage":"pt-BR","potentialAction":[{"@type":"ReadAction","target":["https:\/\/portalfadesp.org.br\/?page_id=45057"]}]},{"@type":"BreadcrumbList","@id":"https:\/\/portalfadesp.org.br\/?page_id=45057#breadcrumb","itemListElement":[{"@type":"ListItem","position":1,"name":"In\u00edcio","item":"https:\/\/portalfadesp.org.br\/"},{"@type":"ListItem","position":2,"name":"PROJETO DE CAPACITA\u00c7\u00c3O PARA COMUNIDADES DE BAIXA RENDA &#8211; CAPTEC \/ UFPA \/ ITEC 2024"}]},{"@type":"WebSite","@id":"https:\/\/portalfadesp.org.br\/#website","url":"https:\/\/portalfadesp.org.br\/","name":"FADESP","description":"Funda\u00e7\u00e3o de Amparo e Desenvolvimento da Pesquisa","publisher":{"@id":"https:\/\/portalfadesp.org.br\/#organization"},"potentialAction":[{"@type":"SearchAction","target":{"@type":"EntryPoint","urlTemplate":"https:\/\/portalfadesp.org.br\/?s={search_term_string}"},"query-input":{"@type":"PropertyValueSpecification","valueRequired":true,"valueName":"search_term_string"}}],"inLanguage":"pt-BR"},{"@type":"Organization","@id":"https:\/\/portalfadesp.org.br\/#organization","name":"FADESP","url":"https:\/\/portalfadesp.org.br\/","logo":{"@type":"ImageObject","inLanguage":"pt-BR","@id":"https:\/\/portalfadesp.org.br\/#\/schema\/logo\/image\/","url":"https:\/\/portalfadesp.org.br\/wp-content\/uploads\/2024\/01\/NOVOLOGOFADESPlaranjaH.png","contentUrl":"https:\/\/portalfadesp.org.br\/wp-content\/uploads\/2024\/01\/NOVOLOGOFADESPlaranjaH.png","width":2742,"height":839,"caption":"FADESP"},"image":{"@id":"https:\/\/portalfadesp.org.br\/#\/schema\/logo\/image\/"},"sameAs":["https:\/\/www.facebook.com\/Fadesp-138351949524662\/","https:\/\/x.com\/Fadesp","https:\/\/www.instagram.com\/fadesp_ufpa\/","https:\/\/www.youtube.com\/@fundacaodeamparoedesenvolv1903","https:\/\/www.threads.net\/@fadesp_ufpa"]}]}},"_links":{"self":[{"href":"https:\/\/portalfadesp.org.br\/index.php?rest_route=\/wp\/v2\/pages\/45057","targetHints":{"allow":["GET"]}}],"collection":[{"href":"https:\/\/portalfadesp.org.br\/index.php?rest_route=\/wp\/v2\/pages"}],"about":[{"href":"https:\/\/portalfadesp.org.br\/index.php?rest_route=\/wp\/v2\/types\/page"}],"author":[{"embeddable":true,"href":"https:\/\/portalfadesp.org.br\/index.php?rest_route=\/wp\/v2\/users\/12"}],"replies":[{"embeddable":true,"href":"https:\/\/portalfadesp.org.br\/index.php?rest_route=%2Fwp%2Fv2%2Fcomments&post=45057"}],"version-history":[{"count":11,"href":"https:\/\/portalfadesp.org.br\/index.php?rest_route=\/wp\/v2\/pages\/45057\/revisions"}],"predecessor-version":[{"id":45070,"href":"https:\/\/portalfadesp.org.br\/index.php?rest_route=\/wp\/v2\/pages\/45057\/revisions\/45070"}],"wp:attachment":[{"href":"https:\/\/portalfadesp.org.br\/index.php?rest_route=%2Fwp%2Fv2%2Fmedia&parent=45057"}],"curies":[{"name":"wp","href":"https:\/\/api.w.org\/{rel}","templated":true}]}}