{"id":42127,"date":"2023-07-17T18:30:33","date_gmt":"2023-07-17T21:30:33","guid":{"rendered":"https:\/\/portalfadesp.org.br\/?page_id=42127"},"modified":"2023-09-27T09:11:22","modified_gmt":"2023-09-27T12:11:22","slug":"pagina_modelo-19-13-31-32","status":"publish","type":"page","link":"https:\/\/portalfadesp.org.br\/?page_id=42127","title":{"rendered":"Jornada 50+50 (CURTAS-METRAGENS) &#8211; 2023"},"content":{"rendered":"\t\t<div data-elementor-type=\"wp-post\" data-elementor-id=\"42127\" class=\"elementor elementor-42127\" data-elementor-post-type=\"page\">\n\t\t\t\t\t\t<section class=\"elementor-section elementor-top-section elementor-element elementor-element-1f2996d1 elementor-section-boxed elementor-section-height-default elementor-section-height-default\" data-id=\"1f2996d1\" data-element_type=\"section\">\n\t\t\t\t\t\t<div class=\"elementor-container elementor-column-gap-default\">\n\t\t\t\t\t<div class=\"elementor-column elementor-col-100 elementor-top-column elementor-element elementor-element-59a4b3f8\" data-id=\"59a4b3f8\" data-element_type=\"column\">\n\t\t\t<div class=\"elementor-widget-wrap elementor-element-populated\">\n\t\t\t\t\t\t<div class=\"elementor-element elementor-element-799471af elementor-widget elementor-widget-heading\" data-id=\"799471af\" data-element_type=\"widget\" data-widget_type=\"heading.default\">\n\t\t\t\t<div class=\"elementor-widget-container\">\n\t\t\t\t\t<h1 class=\"elementor-heading-title elementor-size-default\">Jornada 50+50 (CURTAS-METRAGENS) - 2023<\/h1>\t\t\t\t<\/div>\n\t\t\t\t<\/div>\n\t\t\t\t<section class=\"elementor-section elementor-inner-section elementor-element elementor-element-336311f elementor-section-boxed elementor-section-height-default elementor-section-height-default\" data-id=\"336311f\" data-element_type=\"section\">\n\t\t\t\t\t\t<div class=\"elementor-container elementor-column-gap-default\">\n\t\t\t\t\t<div class=\"elementor-column elementor-col-50 elementor-inner-column elementor-element elementor-element-75ca0dc3\" data-id=\"75ca0dc3\" data-element_type=\"column\">\n\t\t\t<div class=\"elementor-widget-wrap elementor-element-populated\">\n\t\t\t\t\t\t<div class=\"elementor-element elementor-element-425a3096 elementor-widget elementor-widget-text-editor\" data-id=\"425a3096\" data-element_type=\"widget\" data-widget_type=\"text-editor.default\">\n\t\t\t\t<div class=\"elementor-widget-container\">\n\t\t\t\t\t\t\t\t\t<p>A Funda\u00e7\u00e3o de Amparo e Desenvolvimento da Pesquisa &#8211; FADESP, entidade privada sem<br \/>fins lucrativos, inscrita no CNPJ sob o N\u00ba 05.572.870\/0001-59, em regime de m\u00fatua<br \/>coopera\u00e7\u00e3o com a Secretaria de Estado de Cultura do Par\u00e1 &#8211; SECULT, por meio de parceria<br \/>firmada atrav\u00e9s do Termo de Fomento n\u00ba 017\/2022, em conformidade com o Processo<br \/>Administrativo n\u00ba 2022\/367459 &#8211; SECULT, torna p\u00fablico o processo de inscri\u00e7\u00e3o e sele\u00e7\u00e3o de<br \/>candidatos e candidatas \u00e0 premia\u00e7\u00f5es de que trata o presente edital.<\/p><p><strong>Per\u00edodo de inscri\u00e7\u00f5es (prorrogado):<\/strong> 17\/07\/23 a 08\/09\/23 (at\u00e9 23:59 h)<\/p><p><strong>Valor:<\/strong> Gratuito<\/p><p><strong>Inscri\u00e7\u00f5es:<\/strong> Via link dispon\u00edvel no edital<\/p><p>OBS: Obrigatoriamente, o edital deve ser lido com aten\u00e7\u00e3o.<\/p>\t\t\t\t\t\t\t\t<\/div>\n\t\t\t\t<\/div>\n\t\t\t\t\t<\/div>\n\t\t<\/div>\n\t\t\t\t<div class=\"elementor-column elementor-col-50 elementor-inner-column elementor-element elementor-element-79608089\" data-id=\"79608089\" data-element_type=\"column\">\n\t\t\t<div class=\"elementor-widget-wrap elementor-element-populated\">\n\t\t\t\t\t\t<div class=\"elementor-element elementor-element-7ccac55 elementor-widget elementor-widget-text-editor\" data-id=\"7ccac55\" data-element_type=\"widget\" data-widget_type=\"text-editor.default\">\n\t\t\t\t<div class=\"elementor-widget-container\">\n\t\t\t\t\t\t\t\t\t<p><strong>Aviso<\/strong><\/p>\t\t\t\t\t\t\t\t<\/div>\n\t\t\t\t<\/div>\n\t\t\t\t<div class=\"elementor-element elementor-element-d23eff7 elementor-widget elementor-widget-text-editor\" data-id=\"d23eff7\" data-element_type=\"widget\" data-widget_type=\"text-editor.default\">\n\t\t\t\t<div class=\"elementor-widget-container\">\n\t\t\t\t\t\t\t\t\t<p style=\"text-align: center;\"><strong>Obrigatoriamente, o edital deve ser lido com aten\u00e7\u00e3o.<\/strong><\/p>\t\t\t\t\t\t\t\t<\/div>\n\t\t\t\t<\/div>\n\t\t\t\t<div class=\"elementor-element elementor-element-5f56698 elementor-widget elementor-widget-text-editor\" data-id=\"5f56698\" data-element_type=\"widget\" data-widget_type=\"text-editor.default\">\n\t\t\t\t<div class=\"elementor-widget-container\">\n\t\t\t\t\t\t\t\t\t<p><strong>Editais\u00a0<\/strong><\/p>\t\t\t\t\t\t\t\t<\/div>\n\t\t\t\t<\/div>\n\t\t\t\t<div class=\"elementor-element elementor-element-368e568 elementor-widget elementor-widget-text-editor\" data-id=\"368e568\" data-element_type=\"widget\" data-widget_type=\"text-editor.default\">\n\t\t\t\t<div class=\"elementor-widget-container\">\n\t\t\t\t\t\t\t\t\t<p style=\"text-align: center;\">RESULTADO FINAL <strong><a href=\"https:\/\/portalfadesp.org.br\/wp-content\/uploads\/2023\/09\/Resultado-FINACrtas-Fadesp.pdf-26-1.pdf\">(Clique aqui)<\/a><\/strong><\/p><p style=\"text-align: center;\">RESULTADO PRELIMINAR <strong><a href=\"https:\/\/portalfadesp.org.br\/wp-content\/uploads\/2023\/09\/Resultado-Preliminar-Curtas-Fadesp.pdf.pdf\">(Clique aqui)<\/a><\/strong><\/p><p style=\"text-align: center;\">PRORROGA\u00c7\u00c3O DO CRONOGRAMA EDITAL N\u00b0 01\/2023 CURTAS-METRAGENS <strong><a href=\"https:\/\/portalfadesp.org.br\/wp-content\/uploads\/2023\/09\/EDITAL-CURTAS-METRAGENS_5050_Prorrogacao-de-prazo_140923-1.pdf\">(Clique aqui)<\/a><\/strong><\/p><p style=\"text-align: center;\">INSCRI\u00c7\u00d5ES PRORROGADAS EDITAL N\u00ba 01\/2023 CURTAS-METRAGENS &#8211; AT\u00c9 08\/09\/2023 <a href=\"https:\/\/portalfadesp.org.br\/wp-content\/uploads\/2023\/08\/EDITAL-CURTAS-METRAGENS_5050_FINAL_PRORROGACAO.pdf\"><strong>(Clique aqui)<\/strong><\/a><\/p><p>EDITAL N\u00ba 01\/2023 CURTAS-METRAGENS &#8211; 17\/07\/2023 <a href=\"https:\/\/portalfadesp.org.br\/wp-content\/uploads\/2023\/07\/EDITAL-CURTAS-METRAGENS_5050_FADESP_FINAL_ERRATA.docx\"><strong>(Clique Aqui)<\/strong><\/a><\/p>\t\t\t\t\t\t\t\t<\/div>\n\t\t\t\t<\/div>\n\t\t\t\t\t<\/div>\n\t\t<\/div>\n\t\t\t\t\t<\/div>\n\t\t<\/section>\n\t\t\t\t\t<\/div>\n\t\t<\/div>\n\t\t\t\t\t<\/div>\n\t\t<\/section>\n\t\t\t\t<\/div>\n\t\t","protected":false},"excerpt":{"rendered":"<p>Jornada 50+50 (CURTAS-METRAGENS) &#8211; 2023 A Funda\u00e7\u00e3o de Amparo e Desenvolvimento da Pesquisa &#8211; FADESP, entidade privada semfins lucrativos, inscrita no CNPJ sob o N\u00ba 05.572.870\/0001-59, em regime de m\u00fatuacoopera\u00e7\u00e3o com a Secretaria de Estado de Cultura do Par\u00e1 &#8211; SECULT, por meio de parceriafirmada atrav\u00e9s do Termo de Fomento n\u00ba 017\/2022, em conformidade com [&hellip;]<\/p>\n","protected":false},"author":9,"featured_media":0,"parent":0,"menu_order":0,"comment_status":"closed","ping_status":"closed","template":"","meta":{"_monsterinsights_skip_tracking":false,"_monsterinsights_sitenote_active":false,"_monsterinsights_sitenote_note":"","_monsterinsights_sitenote_category":0,"footnotes":""},"class_list":["post-42127","page","type-page","status-publish","hentry","entry"],"yoast_head":"<!-- This site is optimized with the Yoast SEO plugin v25.1 - https:\/\/yoast.com\/wordpress\/plugins\/seo\/ -->\n<title>Jornada 50+50 (CURTAS-METRAGENS) - 2023 - FADESP<\/title>\n<meta name=\"robots\" content=\"index, follow, max-snippet:-1, max-image-preview:large, max-video-preview:-1\" \/>\n<link rel=\"canonical\" href=\"https:\/\/portalfadesp.org.br\/?page_id=42127\" \/>\n<meta property=\"og:locale\" content=\"pt_BR\" \/>\n<meta property=\"og:type\" content=\"article\" \/>\n<meta property=\"og:title\" content=\"Jornada 50+50 (CURTAS-METRAGENS) - 2023 - FADESP\" \/>\n<meta property=\"og:description\" content=\"Jornada 50+50 (CURTAS-METRAGENS) &#8211; 2023 A Funda\u00e7\u00e3o de Amparo e Desenvolvimento da Pesquisa &#8211; FADESP, entidade privada semfins lucrativos, inscrita no CNPJ sob o N\u00ba 05.572.870\/0001-59, em regime de m\u00fatuacoopera\u00e7\u00e3o com a Secretaria de Estado de Cultura do Par\u00e1 &#8211; SECULT, por meio de parceriafirmada atrav\u00e9s do Termo de Fomento n\u00ba 017\/2022, em conformidade com [&hellip;]\" \/>\n<meta property=\"og:url\" content=\"https:\/\/portalfadesp.org.br\/?page_id=42127\" \/>\n<meta property=\"og:site_name\" content=\"FADESP\" \/>\n<meta property=\"article:publisher\" content=\"https:\/\/www.facebook.com\/Fadesp-138351949524662\/\" \/>\n<meta property=\"article:modified_time\" content=\"2023-09-27T12:11:22+00:00\" \/>\n<meta name=\"twitter:card\" content=\"summary_large_image\" \/>\n<meta name=\"twitter:site\" content=\"@Fadesp\" \/>\n<meta name=\"twitter:label1\" content=\"Est. tempo de leitura\" \/>\n\t<meta name=\"twitter:data1\" content=\"1 minuto\" \/>\n<script type=\"application\/ld+json\" class=\"yoast-schema-graph\">{\"@context\":\"https:\/\/schema.org\",\"@graph\":[{\"@type\":\"WebPage\",\"@id\":\"https:\/\/portalfadesp.org.br\/?page_id=42127\",\"url\":\"https:\/\/portalfadesp.org.br\/?page_id=42127\",\"name\":\"Jornada 50+50 (CURTAS-METRAGENS) - 2023 - FADESP\",\"isPartOf\":{\"@id\":\"https:\/\/portalfadesp.org.br\/#website\"},\"datePublished\":\"2023-07-17T21:30:33+00:00\",\"dateModified\":\"2023-09-27T12:11:22+00:00\",\"breadcrumb\":{\"@id\":\"https:\/\/portalfadesp.org.br\/?page_id=42127#breadcrumb\"},\"inLanguage\":\"pt-BR\",\"potentialAction\":[{\"@type\":\"ReadAction\",\"target\":[\"https:\/\/portalfadesp.org.br\/?page_id=42127\"]}]},{\"@type\":\"BreadcrumbList\",\"@id\":\"https:\/\/portalfadesp.org.br\/?page_id=42127#breadcrumb\",\"itemListElement\":[{\"@type\":\"ListItem\",\"position\":1,\"name\":\"In\u00edcio\",\"item\":\"https:\/\/portalfadesp.org.br\/\"},{\"@type\":\"ListItem\",\"position\":2,\"name\":\"Jornada 50+50 (CURTAS-METRAGENS) &#8211; 2023\"}]},{\"@type\":\"WebSite\",\"@id\":\"https:\/\/portalfadesp.org.br\/#website\",\"url\":\"https:\/\/portalfadesp.org.br\/\",\"name\":\"FADESP\",\"description\":\"Funda\u00e7\u00e3o de Amparo e Desenvolvimento da Pesquisa\",\"publisher\":{\"@id\":\"https:\/\/portalfadesp.org.br\/#organization\"},\"potentialAction\":[{\"@type\":\"SearchAction\",\"target\":{\"@type\":\"EntryPoint\",\"urlTemplate\":\"https:\/\/portalfadesp.org.br\/?s={search_term_string}\"},\"query-input\":{\"@type\":\"PropertyValueSpecification\",\"valueRequired\":true,\"valueName\":\"search_term_string\"}}],\"inLanguage\":\"pt-BR\"},{\"@type\":\"Organization\",\"@id\":\"https:\/\/portalfadesp.org.br\/#organization\",\"name\":\"FADESP\",\"url\":\"https:\/\/portalfadesp.org.br\/\",\"logo\":{\"@type\":\"ImageObject\",\"inLanguage\":\"pt-BR\",\"@id\":\"https:\/\/portalfadesp.org.br\/#\/schema\/logo\/image\/\",\"url\":\"https:\/\/portalfadesp.org.br\/wp-content\/uploads\/2024\/01\/NOVOLOGOFADESPlaranjaH.png\",\"contentUrl\":\"https:\/\/portalfadesp.org.br\/wp-content\/uploads\/2024\/01\/NOVOLOGOFADESPlaranjaH.png\",\"width\":2742,\"height\":839,\"caption\":\"FADESP\"},\"image\":{\"@id\":\"https:\/\/portalfadesp.org.br\/#\/schema\/logo\/image\/\"},\"sameAs\":[\"https:\/\/www.facebook.com\/Fadesp-138351949524662\/\",\"https:\/\/x.com\/Fadesp\",\"https:\/\/www.instagram.com\/fadesp_ufpa\/\",\"https:\/\/www.youtube.com\/@fundacaodeamparoedesenvolv1903\",\"https:\/\/www.threads.net\/@fadesp_ufpa\"]}]}<\/script>\n<!-- \/ Yoast SEO plugin. -->","yoast_head_json":{"title":"Jornada 50+50 (CURTAS-METRAGENS) - 2023 - FADESP","robots":{"index":"index","follow":"follow","max-snippet":"max-snippet:-1","max-image-preview":"max-image-preview:large","max-video-preview":"max-video-preview:-1"},"canonical":"https:\/\/portalfadesp.org.br\/?page_id=42127","og_locale":"pt_BR","og_type":"article","og_title":"Jornada 50+50 (CURTAS-METRAGENS) - 2023 - FADESP","og_description":"Jornada 50+50 (CURTAS-METRAGENS) &#8211; 2023 A Funda\u00e7\u00e3o de Amparo e Desenvolvimento da Pesquisa &#8211; FADESP, entidade privada semfins lucrativos, inscrita no CNPJ sob o N\u00ba 05.572.870\/0001-59, em regime de m\u00fatuacoopera\u00e7\u00e3o com a Secretaria de Estado de Cultura do Par\u00e1 &#8211; SECULT, por meio de parceriafirmada atrav\u00e9s do Termo de Fomento n\u00ba 017\/2022, em conformidade com [&hellip;]","og_url":"https:\/\/portalfadesp.org.br\/?page_id=42127","og_site_name":"FADESP","article_publisher":"https:\/\/www.facebook.com\/Fadesp-138351949524662\/","article_modified_time":"2023-09-27T12:11:22+00:00","twitter_card":"summary_large_image","twitter_site":"@Fadesp","twitter_misc":{"Est. tempo de leitura":"1 minuto"},"schema":{"@context":"https:\/\/schema.org","@graph":[{"@type":"WebPage","@id":"https:\/\/portalfadesp.org.br\/?page_id=42127","url":"https:\/\/portalfadesp.org.br\/?page_id=42127","name":"Jornada 50+50 (CURTAS-METRAGENS) - 2023 - FADESP","isPartOf":{"@id":"https:\/\/portalfadesp.org.br\/#website"},"datePublished":"2023-07-17T21:30:33+00:00","dateModified":"2023-09-27T12:11:22+00:00","breadcrumb":{"@id":"https:\/\/portalfadesp.org.br\/?page_id=42127#breadcrumb"},"inLanguage":"pt-BR","potentialAction":[{"@type":"ReadAction","target":["https:\/\/portalfadesp.org.br\/?page_id=42127"]}]},{"@type":"BreadcrumbList","@id":"https:\/\/portalfadesp.org.br\/?page_id=42127#breadcrumb","itemListElement":[{"@type":"ListItem","position":1,"name":"In\u00edcio","item":"https:\/\/portalfadesp.org.br\/"},{"@type":"ListItem","position":2,"name":"Jornada 50+50 (CURTAS-METRAGENS) &#8211; 2023"}]},{"@type":"WebSite","@id":"https:\/\/portalfadesp.org.br\/#website","url":"https:\/\/portalfadesp.org.br\/","name":"FADESP","description":"Funda\u00e7\u00e3o de Amparo e Desenvolvimento da Pesquisa","publisher":{"@id":"https:\/\/portalfadesp.org.br\/#organization"},"potentialAction":[{"@type":"SearchAction","target":{"@type":"EntryPoint","urlTemplate":"https:\/\/portalfadesp.org.br\/?s={search_term_string}"},"query-input":{"@type":"PropertyValueSpecification","valueRequired":true,"valueName":"search_term_string"}}],"inLanguage":"pt-BR"},{"@type":"Organization","@id":"https:\/\/portalfadesp.org.br\/#organization","name":"FADESP","url":"https:\/\/portalfadesp.org.br\/","logo":{"@type":"ImageObject","inLanguage":"pt-BR","@id":"https:\/\/portalfadesp.org.br\/#\/schema\/logo\/image\/","url":"https:\/\/portalfadesp.org.br\/wp-content\/uploads\/2024\/01\/NOVOLOGOFADESPlaranjaH.png","contentUrl":"https:\/\/portalfadesp.org.br\/wp-content\/uploads\/2024\/01\/NOVOLOGOFADESPlaranjaH.png","width":2742,"height":839,"caption":"FADESP"},"image":{"@id":"https:\/\/portalfadesp.org.br\/#\/schema\/logo\/image\/"},"sameAs":["https:\/\/www.facebook.com\/Fadesp-138351949524662\/","https:\/\/x.com\/Fadesp","https:\/\/www.instagram.com\/fadesp_ufpa\/","https:\/\/www.youtube.com\/@fundacaodeamparoedesenvolv1903","https:\/\/www.threads.net\/@fadesp_ufpa"]}]}},"_links":{"self":[{"href":"https:\/\/portalfadesp.org.br\/index.php?rest_route=\/wp\/v2\/pages\/42127","targetHints":{"allow":["GET"]}}],"collection":[{"href":"https:\/\/portalfadesp.org.br\/index.php?rest_route=\/wp\/v2\/pages"}],"about":[{"href":"https:\/\/portalfadesp.org.br\/index.php?rest_route=\/wp\/v2\/types\/page"}],"author":[{"embeddable":true,"href":"https:\/\/portalfadesp.org.br\/index.php?rest_route=\/wp\/v2\/users\/9"}],"replies":[{"embeddable":true,"href":"https:\/\/portalfadesp.org.br\/index.php?rest_route=%2Fwp%2Fv2%2Fcomments&post=42127"}],"version-history":[{"count":22,"href":"https:\/\/portalfadesp.org.br\/index.php?rest_route=\/wp\/v2\/pages\/42127\/revisions"}],"predecessor-version":[{"id":43248,"href":"https:\/\/portalfadesp.org.br\/index.php?rest_route=\/wp\/v2\/pages\/42127\/revisions\/43248"}],"wp:attachment":[{"href":"https:\/\/portalfadesp.org.br\/index.php?rest_route=%2Fwp%2Fv2%2Fmedia&parent=42127"}],"curies":[{"name":"wp","href":"https:\/\/api.w.org\/{rel}","templated":true}]}}