{"id":41987,"date":"2023-07-11T16:25:09","date_gmt":"2023-07-11T19:25:09","guid":{"rendered":"https:\/\/portalfadesp.org.br\/?page_id=41987"},"modified":"2023-08-07T16:45:55","modified_gmt":"2023-08-07T19:45:55","slug":"pagina_modelo-19-12-31","status":"publish","type":"page","link":"https:\/\/portalfadesp.org.br\/?page_id=41987","title":{"rendered":"SELE\u00c7\u00c3O DE FORMADORES E FORMADORAS PARA CAPACITA\u00c7\u00c3O DE AGENTES CULTURAIS NO ESTADO DO PAR\u00c1 (SECULT)"},"content":{"rendered":"\t\t<div data-elementor-type=\"wp-post\" data-elementor-id=\"41987\" class=\"elementor elementor-41987\" data-elementor-post-type=\"page\">\n\t\t\t\t\t\t<section class=\"elementor-section elementor-top-section elementor-element elementor-element-1f2996d1 elementor-section-boxed elementor-section-height-default elementor-section-height-default\" data-id=\"1f2996d1\" data-element_type=\"section\">\n\t\t\t\t\t\t<div class=\"elementor-container elementor-column-gap-default\">\n\t\t\t\t\t<div class=\"elementor-column elementor-col-100 elementor-top-column elementor-element elementor-element-59a4b3f8\" data-id=\"59a4b3f8\" data-element_type=\"column\">\n\t\t\t<div class=\"elementor-widget-wrap elementor-element-populated\">\n\t\t\t\t\t\t<div class=\"elementor-element elementor-element-799471af elementor-widget elementor-widget-heading\" data-id=\"799471af\" data-element_type=\"widget\" data-widget_type=\"heading.default\">\n\t\t\t\t<div class=\"elementor-widget-container\">\n\t\t\t\t\t<h1 class=\"elementor-heading-title elementor-size-default\">SELE\u00c7\u00c3O DE FORMADORES E FORMADORAS PARA CAPACITA\u00c7\u00c3O DE AGENTES CULTURAIS NO ESTADO DO PAR\u00c1 (SECULT)\n\n<\/h1>\t\t\t\t<\/div>\n\t\t\t\t<\/div>\n\t\t\t\t<section class=\"elementor-section elementor-inner-section elementor-element elementor-element-336311f elementor-section-boxed elementor-section-height-default elementor-section-height-default\" data-id=\"336311f\" data-element_type=\"section\">\n\t\t\t\t\t\t<div class=\"elementor-container elementor-column-gap-default\">\n\t\t\t\t\t<div class=\"elementor-column elementor-col-50 elementor-inner-column elementor-element elementor-element-75ca0dc3\" data-id=\"75ca0dc3\" data-element_type=\"column\">\n\t\t\t<div class=\"elementor-widget-wrap elementor-element-populated\">\n\t\t\t\t\t\t<div class=\"elementor-element elementor-element-425a3096 elementor-widget elementor-widget-text-editor\" data-id=\"425a3096\" data-element_type=\"widget\" data-widget_type=\"text-editor.default\">\n\t\t\t\t<div class=\"elementor-widget-container\">\n\t\t\t\t\t\t\t\t\t<p>A Secretaria de Cultura do Estado do Par\u00e1 e a Funda\u00e7\u00e3o de Amparo e Desenvolvimento da Pesquisa tornam p\u00fablico o edital de sele\u00e7\u00e3o de formadores e formadoras para atuarem na capacita\u00e7\u00e3o de trabalhadores e trabalhadoras da cultura nas 12 regi\u00f5es de integra\u00e7\u00e3o do Par\u00e1, abrangendo os 144 munic\u00edpios paraenses.<\/p><p><strong>Vagas: <\/strong>72 (setenta e duas)<\/p><p><strong>Per\u00edodo de inscri\u00e7\u00f5es: <\/strong>12\/07\/2023 a 24\/07\/2023<\/p><p><strong>Resultado preliminar de candidaturas classificadas:<\/strong> 28\/07\/2023<\/p><p><strong>Prazo para interposi\u00e7\u00e3o de recursos: <\/strong>31\/07\/2023 a 01\/08\/2023<\/p><p><strong>Resultado Final das candidaturas classificadas: <\/strong>03\/08\/2023<\/p>\t\t\t\t\t\t\t\t<\/div>\n\t\t\t\t<\/div>\n\t\t\t\t\t<\/div>\n\t\t<\/div>\n\t\t\t\t<div class=\"elementor-column elementor-col-50 elementor-inner-column elementor-element elementor-element-79608089\" data-id=\"79608089\" data-element_type=\"column\">\n\t\t\t<div class=\"elementor-widget-wrap elementor-element-populated\">\n\t\t\t\t\t\t<div class=\"elementor-element elementor-element-7ccac55 elementor-widget elementor-widget-text-editor\" data-id=\"7ccac55\" data-element_type=\"widget\" data-widget_type=\"text-editor.default\">\n\t\t\t\t<div class=\"elementor-widget-container\">\n\t\t\t\t\t\t\t\t\t<p><strong>Editais\u00a0<\/strong><\/p>\t\t\t\t\t\t\t\t<\/div>\n\t\t\t\t<\/div>\n\t\t\t\t<div class=\"elementor-element elementor-element-368e568 elementor-widget elementor-widget-text-editor\" data-id=\"368e568\" data-element_type=\"widget\" data-widget_type=\"text-editor.default\">\n\t\t\t\t<div class=\"elementor-widget-container\">\n\t\t\t\t\t\t\t\t\t<p style=\"text-align: center;\">Divulga\u00e7\u00e3o dos locais e dias dos cursos de forma\u00e7\u00e3o <strong><a href=\"https:\/\/portalfadesp.org.br\/wp-content\/uploads\/2023\/08\/Locais-de-oficinas_municipios_formadores.pdf\">(Clique aqui)<\/a><\/strong><\/p><p style=\"text-align: center;\">Resultado Final <strong><a href=\"https:\/\/portalfadesp.org.br\/wp-content\/uploads\/2023\/08\/Resultaddo_Formadores_Final-3-1.pdf\">(Clique aqui)<\/a><\/strong><\/p><p style=\"text-align: center;\">Resultado preliminar <strong><a href=\"https:\/\/portalfadesp.org.br\/wp-content\/uploads\/2023\/07\/resultado-preliminar_Formadores_LPG.pdf\">(Clique aqui)<\/a><\/strong><\/p><p style=\"text-align: center;\">Edital <strong><a href=\"https:\/\/portalfadesp.org.br\/wp-content\/uploads\/2023\/07\/EDITAL-DE-CAP-Formadores_FADESP_SECULT_FINAL-2-1-3-1.pdf\">(Clique aqui)<\/a><\/strong><\/p>\t\t\t\t\t\t\t\t<\/div>\n\t\t\t\t<\/div>\n\t\t\t\t\t<\/div>\n\t\t<\/div>\n\t\t\t\t\t<\/div>\n\t\t<\/section>\n\t\t\t\t\t<\/div>\n\t\t<\/div>\n\t\t\t\t\t<\/div>\n\t\t<\/section>\n\t\t\t\t<\/div>\n\t\t","protected":false},"excerpt":{"rendered":"<p>SELE\u00c7\u00c3O DE FORMADORES E FORMADORAS PARA CAPACITA\u00c7\u00c3O DE AGENTES CULTURAIS NO ESTADO DO PAR\u00c1 (SECULT) A Secretaria de Cultura do Estado do Par\u00e1 e a Funda\u00e7\u00e3o de Amparo e Desenvolvimento da Pesquisa tornam p\u00fablico o edital de sele\u00e7\u00e3o de formadores e formadoras para atuarem na capacita\u00e7\u00e3o de trabalhadores e trabalhadoras da cultura nas 12 regi\u00f5es [&hellip;]<\/p>\n","protected":false},"author":12,"featured_media":0,"parent":0,"menu_order":0,"comment_status":"closed","ping_status":"closed","template":"","meta":{"_monsterinsights_skip_tracking":false,"_monsterinsights_sitenote_active":false,"_monsterinsights_sitenote_note":"","_monsterinsights_sitenote_category":0,"footnotes":""},"class_list":["post-41987","page","type-page","status-publish","hentry","entry"],"yoast_head":"<!-- This site is optimized with the Yoast SEO plugin v25.1 - https:\/\/yoast.com\/wordpress\/plugins\/seo\/ -->\n<title>SELE\u00c7\u00c3O DE FORMADORES E FORMADORAS PARA CAPACITA\u00c7\u00c3O DE AGENTES CULTURAIS NO ESTADO DO PAR\u00c1 (SECULT) - FADESP<\/title>\n<meta name=\"robots\" content=\"index, follow, max-snippet:-1, max-image-preview:large, max-video-preview:-1\" \/>\n<link rel=\"canonical\" href=\"https:\/\/portalfadesp.org.br\/?page_id=41987\" \/>\n<meta property=\"og:locale\" content=\"pt_BR\" \/>\n<meta property=\"og:type\" content=\"article\" \/>\n<meta property=\"og:title\" content=\"SELE\u00c7\u00c3O DE FORMADORES E FORMADORAS PARA CAPACITA\u00c7\u00c3O DE AGENTES CULTURAIS NO ESTADO DO PAR\u00c1 (SECULT) - FADESP\" \/>\n<meta property=\"og:description\" content=\"SELE\u00c7\u00c3O DE FORMADORES E FORMADORAS PARA CAPACITA\u00c7\u00c3O DE AGENTES CULTURAIS NO ESTADO DO PAR\u00c1 (SECULT) A Secretaria de Cultura do Estado do Par\u00e1 e a Funda\u00e7\u00e3o de Amparo e Desenvolvimento da Pesquisa tornam p\u00fablico o edital de sele\u00e7\u00e3o de formadores e formadoras para atuarem na capacita\u00e7\u00e3o de trabalhadores e trabalhadoras da cultura nas 12 regi\u00f5es [&hellip;]\" \/>\n<meta property=\"og:url\" content=\"https:\/\/portalfadesp.org.br\/?page_id=41987\" \/>\n<meta property=\"og:site_name\" content=\"FADESP\" \/>\n<meta property=\"article:publisher\" content=\"https:\/\/www.facebook.com\/Fadesp-138351949524662\/\" \/>\n<meta property=\"article:modified_time\" content=\"2023-08-07T19:45:55+00:00\" \/>\n<meta name=\"twitter:card\" content=\"summary_large_image\" \/>\n<meta name=\"twitter:site\" content=\"@Fadesp\" \/>\n<meta name=\"twitter:label1\" content=\"Est. tempo de leitura\" \/>\n\t<meta name=\"twitter:data1\" content=\"1 minuto\" \/>\n<script type=\"application\/ld+json\" class=\"yoast-schema-graph\">{\"@context\":\"https:\/\/schema.org\",\"@graph\":[{\"@type\":\"WebPage\",\"@id\":\"https:\/\/portalfadesp.org.br\/?page_id=41987\",\"url\":\"https:\/\/portalfadesp.org.br\/?page_id=41987\",\"name\":\"SELE\u00c7\u00c3O DE FORMADORES E FORMADORAS PARA CAPACITA\u00c7\u00c3O DE AGENTES CULTURAIS NO ESTADO DO PAR\u00c1 (SECULT) - FADESP\",\"isPartOf\":{\"@id\":\"https:\/\/portalfadesp.org.br\/#website\"},\"datePublished\":\"2023-07-11T19:25:09+00:00\",\"dateModified\":\"2023-08-07T19:45:55+00:00\",\"breadcrumb\":{\"@id\":\"https:\/\/portalfadesp.org.br\/?page_id=41987#breadcrumb\"},\"inLanguage\":\"pt-BR\",\"potentialAction\":[{\"@type\":\"ReadAction\",\"target\":[\"https:\/\/portalfadesp.org.br\/?page_id=41987\"]}]},{\"@type\":\"BreadcrumbList\",\"@id\":\"https:\/\/portalfadesp.org.br\/?page_id=41987#breadcrumb\",\"itemListElement\":[{\"@type\":\"ListItem\",\"position\":1,\"name\":\"In\u00edcio\",\"item\":\"https:\/\/portalfadesp.org.br\/\"},{\"@type\":\"ListItem\",\"position\":2,\"name\":\"SELE\u00c7\u00c3O DE FORMADORES E FORMADORAS PARA CAPACITA\u00c7\u00c3O DE AGENTES CULTURAIS NO ESTADO DO PAR\u00c1 (SECULT)\"}]},{\"@type\":\"WebSite\",\"@id\":\"https:\/\/portalfadesp.org.br\/#website\",\"url\":\"https:\/\/portalfadesp.org.br\/\",\"name\":\"FADESP\",\"description\":\"Funda\u00e7\u00e3o de Amparo e Desenvolvimento da Pesquisa\",\"publisher\":{\"@id\":\"https:\/\/portalfadesp.org.br\/#organization\"},\"potentialAction\":[{\"@type\":\"SearchAction\",\"target\":{\"@type\":\"EntryPoint\",\"urlTemplate\":\"https:\/\/portalfadesp.org.br\/?s={search_term_string}\"},\"query-input\":{\"@type\":\"PropertyValueSpecification\",\"valueRequired\":true,\"valueName\":\"search_term_string\"}}],\"inLanguage\":\"pt-BR\"},{\"@type\":\"Organization\",\"@id\":\"https:\/\/portalfadesp.org.br\/#organization\",\"name\":\"FADESP\",\"url\":\"https:\/\/portalfadesp.org.br\/\",\"logo\":{\"@type\":\"ImageObject\",\"inLanguage\":\"pt-BR\",\"@id\":\"https:\/\/portalfadesp.org.br\/#\/schema\/logo\/image\/\",\"url\":\"https:\/\/portalfadesp.org.br\/wp-content\/uploads\/2024\/01\/NOVOLOGOFADESPlaranjaH.png\",\"contentUrl\":\"https:\/\/portalfadesp.org.br\/wp-content\/uploads\/2024\/01\/NOVOLOGOFADESPlaranjaH.png\",\"width\":2742,\"height\":839,\"caption\":\"FADESP\"},\"image\":{\"@id\":\"https:\/\/portalfadesp.org.br\/#\/schema\/logo\/image\/\"},\"sameAs\":[\"https:\/\/www.facebook.com\/Fadesp-138351949524662\/\",\"https:\/\/x.com\/Fadesp\",\"https:\/\/www.instagram.com\/fadesp_ufpa\/\",\"https:\/\/www.youtube.com\/@fundacaodeamparoedesenvolv1903\",\"https:\/\/www.threads.net\/@fadesp_ufpa\"]}]}<\/script>\n<!-- \/ Yoast SEO plugin. -->","yoast_head_json":{"title":"SELE\u00c7\u00c3O DE FORMADORES E FORMADORAS PARA CAPACITA\u00c7\u00c3O DE AGENTES CULTURAIS NO ESTADO DO PAR\u00c1 (SECULT) - FADESP","robots":{"index":"index","follow":"follow","max-snippet":"max-snippet:-1","max-image-preview":"max-image-preview:large","max-video-preview":"max-video-preview:-1"},"canonical":"https:\/\/portalfadesp.org.br\/?page_id=41987","og_locale":"pt_BR","og_type":"article","og_title":"SELE\u00c7\u00c3O DE FORMADORES E FORMADORAS PARA CAPACITA\u00c7\u00c3O DE AGENTES CULTURAIS NO ESTADO DO PAR\u00c1 (SECULT) - FADESP","og_description":"SELE\u00c7\u00c3O DE FORMADORES E FORMADORAS PARA CAPACITA\u00c7\u00c3O DE AGENTES CULTURAIS NO ESTADO DO PAR\u00c1 (SECULT) A Secretaria de Cultura do Estado do Par\u00e1 e a Funda\u00e7\u00e3o de Amparo e Desenvolvimento da Pesquisa tornam p\u00fablico o edital de sele\u00e7\u00e3o de formadores e formadoras para atuarem na capacita\u00e7\u00e3o de trabalhadores e trabalhadoras da cultura nas 12 regi\u00f5es [&hellip;]","og_url":"https:\/\/portalfadesp.org.br\/?page_id=41987","og_site_name":"FADESP","article_publisher":"https:\/\/www.facebook.com\/Fadesp-138351949524662\/","article_modified_time":"2023-08-07T19:45:55+00:00","twitter_card":"summary_large_image","twitter_site":"@Fadesp","twitter_misc":{"Est. tempo de leitura":"1 minuto"},"schema":{"@context":"https:\/\/schema.org","@graph":[{"@type":"WebPage","@id":"https:\/\/portalfadesp.org.br\/?page_id=41987","url":"https:\/\/portalfadesp.org.br\/?page_id=41987","name":"SELE\u00c7\u00c3O DE FORMADORES E FORMADORAS PARA CAPACITA\u00c7\u00c3O DE AGENTES CULTURAIS NO ESTADO DO PAR\u00c1 (SECULT) - FADESP","isPartOf":{"@id":"https:\/\/portalfadesp.org.br\/#website"},"datePublished":"2023-07-11T19:25:09+00:00","dateModified":"2023-08-07T19:45:55+00:00","breadcrumb":{"@id":"https:\/\/portalfadesp.org.br\/?page_id=41987#breadcrumb"},"inLanguage":"pt-BR","potentialAction":[{"@type":"ReadAction","target":["https:\/\/portalfadesp.org.br\/?page_id=41987"]}]},{"@type":"BreadcrumbList","@id":"https:\/\/portalfadesp.org.br\/?page_id=41987#breadcrumb","itemListElement":[{"@type":"ListItem","position":1,"name":"In\u00edcio","item":"https:\/\/portalfadesp.org.br\/"},{"@type":"ListItem","position":2,"name":"SELE\u00c7\u00c3O DE FORMADORES E FORMADORAS PARA CAPACITA\u00c7\u00c3O DE AGENTES CULTURAIS NO ESTADO DO PAR\u00c1 (SECULT)"}]},{"@type":"WebSite","@id":"https:\/\/portalfadesp.org.br\/#website","url":"https:\/\/portalfadesp.org.br\/","name":"FADESP","description":"Funda\u00e7\u00e3o de Amparo e Desenvolvimento da Pesquisa","publisher":{"@id":"https:\/\/portalfadesp.org.br\/#organization"},"potentialAction":[{"@type":"SearchAction","target":{"@type":"EntryPoint","urlTemplate":"https:\/\/portalfadesp.org.br\/?s={search_term_string}"},"query-input":{"@type":"PropertyValueSpecification","valueRequired":true,"valueName":"search_term_string"}}],"inLanguage":"pt-BR"},{"@type":"Organization","@id":"https:\/\/portalfadesp.org.br\/#organization","name":"FADESP","url":"https:\/\/portalfadesp.org.br\/","logo":{"@type":"ImageObject","inLanguage":"pt-BR","@id":"https:\/\/portalfadesp.org.br\/#\/schema\/logo\/image\/","url":"https:\/\/portalfadesp.org.br\/wp-content\/uploads\/2024\/01\/NOVOLOGOFADESPlaranjaH.png","contentUrl":"https:\/\/portalfadesp.org.br\/wp-content\/uploads\/2024\/01\/NOVOLOGOFADESPlaranjaH.png","width":2742,"height":839,"caption":"FADESP"},"image":{"@id":"https:\/\/portalfadesp.org.br\/#\/schema\/logo\/image\/"},"sameAs":["https:\/\/www.facebook.com\/Fadesp-138351949524662\/","https:\/\/x.com\/Fadesp","https:\/\/www.instagram.com\/fadesp_ufpa\/","https:\/\/www.youtube.com\/@fundacaodeamparoedesenvolv1903","https:\/\/www.threads.net\/@fadesp_ufpa"]}]}},"_links":{"self":[{"href":"https:\/\/portalfadesp.org.br\/index.php?rest_route=\/wp\/v2\/pages\/41987","targetHints":{"allow":["GET"]}}],"collection":[{"href":"https:\/\/portalfadesp.org.br\/index.php?rest_route=\/wp\/v2\/pages"}],"about":[{"href":"https:\/\/portalfadesp.org.br\/index.php?rest_route=\/wp\/v2\/types\/page"}],"author":[{"embeddable":true,"href":"https:\/\/portalfadesp.org.br\/index.php?rest_route=\/wp\/v2\/users\/12"}],"replies":[{"embeddable":true,"href":"https:\/\/portalfadesp.org.br\/index.php?rest_route=%2Fwp%2Fv2%2Fcomments&post=41987"}],"version-history":[{"count":25,"href":"https:\/\/portalfadesp.org.br\/index.php?rest_route=\/wp\/v2\/pages\/41987\/revisions"}],"predecessor-version":[{"id":42444,"href":"https:\/\/portalfadesp.org.br\/index.php?rest_route=\/wp\/v2\/pages\/41987\/revisions\/42444"}],"wp:attachment":[{"href":"https:\/\/portalfadesp.org.br\/index.php?rest_route=%2Fwp%2Fv2%2Fmedia&parent=41987"}],"curies":[{"name":"wp","href":"https:\/\/api.w.org\/{rel}","templated":true}]}}