{"id":41574,"date":"2023-06-28T15:56:09","date_gmt":"2023-06-28T18:56:09","guid":{"rendered":"https:\/\/portalfadesp.org.br\/?page_id=41574"},"modified":"2023-09-17T15:01:19","modified_gmt":"2023-09-17T18:01:19","slug":"pagina_modelo-19-12-28","status":"publish","type":"page","link":"https:\/\/portalfadesp.org.br\/?page_id=41574","title":{"rendered":"Processo Seletivo P\u00fablico da Prefeitura Municipal de Benevides &#8211; 2023\u200b"},"content":{"rendered":"\t\t<div data-elementor-type=\"wp-post\" data-elementor-id=\"41574\" class=\"elementor elementor-41574\" data-elementor-post-type=\"page\">\n\t\t\t\t\t\t<section class=\"elementor-section elementor-top-section elementor-element elementor-element-1f2996d1 elementor-section-boxed elementor-section-height-default elementor-section-height-default\" data-id=\"1f2996d1\" data-element_type=\"section\">\n\t\t\t\t\t\t<div class=\"elementor-container elementor-column-gap-default\">\n\t\t\t\t\t<div class=\"elementor-column elementor-col-100 elementor-top-column elementor-element elementor-element-59a4b3f8\" data-id=\"59a4b3f8\" data-element_type=\"column\">\n\t\t\t<div class=\"elementor-widget-wrap elementor-element-populated\">\n\t\t\t\t\t\t<div class=\"elementor-element elementor-element-799471af elementor-widget elementor-widget-heading\" data-id=\"799471af\" data-element_type=\"widget\" data-widget_type=\"heading.default\">\n\t\t\t\t<div class=\"elementor-widget-container\">\n\t\t\t\t\t<h1 class=\"elementor-heading-title elementor-size-default\">Processo Seletivo P\u00fablico da Prefeitura Municipal de Benevides - 2023<\/h1>\t\t\t\t<\/div>\n\t\t\t\t<\/div>\n\t\t\t\t<section class=\"elementor-section elementor-inner-section elementor-element elementor-element-336311f elementor-section-boxed elementor-section-height-default elementor-section-height-default\" data-id=\"336311f\" data-element_type=\"section\">\n\t\t\t\t\t\t<div class=\"elementor-container elementor-column-gap-default\">\n\t\t\t\t\t<div class=\"elementor-column elementor-col-50 elementor-inner-column elementor-element elementor-element-75ca0dc3\" data-id=\"75ca0dc3\" data-element_type=\"column\">\n\t\t\t<div class=\"elementor-widget-wrap elementor-element-populated\">\n\t\t\t\t\t\t<div class=\"elementor-element elementor-element-425a3096 elementor-widget elementor-widget-text-editor\" data-id=\"425a3096\" data-element_type=\"widget\" data-widget_type=\"text-editor.default\">\n\t\t\t\t<div class=\"elementor-widget-container\">\n\t\t\t\t\t\t\t\t\t<p><span style=\"color: #993300;\"><strong>A Prefeitura Municipal de Benevides (PMB)<\/strong>,<\/span> atrav\u00e9s da Secretaria Municipal de Sa\u00fade, supervisionado pela Secretaria Municipal de Administra\u00e7\u00e3o, torna p\u00fablico o Edital de Abertura do Processo Seletivo P\u00fablico (PSP), Edital n\u00b0 01\/2023\/PMB\/ACS-ACE, de acordo com a Lei Federal n\u00ba 8.958\/94, regulamentada pelo Decreto n\u00ba 7.423 de 31\/12\/2010, bem como, atender os atos regulamentares dados pela Lei Federal n\u00ba 11.350, de 05 de outubro de 2006 e suas devidas altera\u00e7\u00f5es e Emenda \u00e0 Constitui\u00e7\u00e3o n\u00ba 51 de 14 de fevereiro de 2006, conforme itens, subitens e anexos deste Edital, objetivando a realiza\u00e7\u00e3o de Processo Seletivo P\u00fablico, destinado ao preenchimento de vagas na esfera municipal para empregos p\u00fablicos de <span style=\"color: #993300;\"><strong>Agente Comunit\u00e1rio de Sa\u00fade (ACS) e Agente de Combate \u00e0s Endemias (ACE).<\/strong><\/span><\/p><p><span style=\"color: #993300;\"><strong>&#8211; Requisitos M\u00ednimos e Vencimento Base:<\/strong><\/span><\/p><ul><li><span style=\"color: #993300;\"><strong>Agentes Comunit\u00e1rios de Sa\u00fade (ACS)<\/strong><\/span><br \/>\u2714 Ter, no ato da posse, Declara\u00e7\u00e3o de Conclus\u00e3o ou Certificado de Conclus\u00e3o do Ensino M\u00e9dio;<br \/>\u2714 Ter, no ato da posse, idade m\u00ednima de 18 anos.<br \/>\u2714 N\u00e3o possuir nenhum outro v\u00ednculo empregat\u00edcio efetivo em qualquer ente federado, no ato da posse;<br \/>\u2714 Residir na \u00e1rea da comunidade em que pretende atuar, na data da publica\u00e7\u00e3o do edital do Processo Seletivo P\u00fablico.<\/li><\/ul><p><span style=\"color: #993300;\"><strong>Vencimento Base:<\/strong><\/span> R$ 2.640,00 + Gratifica\u00e7\u00e3o de insalubridade.<\/p><ul><li><span style=\"color: #993300;\"><strong>Agentes de Combate \u00e0s Endemias (ACE)<\/strong><\/span><br \/>\u2714 Ter, no ato da posse, Declara\u00e7\u00e3o de Conclus\u00e3o ou Certificado de Conclus\u00e3o do Ensino M\u00e9dio;<br \/>\u2714 Ter, no ato da posse, idade m\u00ednima de 18 anos.<br \/>\u2714 N\u00e3o possuir nenhum outro v\u00ednculo empregat\u00edcio efetivo em qualquer ente federado, no ato da posse.<\/li><\/ul><p><span style=\"color: #993300;\"><strong>Vencimento Base:<\/strong><\/span> R$ 2.640,00 + Gratifica\u00e7\u00e3o de insalubridade.<\/p><p><span style=\"color: #993300;\"><strong>&#8211; Vagas:<\/strong><\/span> 25 (ACS) e 10 (ACE)<br \/><span style=\"color: #993300;\"><strong>&#8211; Per\u00edodo das Inscri\u00e7\u00f5es:<\/strong><\/span>\u00a028\/06\/2023 a 06\/07\/2023.<br \/><span style=\"color: #993300;\"><strong>&#8211; Solicita\u00e7\u00e3o de isen\u00e7\u00e3o da taxa de inscri\u00e7\u00e3o para PcD:\u00a0<\/strong><\/span>28 a 30\/06\/2023.<br \/><span style=\"color: #993300;\"><strong>&#8211; \u00daltimo dia de pagamento:\u00a0<\/strong><\/span>07\/07\/2023.<br \/><span style=\"color: #993300;\"><strong>&#8211; Valor da Taxa:<\/strong><\/span> R$ 70,00 (setenta reais).<br \/><span style=\"color: #993300;\"><strong>&#8211; Prova Objetiva:<\/strong> <\/span>16\/07\/2023 \u2013 Das 9h \u00e0s 12h.<\/p><p>&#8211; Convoca\u00e7\u00e3o, pela Secretaria Municipal de Sa\u00fade da PMM, dos classificados as vagas imediatas ofertadas a participarem do Curso Forma\u00e7\u00e3o Inicial de ACS\/ACE, com avalia\u00e7\u00e3o final sob responsabilidade da Secretaria Municipal de Sa\u00fade da PMB: 28\/07\/2023.<\/p><p>&#8211; Per\u00edodo de execu\u00e7\u00e3o do curso introdut\u00f3rio de ACS\/ACE e aplica\u00e7\u00e3o de avalia\u00e7\u00e3o final sob responsabilidade, organiza\u00e7\u00e3o e execu\u00e7\u00e3o da Secretaria Municipal de Sa\u00fade da PMB: 31\/07\/2023 a 03\/08\/2023.<\/p><p>&#8211; Homologa\u00e7\u00e3o do resultado final com os aptos a habilita\u00e7\u00e3o e posse: 04\/08\/2023.<\/p>\t\t\t\t\t\t\t\t<\/div>\n\t\t\t\t<\/div>\n\t\t\t\t\t<\/div>\n\t\t<\/div>\n\t\t\t\t<div class=\"elementor-column elementor-col-50 elementor-inner-column elementor-element elementor-element-79608089\" data-id=\"79608089\" data-element_type=\"column\">\n\t\t\t<div class=\"elementor-widget-wrap elementor-element-populated\">\n\t\t\t\t\t\t<div class=\"elementor-element elementor-element-9657a7b elementor-widget elementor-widget-text-editor\" data-id=\"9657a7b\" data-element_type=\"widget\" data-widget_type=\"text-editor.default\">\n\t\t\t\t<div class=\"elementor-widget-container\">\n\t\t\t\t\t\t\t\t\t<div><div style=\"text-align: center;\"><strong>Aten\u00e7\u00e3o<\/strong><\/div><div>\u00a0<\/div><div>Informa\u00e7\u00f5es sobre convoca\u00e7\u00f5es para habilita\u00e7\u00e3o e posse nos cargos, somente estar\u00e3o dispon\u00edvel no site da Prefeitura Municipal.<\/div><\/div>\t\t\t\t\t\t\t\t<\/div>\n\t\t\t\t<\/div>\n\t\t\t\t<div class=\"elementor-element elementor-element-7ccac55 elementor-widget elementor-widget-text-editor\" data-id=\"7ccac55\" data-element_type=\"widget\" data-widget_type=\"text-editor.default\">\n\t\t\t\t<div class=\"elementor-widget-container\">\n\t\t\t\t\t\t\t\t\t<p><strong>Editais\u00a0<\/strong><\/p>\t\t\t\t\t\t\t\t<\/div>\n\t\t\t\t<\/div>\n\t\t\t\t<div class=\"elementor-element elementor-element-368e568 elementor-widget elementor-widget-text-editor\" data-id=\"368e568\" data-element_type=\"widget\" data-widget_type=\"text-editor.default\">\n\t\t\t\t<div class=\"elementor-widget-container\">\n\t\t\t\t\t\t\t\t\t<p style=\"text-align: center;\"><a href=\"http:\/\/concursos2.fadesp.org.br\/prefeitura\/2023\/benevides\/arquivos\/Edital n\u00b0 003_2023_Homologa\u00e7\u00e3o do Resultado Final - 04-08-2023.pdf\" data-wplink-url-error=\"true\">Edital n\u00b0 003_2023_Homologa\u00e7\u00e3o do Resultado Final, de 04\/08\/2023 <strong>(Clique aqui)<\/strong><\/a><\/p><p style=\"text-align: center;\"><a href=\"http:\/\/concursos2.fadesp.org.br\/prefeitura\/2023\/benevides\/arquivos\/Resultado do Curso Introdut\u00f3rio de Forma\u00e7\u00e3o Inicial - 04-08-2023.pdf\" data-wplink-url-error=\"true\">Resultado do Curso Introdut\u00f3rio de Forma\u00e7\u00e3o Inicial, de 04\/08\/2023 <strong>(Clique aqui)<\/strong><\/a><\/p><p style=\"text-align: center;\"><a href=\"http:\/\/concursos2.fadesp.org.br\/prefeitura\/2023\/benevides\/arquivos\/Edital n\u00b0 002_2023_Convoca\u00e7\u00e3o do Curso de Forma\u00e7\u00e3o - 28-07-2023 BN3M4.pdf\" data-wplink-url-error=\"true\">Edital n\u00b0 002_2023_Convoca\u00e7\u00e3o do Curso de Forma\u00e7\u00e3o, de 28\/07\/2023 <strong>(Clique aqui)<\/strong><\/a><\/p><p style=\"text-align: center;\"><a href=\"http:\/\/concursos2.fadesp.org.br\/prefeitura\/2023\/benevides\/arquivos\/Resultado Definitivo das Provas Objetivas -  28-07-2023 43VB4N.pdf\" data-wplink-url-error=\"true\">Resultado Definitivo das Provas Objetivas, de 28\/07\/2023 <strong>(Clique aqui)<\/strong><\/a><\/p><p style=\"text-align: center;\"><a href=\"http:\/\/concursos2.fadesp.org.br\/prefeitura\/2023\/benevides\/arquivos\/Resultado Preliminar das Provas Objetivas -  25-07-2023 5V32BUJ.pdf\" data-wplink-url-error=\"true\">Resultado Preliminar das Provas Objetivas, de 25\/07\/2023 <strong>(Clique aqui)<\/strong><\/a><\/p><p style=\"text-align: center;\"><a href=\"http:\/\/concursos2.fadesp.org.br\/prefeitura\/2023\/benevides\/arquivos\/C5H2532J5N53GabdEF.html\">Gabarito Definitivo, de 25\/07\/2023 <strong>(Clique aqui)<\/strong><\/a><\/p><p style=\"text-align: center;\"><a href=\"http:\/\/concursos2.fadesp.org.br\/prefeitura\/2023\/benevides\/arquivos\/BSJBKBJ4BK232Gab.html\">Gabarito Preliminar, de 17\/07\/2023 <strong>(Clique aqui)<\/strong><\/a><\/p><p style=\"text-align: center;\"><a href=\"http:\/\/concursos2.fadesp.org.br\/prefeitura\/2023\/benevides\/arquivos\/N4K3213N2RE3Prov.html\">Provas, de 17\/07\/2023 <strong>(Clique aqui)<\/strong><\/a><\/p><p style=\"text-align: center;\"><a href=\"http:\/\/concursos2.fadesp.org.br\/prefeitura\/2023\/benevides\/arquivos\/Resultado Definitivo de Inscri\u00e7\u00f5es Deferidas - 12-07-2023.pdf\" data-wplink-url-error=\"true\">Resultado Definitivo de Inscri\u00e7\u00f5es Deferidas, de 12\/07\/2023 <strong>(Clique aqui)<\/strong><\/a><\/p><p style=\"text-align: center;\"><a href=\"http:\/\/concursos2.fadesp.org.br\/prefeitura\/2023\/benevides\/arquivos\/Resultado Definitivo de Concorentes como PcD - 12-07-2023.pdf\" data-wplink-url-error=\"true\">Resultado Definitivo de Concorrentes como PcD, de 12\/07\/2023 <strong>(Clique aqui)<\/strong><\/a><\/p><p style=\"text-align: center;\"><a href=\"http:\/\/concursos2.fadesp.org.br\/prefeitura\/2023\/benevides\/arquivos\/Resultado Definitivo de Atendimentos Especiais no Dia da Prova - 12-07-2023.pdf\" data-wplink-url-error=\"true\">Resultado Definitivo de Atendimentos Especiais no Dia da Prova, de 12\/07\/2023 <strong>(Clique aqui)<\/strong><\/a><\/p><p style=\"text-align: center;\"><a href=\"http:\/\/concursos2.fadesp.org.br\/prefeitura\/2023\/benevides\/arquivos\/Demanda - 12-07-2023.pdf\" data-wplink-url-error=\"true\">Demanda, de 12\/07\/2023 <strong>(Clique aqui)<\/strong><\/a><\/p><p style=\"text-align: center;\"><a href=\"http:\/\/concursos2.fadesp.org.br\/prefeitura\/2023\/benevides\/arquivos\/Resultado Preliminar de Inscri\u00e7\u00f5es Deferidas - 10-07-2023 h432u.pdf\" data-wplink-url-error=\"true\">Resultado Preliminar de Inscri\u00e7\u00f5es Deferidas, de 10\/07\/2023 <strong>(Clique aqui)<\/strong><\/a><\/p><p style=\"text-align: center;\"><a href=\"http:\/\/concursos2.fadesp.org.br\/prefeitura\/2023\/benevides\/arquivos\/Resultado Preliminar de Concorentes como PcD - 10-07-2023 h432u.pdf\" data-wplink-url-error=\"true\">Resultado Preliminar de Concorentes como PcD, de 10\/07\/2023 <strong>(Clique aqui)<\/strong><\/a><\/p><p style=\"text-align: center;\"><a href=\"http:\/\/concursos2.fadesp.org.br\/prefeitura\/2023\/benevides\/arquivos\/Resultado Preliminar de Atendimentos Especiais no Dia da Prova - 10-07-2023 h432u.pdf\" data-wplink-url-error=\"true\">Resultado Preliminar de Atendimentos Especiais no Dia da Prova, de 10\/07\/2023 <strong>(Clique aqui)<\/strong><\/a><\/p><p style=\"text-align: center;\"><a href=\"http:\/\/concursos2.fadesp.org.br\/prefeitura\/2023\/benevides\/arquivos\/Resultado Definitivo Isen\u00e7\u00e3o PCD - 05-07-2023.pdf\" data-wplink-url-error=\"true\">Resultado Definitivo Isen\u00e7\u00e3o PCD, de 05\/07\/2023 <strong>(Clique aqui)<\/strong><\/a><\/p><p style=\"text-align: center;\"><a href=\"http:\/\/concursos2.fadesp.org.br\/prefeitura\/2023\/benevides\/arquivos\/Resultado Preliminar Isen\u00e7\u00e3o PCD - 03-07-2023.pdf\" data-wplink-url-error=\"true\">Resultado Preliminar Isen\u00e7\u00e3o PCD, de 03\/07\/2023 <strong>(Clique aqui)<\/strong><\/a><\/p><p style=\"text-align: center;\"><a href=\"http:\/\/concursos2.fadesp.org.br\/prefeitura\/2023\/benevides\/arquivos\/Etapas, pr\u00e9-requisitos, vencimentos, vagas, cronograma e documentos para habilita\u00e7\u00e3o ao curso de ACS-ACE.pdf\" data-wplink-url-error=\"true\">Etapas, pr\u00e9-requisitos, vencimentos, vagas, cronograma e documentos para habilita\u00e7\u00e3o ao curso de ACS-ACE, de 28\/06\/2023 <strong>(Clique aqui)<\/strong><\/a><\/p><p style=\"text-align: center;\"><a href=\"http:\/\/concursos2.fadesp.org.br\/prefeitura\/2023\/benevides\/arquivos\/Edital de Abertura.pdf\" data-wplink-url-error=\"true\">Edital de Abertura 01\/2023, de 28\/06\/2023 <strong>(Clique aqui)<\/strong><\/a><\/p>\t\t\t\t\t\t\t\t<\/div>\n\t\t\t\t<\/div>\n\t\t\t\t\t<\/div>\n\t\t<\/div>\n\t\t\t\t\t<\/div>\n\t\t<\/section>\n\t\t\t\t\t<\/div>\n\t\t<\/div>\n\t\t\t\t\t<\/div>\n\t\t<\/section>\n\t\t\t\t<\/div>\n\t\t","protected":false},"excerpt":{"rendered":"<p>Processo Seletivo P\u00fablico da Prefeitura Municipal de Benevides &#8211; 2023 A Prefeitura Municipal de Benevides (PMB), atrav\u00e9s da Secretaria Municipal de Sa\u00fade, supervisionado pela Secretaria Municipal de Administra\u00e7\u00e3o, torna p\u00fablico o Edital de Abertura do Processo Seletivo P\u00fablico (PSP), Edital n\u00b0 01\/2023\/PMB\/ACS-ACE, de acordo com a Lei Federal n\u00ba 8.958\/94, regulamentada pelo Decreto n\u00ba 7.423 [&hellip;]<\/p>\n","protected":false},"author":12,"featured_media":0,"parent":329,"menu_order":0,"comment_status":"closed","ping_status":"closed","template":"","meta":{"_monsterinsights_skip_tracking":false,"_monsterinsights_sitenote_active":false,"_monsterinsights_sitenote_note":"","_monsterinsights_sitenote_category":0,"footnotes":""},"class_list":["post-41574","page","type-page","status-publish","hentry","entry"],"yoast_head":"<!-- This site is optimized with the Yoast SEO plugin v25.1 - https:\/\/yoast.com\/wordpress\/plugins\/seo\/ -->\n<title>Processo Seletivo P\u00fablico da Prefeitura Municipal de Benevides - 2023\u200b - FADESP<\/title>\n<meta name=\"robots\" content=\"index, follow, max-snippet:-1, max-image-preview:large, max-video-preview:-1\" \/>\n<link rel=\"canonical\" href=\"https:\/\/portalfadesp.org.br\/?page_id=41574\" \/>\n<meta property=\"og:locale\" content=\"pt_BR\" \/>\n<meta property=\"og:type\" content=\"article\" \/>\n<meta property=\"og:title\" content=\"Processo Seletivo P\u00fablico da Prefeitura Municipal de Benevides - 2023\u200b - FADESP\" \/>\n<meta property=\"og:description\" content=\"Processo Seletivo P\u00fablico da Prefeitura Municipal de Benevides &#8211; 2023 A Prefeitura Municipal de Benevides (PMB), atrav\u00e9s da Secretaria Municipal de Sa\u00fade, supervisionado pela Secretaria Municipal de Administra\u00e7\u00e3o, torna p\u00fablico o Edital de Abertura do Processo Seletivo P\u00fablico (PSP), Edital n\u00b0 01\/2023\/PMB\/ACS-ACE, de acordo com a Lei Federal n\u00ba 8.958\/94, regulamentada pelo Decreto n\u00ba 7.423 [&hellip;]\" \/>\n<meta property=\"og:url\" content=\"https:\/\/portalfadesp.org.br\/?page_id=41574\" \/>\n<meta property=\"og:site_name\" content=\"FADESP\" \/>\n<meta property=\"article:publisher\" content=\"https:\/\/www.facebook.com\/Fadesp-138351949524662\/\" \/>\n<meta property=\"article:modified_time\" content=\"2023-09-17T18:01:19+00:00\" \/>\n<meta name=\"twitter:card\" content=\"summary_large_image\" \/>\n<meta name=\"twitter:site\" content=\"@Fadesp\" \/>\n<meta name=\"twitter:label1\" content=\"Est. tempo de leitura\" \/>\n\t<meta name=\"twitter:data1\" content=\"4 minutos\" \/>\n<script type=\"application\/ld+json\" class=\"yoast-schema-graph\">{\"@context\":\"https:\/\/schema.org\",\"@graph\":[{\"@type\":\"WebPage\",\"@id\":\"https:\/\/portalfadesp.org.br\/?page_id=41574\",\"url\":\"https:\/\/portalfadesp.org.br\/?page_id=41574\",\"name\":\"Processo Seletivo P\u00fablico da Prefeitura Municipal de Benevides - 2023\u200b - FADESP\",\"isPartOf\":{\"@id\":\"https:\/\/portalfadesp.org.br\/#website\"},\"datePublished\":\"2023-06-28T18:56:09+00:00\",\"dateModified\":\"2023-09-17T18:01:19+00:00\",\"breadcrumb\":{\"@id\":\"https:\/\/portalfadesp.org.br\/?page_id=41574#breadcrumb\"},\"inLanguage\":\"pt-BR\",\"potentialAction\":[{\"@type\":\"ReadAction\",\"target\":[\"https:\/\/portalfadesp.org.br\/?page_id=41574\"]}]},{\"@type\":\"BreadcrumbList\",\"@id\":\"https:\/\/portalfadesp.org.br\/?page_id=41574#breadcrumb\",\"itemListElement\":[{\"@type\":\"ListItem\",\"position\":1,\"name\":\"In\u00edcio\",\"item\":\"https:\/\/portalfadesp.org.br\/\"},{\"@type\":\"ListItem\",\"position\":2,\"name\":\"Concursos &#8211; Homologados\",\"item\":\"https:\/\/portalfadesp.org.br\/?page_id=329\"},{\"@type\":\"ListItem\",\"position\":3,\"name\":\"Processo Seletivo P\u00fablico da Prefeitura Municipal de Benevides &#8211; 2023\u200b\"}]},{\"@type\":\"WebSite\",\"@id\":\"https:\/\/portalfadesp.org.br\/#website\",\"url\":\"https:\/\/portalfadesp.org.br\/\",\"name\":\"FADESP\",\"description\":\"Funda\u00e7\u00e3o de Amparo e Desenvolvimento da Pesquisa\",\"publisher\":{\"@id\":\"https:\/\/portalfadesp.org.br\/#organization\"},\"potentialAction\":[{\"@type\":\"SearchAction\",\"target\":{\"@type\":\"EntryPoint\",\"urlTemplate\":\"https:\/\/portalfadesp.org.br\/?s={search_term_string}\"},\"query-input\":{\"@type\":\"PropertyValueSpecification\",\"valueRequired\":true,\"valueName\":\"search_term_string\"}}],\"inLanguage\":\"pt-BR\"},{\"@type\":\"Organization\",\"@id\":\"https:\/\/portalfadesp.org.br\/#organization\",\"name\":\"FADESP\",\"url\":\"https:\/\/portalfadesp.org.br\/\",\"logo\":{\"@type\":\"ImageObject\",\"inLanguage\":\"pt-BR\",\"@id\":\"https:\/\/portalfadesp.org.br\/#\/schema\/logo\/image\/\",\"url\":\"https:\/\/portalfadesp.org.br\/wp-content\/uploads\/2024\/01\/NOVOLOGOFADESPlaranjaH.png\",\"contentUrl\":\"https:\/\/portalfadesp.org.br\/wp-content\/uploads\/2024\/01\/NOVOLOGOFADESPlaranjaH.png\",\"width\":2742,\"height\":839,\"caption\":\"FADESP\"},\"image\":{\"@id\":\"https:\/\/portalfadesp.org.br\/#\/schema\/logo\/image\/\"},\"sameAs\":[\"https:\/\/www.facebook.com\/Fadesp-138351949524662\/\",\"https:\/\/x.com\/Fadesp\",\"https:\/\/www.instagram.com\/fadesp_ufpa\/\",\"https:\/\/www.youtube.com\/@fundacaodeamparoedesenvolv1903\",\"https:\/\/www.threads.net\/@fadesp_ufpa\"]}]}<\/script>\n<!-- \/ Yoast SEO plugin. -->","yoast_head_json":{"title":"Processo Seletivo P\u00fablico da Prefeitura Municipal de Benevides - 2023\u200b - FADESP","robots":{"index":"index","follow":"follow","max-snippet":"max-snippet:-1","max-image-preview":"max-image-preview:large","max-video-preview":"max-video-preview:-1"},"canonical":"https:\/\/portalfadesp.org.br\/?page_id=41574","og_locale":"pt_BR","og_type":"article","og_title":"Processo Seletivo P\u00fablico da Prefeitura Municipal de Benevides - 2023\u200b - FADESP","og_description":"Processo Seletivo P\u00fablico da Prefeitura Municipal de Benevides &#8211; 2023 A Prefeitura Municipal de Benevides (PMB), atrav\u00e9s da Secretaria Municipal de Sa\u00fade, supervisionado pela Secretaria Municipal de Administra\u00e7\u00e3o, torna p\u00fablico o Edital de Abertura do Processo Seletivo P\u00fablico (PSP), Edital n\u00b0 01\/2023\/PMB\/ACS-ACE, de acordo com a Lei Federal n\u00ba 8.958\/94, regulamentada pelo Decreto n\u00ba 7.423 [&hellip;]","og_url":"https:\/\/portalfadesp.org.br\/?page_id=41574","og_site_name":"FADESP","article_publisher":"https:\/\/www.facebook.com\/Fadesp-138351949524662\/","article_modified_time":"2023-09-17T18:01:19+00:00","twitter_card":"summary_large_image","twitter_site":"@Fadesp","twitter_misc":{"Est. tempo de leitura":"4 minutos"},"schema":{"@context":"https:\/\/schema.org","@graph":[{"@type":"WebPage","@id":"https:\/\/portalfadesp.org.br\/?page_id=41574","url":"https:\/\/portalfadesp.org.br\/?page_id=41574","name":"Processo Seletivo P\u00fablico da Prefeitura Municipal de Benevides - 2023\u200b - FADESP","isPartOf":{"@id":"https:\/\/portalfadesp.org.br\/#website"},"datePublished":"2023-06-28T18:56:09+00:00","dateModified":"2023-09-17T18:01:19+00:00","breadcrumb":{"@id":"https:\/\/portalfadesp.org.br\/?page_id=41574#breadcrumb"},"inLanguage":"pt-BR","potentialAction":[{"@type":"ReadAction","target":["https:\/\/portalfadesp.org.br\/?page_id=41574"]}]},{"@type":"BreadcrumbList","@id":"https:\/\/portalfadesp.org.br\/?page_id=41574#breadcrumb","itemListElement":[{"@type":"ListItem","position":1,"name":"In\u00edcio","item":"https:\/\/portalfadesp.org.br\/"},{"@type":"ListItem","position":2,"name":"Concursos &#8211; Homologados","item":"https:\/\/portalfadesp.org.br\/?page_id=329"},{"@type":"ListItem","position":3,"name":"Processo Seletivo P\u00fablico da Prefeitura Municipal de Benevides &#8211; 2023\u200b"}]},{"@type":"WebSite","@id":"https:\/\/portalfadesp.org.br\/#website","url":"https:\/\/portalfadesp.org.br\/","name":"FADESP","description":"Funda\u00e7\u00e3o de Amparo e Desenvolvimento da Pesquisa","publisher":{"@id":"https:\/\/portalfadesp.org.br\/#organization"},"potentialAction":[{"@type":"SearchAction","target":{"@type":"EntryPoint","urlTemplate":"https:\/\/portalfadesp.org.br\/?s={search_term_string}"},"query-input":{"@type":"PropertyValueSpecification","valueRequired":true,"valueName":"search_term_string"}}],"inLanguage":"pt-BR"},{"@type":"Organization","@id":"https:\/\/portalfadesp.org.br\/#organization","name":"FADESP","url":"https:\/\/portalfadesp.org.br\/","logo":{"@type":"ImageObject","inLanguage":"pt-BR","@id":"https:\/\/portalfadesp.org.br\/#\/schema\/logo\/image\/","url":"https:\/\/portalfadesp.org.br\/wp-content\/uploads\/2024\/01\/NOVOLOGOFADESPlaranjaH.png","contentUrl":"https:\/\/portalfadesp.org.br\/wp-content\/uploads\/2024\/01\/NOVOLOGOFADESPlaranjaH.png","width":2742,"height":839,"caption":"FADESP"},"image":{"@id":"https:\/\/portalfadesp.org.br\/#\/schema\/logo\/image\/"},"sameAs":["https:\/\/www.facebook.com\/Fadesp-138351949524662\/","https:\/\/x.com\/Fadesp","https:\/\/www.instagram.com\/fadesp_ufpa\/","https:\/\/www.youtube.com\/@fundacaodeamparoedesenvolv1903","https:\/\/www.threads.net\/@fadesp_ufpa"]}]}},"_links":{"self":[{"href":"https:\/\/portalfadesp.org.br\/index.php?rest_route=\/wp\/v2\/pages\/41574","targetHints":{"allow":["GET"]}}],"collection":[{"href":"https:\/\/portalfadesp.org.br\/index.php?rest_route=\/wp\/v2\/pages"}],"about":[{"href":"https:\/\/portalfadesp.org.br\/index.php?rest_route=\/wp\/v2\/types\/page"}],"author":[{"embeddable":true,"href":"https:\/\/portalfadesp.org.br\/index.php?rest_route=\/wp\/v2\/users\/12"}],"replies":[{"embeddable":true,"href":"https:\/\/portalfadesp.org.br\/index.php?rest_route=%2Fwp%2Fv2%2Fcomments&post=41574"}],"version-history":[{"count":73,"href":"https:\/\/portalfadesp.org.br\/index.php?rest_route=\/wp\/v2\/pages\/41574\/revisions"}],"predecessor-version":[{"id":43041,"href":"https:\/\/portalfadesp.org.br\/index.php?rest_route=\/wp\/v2\/pages\/41574\/revisions\/43041"}],"up":[{"embeddable":true,"href":"https:\/\/portalfadesp.org.br\/index.php?rest_route=\/wp\/v2\/pages\/329"}],"wp:attachment":[{"href":"https:\/\/portalfadesp.org.br\/index.php?rest_route=%2Fwp%2Fv2%2Fmedia&parent=41574"}],"curies":[{"name":"wp","href":"https:\/\/api.w.org\/{rel}","templated":true}]}}