{"id":40695,"date":"2023-05-03T14:32:43","date_gmt":"2023-05-03T17:32:43","guid":{"rendered":"https:\/\/portalfadesp.org.br\/?page_id=40695"},"modified":"2023-05-03T15:10:27","modified_gmt":"2023-05-03T18:10:27","slug":"pagina_modelo-19-12-21","status":"publish","type":"page","link":"https:\/\/portalfadesp.org.br\/?page_id=40695","title":{"rendered":"Mestrado em Cidades: Territ\u00f3rios e Identidades 2023 \u2013 (PPGCITI\/UFPA) \u2013 CAMPUS ABAETETUBA"},"content":{"rendered":"\t\t<div data-elementor-type=\"wp-post\" data-elementor-id=\"40695\" class=\"elementor elementor-40695\" data-elementor-post-type=\"page\">\n\t\t\t\t\t\t<section class=\"elementor-section elementor-top-section elementor-element elementor-element-1f2996d1 elementor-section-boxed elementor-section-height-default elementor-section-height-default\" data-id=\"1f2996d1\" data-element_type=\"section\">\n\t\t\t\t\t\t<div class=\"elementor-container elementor-column-gap-default\">\n\t\t\t\t\t<div class=\"elementor-column elementor-col-100 elementor-top-column elementor-element elementor-element-59a4b3f8\" data-id=\"59a4b3f8\" data-element_type=\"column\">\n\t\t\t<div class=\"elementor-widget-wrap elementor-element-populated\">\n\t\t\t\t\t\t<div class=\"elementor-element elementor-element-799471af elementor-widget elementor-widget-heading\" data-id=\"799471af\" data-element_type=\"widget\" data-widget_type=\"heading.default\">\n\t\t\t\t<div class=\"elementor-widget-container\">\n\t\t\t\t\t<h1 class=\"elementor-heading-title elementor-size-default\">Mestrado em Cidades: Territ\u00f3rios e Identidades 2023 \u2013 (PPGCITI\/UFPA) \u2013 CAMPUS ABAETETUBA<\/h1>\t\t\t\t<\/div>\n\t\t\t\t<\/div>\n\t\t\t\t<section class=\"elementor-section elementor-inner-section elementor-element elementor-element-336311f elementor-section-boxed elementor-section-height-default elementor-section-height-default\" data-id=\"336311f\" data-element_type=\"section\">\n\t\t\t\t\t\t<div class=\"elementor-container elementor-column-gap-default\">\n\t\t\t\t\t<div class=\"elementor-column elementor-col-50 elementor-inner-column elementor-element elementor-element-75ca0dc3\" data-id=\"75ca0dc3\" data-element_type=\"column\">\n\t\t\t<div class=\"elementor-widget-wrap elementor-element-populated\">\n\t\t\t\t\t\t<div class=\"elementor-element elementor-element-425a3096 elementor-widget elementor-widget-text-editor\" data-id=\"425a3096\" data-element_type=\"widget\" data-widget_type=\"text-editor.default\">\n\t\t\t\t<div class=\"elementor-widget-container\">\n\t\t\t\t\t\t\t\t\t<p>A Universidade Federal do Par\u00e1, por interm\u00e9dio do Campus Universit\u00e1rio de Abaetetuba, torna p\u00fablico o Edital n. 003\/2023 &#8211; PPGCITI para a sele\u00e7\u00e3o de candidatos ao Programa de P\u00f3s-Gradua\u00e7\u00e3o em Cidades: Territ\u00f3rios e Identidades, conforme Resolu\u00e7\u00e3o n. 5.425, de 23 de setembro de 2021. Com inscri\u00e7\u00f5es abertas, a candidatos regulares para o processo seletivo do Curso de Mestrado Acad\u00eamico, turma 2023\/1, nas \u00e1reas de Estudos Sociais e suas Humanidades, com ingresso em agosto de 2023, com defesa de Disserta\u00e7\u00e3o prevista at\u00e9 julho de 2025.<\/p><p>Art. 1\u00ba. O Programa de P\u00f3s-Gradua\u00e7\u00e3o em Cidades: Territ\u00f3rios e Identidades \u2013 PPGCITI, mant\u00e9m uma \u00fanica \u00e1rea de concentra\u00e7\u00e3o: Estudos Sociais e suas Humanidades, que tem por objetivo a compreens\u00e3o dos aspectos relacionais entre cidades, territ\u00f3rios e os agentes sociais, preocupada em compreender as complexidades identit\u00e1rias expressas nas culturas, nas linguagens e nas artes das sociedades estudadas.<\/p><p><strong>Vagas:<\/strong>\u00a025 (vinte e cinco).<\/p><p><strong>Per\u00edodo de Inscri\u00e7\u00e3o: <\/strong>24\/04\/22 a 18\/05\/23.<\/p><p><strong>Taxa de inscri\u00e7\u00e3o:<\/strong> R$ 100,00 (cem reais)<\/p><p><strong>Para mais informa\u00e7\u00f5es: <\/strong>e-mail: ppgciti@ufpa.br<\/p><p><span style=\"text-decoration: underline;\"><b><a href=\"http:\/\/cursoseventos.fadesp.org.br\/gui\/PortalCursosEventos.aspx\">Para se inscrever, clique aqui.<\/a><\/b><\/span><\/p><p><strong>O PPGCITI est\u00e1 estruturado em tr\u00eas linhas de pesquisa, a saber:<\/strong><\/p><p><strong>Linha de Pesquisa 1:<\/strong> Pol\u00edticas P\u00fablicas, Movimentos Sociais e Territ\u00f3rios \u2013 Estudos de pol\u00edticas p\u00fablicas e suas rela\u00e7\u00f5es hist\u00f3ricas, sociais e culturais; na identifica\u00e7\u00e3o dos conflitos constitutivos das cidades e dos territ\u00f3rios, observados por meio da descri\u00e7\u00e3o, an\u00e1lise, documenta\u00e7\u00e3o e pesquisa de fontes prim\u00e1rias.<br \/>Inserem-se nesta linha os estudos dos fen\u00f4menos pol\u00edticos, sociol\u00f3gicos, antropol\u00f3gicos, geogr\u00e1ficos e educacionais.<\/p><p><strong>Linha de Pesquisa 2:<\/strong> Identidades: Linguagens, Pr\u00e1ticas e Representa\u00e7\u00f5es- Estudos das pr\u00e1ticas sociais e humanas e das rela\u00e7\u00f5es de poder, na perspectiva da mem\u00f3ria e da hist\u00f3ria, individual e\/ou coletiva, com \u00eanfase no entendimento das constru\u00e7\u00f5es e representa\u00e7\u00f5es identit\u00e1rias materializadas na cultura, na<br \/>educa\u00e7\u00e3o, na linguagem e na arte dos grupos sociais estudados.<\/p><p><strong>Linha de Pesquisa 3:<\/strong> Educa\u00e7\u00e3o, Estado e Territorialidades \u2013 Contempla estudos e pesquisas no \u00e2mbito da rela\u00e7\u00e3o Estado e Sociedade, com foco nas diferentes pol\u00edticas p\u00fablicas Educacionais. Estudo dos Sistemas e dos regimes de colabora\u00e7\u00e3o entre os entes federados, bem como das identidades docentes<br \/>e dos processos educativos em espa\u00e7os formais e n\u00e3o formais no campo e na cidade como express\u00e3o das territorialidades regionais. Al\u00e9m, dos estudos sociol\u00f3gicos da Educa\u00e7\u00e3o, bem como, dos fundamentos da Ci\u00eancia pol\u00edtica, relacionados ao papel do estado e o seu reflexo nas a\u00e7\u00f5es p\u00fablicas das organiza\u00e7\u00f5es sociais no territ\u00f3rio.<\/p>\t\t\t\t\t\t\t\t<\/div>\n\t\t\t\t<\/div>\n\t\t\t\t\t<\/div>\n\t\t<\/div>\n\t\t\t\t<div class=\"elementor-column elementor-col-50 elementor-inner-column elementor-element elementor-element-79608089\" data-id=\"79608089\" data-element_type=\"column\">\n\t\t\t<div class=\"elementor-widget-wrap elementor-element-populated\">\n\t\t\t\t\t\t<div class=\"elementor-element elementor-element-7ccac55 elementor-widget elementor-widget-text-editor\" data-id=\"7ccac55\" data-element_type=\"widget\" data-widget_type=\"text-editor.default\">\n\t\t\t\t<div class=\"elementor-widget-container\">\n\t\t\t\t\t\t\t\t\t<p><strong>Editais\u00a0<\/strong><\/p>\t\t\t\t\t\t\t\t<\/div>\n\t\t\t\t<\/div>\n\t\t\t\t<div class=\"elementor-element elementor-element-368e568 elementor-widget elementor-widget-text-editor\" data-id=\"368e568\" data-element_type=\"widget\" data-widget_type=\"text-editor.default\">\n\t\t\t\t<div class=\"elementor-widget-container\">\n\t\t\t\t\t\t\t\t\t<p style=\"text-align: center;\">Edital 1 <strong><a href=\"https:\/\/portalfadesp.org.br\/wp-content\/uploads\/2023\/05\/Edital-Selecao-Mestado-PPGCITI-2023-1.pdf\">(Clique aqui)<\/a><\/strong><\/p>\t\t\t\t\t\t\t\t<\/div>\n\t\t\t\t<\/div>\n\t\t\t\t\t<\/div>\n\t\t<\/div>\n\t\t\t\t\t<\/div>\n\t\t<\/section>\n\t\t\t\t\t<\/div>\n\t\t<\/div>\n\t\t\t\t\t<\/div>\n\t\t<\/section>\n\t\t\t\t<\/div>\n\t\t","protected":false},"excerpt":{"rendered":"<p>Mestrado em Cidades: Territ\u00f3rios e Identidades 2023 \u2013 (PPGCITI\/UFPA) \u2013 CAMPUS ABAETETUBA A Universidade Federal do Par\u00e1, por interm\u00e9dio do Campus Universit\u00e1rio de Abaetetuba, torna p\u00fablico o Edital n. 003\/2023 &#8211; PPGCITI para a sele\u00e7\u00e3o de candidatos ao Programa de P\u00f3s-Gradua\u00e7\u00e3o em Cidades: Territ\u00f3rios e Identidades, conforme Resolu\u00e7\u00e3o n. 5.425, de 23 de setembro de [&hellip;]<\/p>\n","protected":false},"author":12,"featured_media":0,"parent":0,"menu_order":0,"comment_status":"closed","ping_status":"closed","template":"","meta":{"_monsterinsights_skip_tracking":false,"_monsterinsights_sitenote_active":false,"_monsterinsights_sitenote_note":"","_monsterinsights_sitenote_category":0,"footnotes":""},"class_list":["post-40695","page","type-page","status-publish","hentry","entry"],"yoast_head":"<!-- This site is optimized with the Yoast SEO plugin v25.1 - https:\/\/yoast.com\/wordpress\/plugins\/seo\/ -->\n<title>Mestrado em Cidades: Territ\u00f3rios e Identidades 2023 \u2013 (PPGCITI\/UFPA) \u2013 CAMPUS ABAETETUBA - FADESP<\/title>\n<meta name=\"robots\" content=\"index, follow, max-snippet:-1, max-image-preview:large, max-video-preview:-1\" \/>\n<link rel=\"canonical\" href=\"https:\/\/portalfadesp.org.br\/?page_id=40695\" \/>\n<meta property=\"og:locale\" content=\"pt_BR\" \/>\n<meta property=\"og:type\" content=\"article\" \/>\n<meta property=\"og:title\" content=\"Mestrado em Cidades: Territ\u00f3rios e Identidades 2023 \u2013 (PPGCITI\/UFPA) \u2013 CAMPUS ABAETETUBA - FADESP\" \/>\n<meta property=\"og:description\" content=\"Mestrado em Cidades: Territ\u00f3rios e Identidades 2023 \u2013 (PPGCITI\/UFPA) \u2013 CAMPUS ABAETETUBA A Universidade Federal do Par\u00e1, por interm\u00e9dio do Campus Universit\u00e1rio de Abaetetuba, torna p\u00fablico o Edital n. 003\/2023 &#8211; PPGCITI para a sele\u00e7\u00e3o de candidatos ao Programa de P\u00f3s-Gradua\u00e7\u00e3o em Cidades: Territ\u00f3rios e Identidades, conforme Resolu\u00e7\u00e3o n. 5.425, de 23 de setembro de [&hellip;]\" \/>\n<meta property=\"og:url\" content=\"https:\/\/portalfadesp.org.br\/?page_id=40695\" \/>\n<meta property=\"og:site_name\" content=\"FADESP\" \/>\n<meta property=\"article:publisher\" content=\"https:\/\/www.facebook.com\/Fadesp-138351949524662\/\" \/>\n<meta property=\"article:modified_time\" content=\"2023-05-03T18:10:27+00:00\" \/>\n<meta name=\"twitter:card\" content=\"summary_large_image\" \/>\n<meta name=\"twitter:site\" content=\"@Fadesp\" \/>\n<meta name=\"twitter:label1\" content=\"Est. tempo de leitura\" \/>\n\t<meta name=\"twitter:data1\" content=\"2 minutos\" \/>\n<script type=\"application\/ld+json\" class=\"yoast-schema-graph\">{\"@context\":\"https:\/\/schema.org\",\"@graph\":[{\"@type\":\"WebPage\",\"@id\":\"https:\/\/portalfadesp.org.br\/?page_id=40695\",\"url\":\"https:\/\/portalfadesp.org.br\/?page_id=40695\",\"name\":\"Mestrado em Cidades: Territ\u00f3rios e Identidades 2023 \u2013 (PPGCITI\/UFPA) \u2013 CAMPUS ABAETETUBA - FADESP\",\"isPartOf\":{\"@id\":\"https:\/\/portalfadesp.org.br\/#website\"},\"datePublished\":\"2023-05-03T17:32:43+00:00\",\"dateModified\":\"2023-05-03T18:10:27+00:00\",\"breadcrumb\":{\"@id\":\"https:\/\/portalfadesp.org.br\/?page_id=40695#breadcrumb\"},\"inLanguage\":\"pt-BR\",\"potentialAction\":[{\"@type\":\"ReadAction\",\"target\":[\"https:\/\/portalfadesp.org.br\/?page_id=40695\"]}]},{\"@type\":\"BreadcrumbList\",\"@id\":\"https:\/\/portalfadesp.org.br\/?page_id=40695#breadcrumb\",\"itemListElement\":[{\"@type\":\"ListItem\",\"position\":1,\"name\":\"In\u00edcio\",\"item\":\"https:\/\/portalfadesp.org.br\/\"},{\"@type\":\"ListItem\",\"position\":2,\"name\":\"Mestrado em Cidades: Territ\u00f3rios e Identidades 2023 \u2013 (PPGCITI\/UFPA) \u2013 CAMPUS ABAETETUBA\"}]},{\"@type\":\"WebSite\",\"@id\":\"https:\/\/portalfadesp.org.br\/#website\",\"url\":\"https:\/\/portalfadesp.org.br\/\",\"name\":\"FADESP\",\"description\":\"Funda\u00e7\u00e3o de Amparo e Desenvolvimento da Pesquisa\",\"publisher\":{\"@id\":\"https:\/\/portalfadesp.org.br\/#organization\"},\"potentialAction\":[{\"@type\":\"SearchAction\",\"target\":{\"@type\":\"EntryPoint\",\"urlTemplate\":\"https:\/\/portalfadesp.org.br\/?s={search_term_string}\"},\"query-input\":{\"@type\":\"PropertyValueSpecification\",\"valueRequired\":true,\"valueName\":\"search_term_string\"}}],\"inLanguage\":\"pt-BR\"},{\"@type\":\"Organization\",\"@id\":\"https:\/\/portalfadesp.org.br\/#organization\",\"name\":\"FADESP\",\"url\":\"https:\/\/portalfadesp.org.br\/\",\"logo\":{\"@type\":\"ImageObject\",\"inLanguage\":\"pt-BR\",\"@id\":\"https:\/\/portalfadesp.org.br\/#\/schema\/logo\/image\/\",\"url\":\"https:\/\/portalfadesp.org.br\/wp-content\/uploads\/2024\/01\/NOVOLOGOFADESPlaranjaH.png\",\"contentUrl\":\"https:\/\/portalfadesp.org.br\/wp-content\/uploads\/2024\/01\/NOVOLOGOFADESPlaranjaH.png\",\"width\":2742,\"height\":839,\"caption\":\"FADESP\"},\"image\":{\"@id\":\"https:\/\/portalfadesp.org.br\/#\/schema\/logo\/image\/\"},\"sameAs\":[\"https:\/\/www.facebook.com\/Fadesp-138351949524662\/\",\"https:\/\/x.com\/Fadesp\",\"https:\/\/www.instagram.com\/fadesp_ufpa\/\",\"https:\/\/www.youtube.com\/@fundacaodeamparoedesenvolv1903\",\"https:\/\/www.threads.net\/@fadesp_ufpa\"]}]}<\/script>\n<!-- \/ Yoast SEO plugin. -->","yoast_head_json":{"title":"Mestrado em Cidades: Territ\u00f3rios e Identidades 2023 \u2013 (PPGCITI\/UFPA) \u2013 CAMPUS ABAETETUBA - FADESP","robots":{"index":"index","follow":"follow","max-snippet":"max-snippet:-1","max-image-preview":"max-image-preview:large","max-video-preview":"max-video-preview:-1"},"canonical":"https:\/\/portalfadesp.org.br\/?page_id=40695","og_locale":"pt_BR","og_type":"article","og_title":"Mestrado em Cidades: Territ\u00f3rios e Identidades 2023 \u2013 (PPGCITI\/UFPA) \u2013 CAMPUS ABAETETUBA - FADESP","og_description":"Mestrado em Cidades: Territ\u00f3rios e Identidades 2023 \u2013 (PPGCITI\/UFPA) \u2013 CAMPUS ABAETETUBA A Universidade Federal do Par\u00e1, por interm\u00e9dio do Campus Universit\u00e1rio de Abaetetuba, torna p\u00fablico o Edital n. 003\/2023 &#8211; PPGCITI para a sele\u00e7\u00e3o de candidatos ao Programa de P\u00f3s-Gradua\u00e7\u00e3o em Cidades: Territ\u00f3rios e Identidades, conforme Resolu\u00e7\u00e3o n. 5.425, de 23 de setembro de [&hellip;]","og_url":"https:\/\/portalfadesp.org.br\/?page_id=40695","og_site_name":"FADESP","article_publisher":"https:\/\/www.facebook.com\/Fadesp-138351949524662\/","article_modified_time":"2023-05-03T18:10:27+00:00","twitter_card":"summary_large_image","twitter_site":"@Fadesp","twitter_misc":{"Est. tempo de leitura":"2 minutos"},"schema":{"@context":"https:\/\/schema.org","@graph":[{"@type":"WebPage","@id":"https:\/\/portalfadesp.org.br\/?page_id=40695","url":"https:\/\/portalfadesp.org.br\/?page_id=40695","name":"Mestrado em Cidades: Territ\u00f3rios e Identidades 2023 \u2013 (PPGCITI\/UFPA) \u2013 CAMPUS ABAETETUBA - FADESP","isPartOf":{"@id":"https:\/\/portalfadesp.org.br\/#website"},"datePublished":"2023-05-03T17:32:43+00:00","dateModified":"2023-05-03T18:10:27+00:00","breadcrumb":{"@id":"https:\/\/portalfadesp.org.br\/?page_id=40695#breadcrumb"},"inLanguage":"pt-BR","potentialAction":[{"@type":"ReadAction","target":["https:\/\/portalfadesp.org.br\/?page_id=40695"]}]},{"@type":"BreadcrumbList","@id":"https:\/\/portalfadesp.org.br\/?page_id=40695#breadcrumb","itemListElement":[{"@type":"ListItem","position":1,"name":"In\u00edcio","item":"https:\/\/portalfadesp.org.br\/"},{"@type":"ListItem","position":2,"name":"Mestrado em Cidades: Territ\u00f3rios e Identidades 2023 \u2013 (PPGCITI\/UFPA) \u2013 CAMPUS ABAETETUBA"}]},{"@type":"WebSite","@id":"https:\/\/portalfadesp.org.br\/#website","url":"https:\/\/portalfadesp.org.br\/","name":"FADESP","description":"Funda\u00e7\u00e3o de Amparo e Desenvolvimento da Pesquisa","publisher":{"@id":"https:\/\/portalfadesp.org.br\/#organization"},"potentialAction":[{"@type":"SearchAction","target":{"@type":"EntryPoint","urlTemplate":"https:\/\/portalfadesp.org.br\/?s={search_term_string}"},"query-input":{"@type":"PropertyValueSpecification","valueRequired":true,"valueName":"search_term_string"}}],"inLanguage":"pt-BR"},{"@type":"Organization","@id":"https:\/\/portalfadesp.org.br\/#organization","name":"FADESP","url":"https:\/\/portalfadesp.org.br\/","logo":{"@type":"ImageObject","inLanguage":"pt-BR","@id":"https:\/\/portalfadesp.org.br\/#\/schema\/logo\/image\/","url":"https:\/\/portalfadesp.org.br\/wp-content\/uploads\/2024\/01\/NOVOLOGOFADESPlaranjaH.png","contentUrl":"https:\/\/portalfadesp.org.br\/wp-content\/uploads\/2024\/01\/NOVOLOGOFADESPlaranjaH.png","width":2742,"height":839,"caption":"FADESP"},"image":{"@id":"https:\/\/portalfadesp.org.br\/#\/schema\/logo\/image\/"},"sameAs":["https:\/\/www.facebook.com\/Fadesp-138351949524662\/","https:\/\/x.com\/Fadesp","https:\/\/www.instagram.com\/fadesp_ufpa\/","https:\/\/www.youtube.com\/@fundacaodeamparoedesenvolv1903","https:\/\/www.threads.net\/@fadesp_ufpa"]}]}},"_links":{"self":[{"href":"https:\/\/portalfadesp.org.br\/index.php?rest_route=\/wp\/v2\/pages\/40695","targetHints":{"allow":["GET"]}}],"collection":[{"href":"https:\/\/portalfadesp.org.br\/index.php?rest_route=\/wp\/v2\/pages"}],"about":[{"href":"https:\/\/portalfadesp.org.br\/index.php?rest_route=\/wp\/v2\/types\/page"}],"author":[{"embeddable":true,"href":"https:\/\/portalfadesp.org.br\/index.php?rest_route=\/wp\/v2\/users\/12"}],"replies":[{"embeddable":true,"href":"https:\/\/portalfadesp.org.br\/index.php?rest_route=%2Fwp%2Fv2%2Fcomments&post=40695"}],"version-history":[{"count":21,"href":"https:\/\/portalfadesp.org.br\/index.php?rest_route=\/wp\/v2\/pages\/40695\/revisions"}],"predecessor-version":[{"id":40719,"href":"https:\/\/portalfadesp.org.br\/index.php?rest_route=\/wp\/v2\/pages\/40695\/revisions\/40719"}],"wp:attachment":[{"href":"https:\/\/portalfadesp.org.br\/index.php?rest_route=%2Fwp%2Fv2%2Fmedia&parent=40695"}],"curies":[{"name":"wp","href":"https:\/\/api.w.org\/{rel}","templated":true}]}}