{"id":2468,"date":"2012-12-21T09:30:12","date_gmt":"2012-12-21T11:30:12","guid":{"rendered":"https:\/\/162.215.13.167?page_id=2468"},"modified":"2022-12-20T12:39:02","modified_gmt":"2022-12-20T15:39:02","slug":"prefeitura-de-castanhal-2012","status":"publish","type":"page","link":"https:\/\/portalfadesp.org.br\/?page_id=2468","title":{"rendered":"Prefeitura de Castanhal &#8211; 2012"},"content":{"rendered":"\t\t<div data-elementor-type=\"wp-post\" data-elementor-id=\"2468\" class=\"elementor elementor-2468\" data-elementor-post-type=\"page\">\n\t\t\t\t\t\t<section class=\"elementor-section elementor-top-section elementor-element elementor-element-7858662d elementor-section-boxed elementor-section-height-default elementor-section-height-default\" data-id=\"7858662d\" data-element_type=\"section\">\n\t\t\t\t\t\t<div class=\"elementor-container elementor-column-gap-default\">\n\t\t\t\t\t<div class=\"elementor-column elementor-col-100 elementor-top-column elementor-element elementor-element-697d9b82\" data-id=\"697d9b82\" data-element_type=\"column\">\n\t\t\t<div class=\"elementor-widget-wrap elementor-element-populated\">\n\t\t\t\t\t\t<div class=\"elementor-element elementor-element-1568fa36 elementor-widget elementor-widget-heading\" data-id=\"1568fa36\" data-element_type=\"widget\" data-widget_type=\"heading.default\">\n\t\t\t\t<div class=\"elementor-widget-container\">\n\t\t\t\t\t<h1 class=\"elementor-heading-title elementor-size-default\">Prefeitura de Castanhal - 2012<\/h1>\t\t\t\t<\/div>\n\t\t\t\t<\/div>\n\t\t\t\t<section class=\"elementor-section elementor-inner-section elementor-element elementor-element-676f8c16 elementor-section-boxed elementor-section-height-default elementor-section-height-default\" data-id=\"676f8c16\" data-element_type=\"section\">\n\t\t\t\t\t\t<div class=\"elementor-container elementor-column-gap-default\">\n\t\t\t\t\t<div class=\"elementor-column elementor-col-50 elementor-inner-column elementor-element elementor-element-1d5ec7a0\" data-id=\"1d5ec7a0\" data-element_type=\"column\">\n\t\t\t<div class=\"elementor-widget-wrap elementor-element-populated\">\n\t\t\t\t\t\t<div class=\"elementor-element elementor-element-6c7a58bc elementor-widget elementor-widget-text-editor\" data-id=\"6c7a58bc\" data-element_type=\"widget\" data-widget_type=\"text-editor.default\">\n\t\t\t\t<div class=\"elementor-widget-container\">\n\t\t\t\t\t\t\t\t\t<p>O Prefeito Municipal de Castanhal-PA no uso de suas atribui\u00e7\u00f5es e com fundamento no artigo 37, inciso II da Constitui\u00e7\u00e3o Federal Brasileira de 1988, torna p\u00fablica a realiza\u00e7\u00e3o de Concurso P\u00fablico destinado ao preenchimento de vagas do quadro de pessoal efetivo de n\u00edvel superior, n\u00edvel m\u00e9dio, n\u00edvel fundamental completo e n\u00edvel fundamental incompleto, mediante as condi\u00e7\u00f5es estabelecidas no Edital de Abertura do concurso.<\/p><p><strong>Vagas &#8211;\u00a0<\/strong>1635<\/p><p><strong>Cargos &#8211;\u00a0<\/strong>N\u00edvel Fundamental Incompleto: Servente, Bra\u00e7al, Guarda Municipal e Merendeira.<\/p><p>N\u00edvel Fundamental Completo: Auxiliar de Administra\u00e7\u00e3o, Eletricista, Pedreiro, Pintor, Borracheiro, Operador de M\u00e1quinas Leves, Cuidador e Motorista.<\/p><p>N\u00edvel M\u00e9dio: Agente Administrativo, Agente de Transporte, Fiscal de Obras, M\u00fasico, T\u00e9cnico de Enfermagem, T\u00e9cnico de Higiene Dental, Operador de M\u00e1quinas Pesadas &#8211; P\u00e1 Carregadeira, Operador de M\u00e1quinas Pesadas &#8211; Patrol, Operador de M\u00e1quinas Pesadas &#8211; Retroescavadeira, Operador de M\u00e1quinas Pesadas &#8211; Rolo Compactor e Operadorde M\u00e1quinas Pesadas &#8211; Trator de Esteira.<\/p><p>N\u00edvel Superior Magist\u00e9rio: Professor PEB II, Professor PEB III &#8211; L\u00edngua Portuguesa, Professor PEB III &#8211; Mat\u00e9m\u00e1tica, Professor PEB III &#8211; Hist\u00f3ria, Professor PEB III &#8211; Geografia, Professor PEB III &#8211; Ci\u00eancias Naturais, Professor PEB III &#8211; Artes, Professor PEB III &#8211; Educa\u00e7\u00e3o F\u00edsica, Professor PEB III &#8211; Ingl\u00eas, Professor PEB III &#8211; Espanhol e T\u00e9cnico Pedag\u00f3gico.<\/p><p>N\u00edvel Superior: Advogado, Arquiteto, Assistente Social, Biom\u00e9dico, Enfermeiro, Engenheiro Civil, Farmaceutico &#8211; Bioqu\u00edmico, Fisioterapeuta, Fonoaudi\u00f3logo, M\u00e9dico Cl\u00ednico Geral, M\u00e9dico Psiqui\u00e1tra, M\u00e9dico Veterin\u00e1rio, Odont\u00f3logo, Psic\u00f3logo, Tecnol\u00f3go em Inform\u00e1tica e Terapeuta Ocupacional.<\/p><p><strong>Remunera\u00e7\u00e3o &#8211;\u00a0<\/strong>de R$ 622,00 a R$2.189,94<\/p><p><strong>Inscri\u00e7\u00f5es &#8211;\u00a0<\/strong>25\/04\/12 a 25\/05\/12<\/p><p><strong>Taxa &#8211;\u00a0<\/strong>R$ 30,00 (n\u00edvel fundamental incompleto), R$ 40,00 (n\u00edvel fundamental completo), R$ 50,00 (n\u00edvel m\u00e9dio) e R$70,00 (n\u00edvel superior).<\/p><p><strong>Datas importantes<\/strong>:<\/p><p>Per\u00edodo de Inscri\u00e7\u00e3o &#8211; 25\/04\/12 a 25\/05\/12<\/p><p>Cart\u00e3o de Inscri\u00e7\u00e3o &#8211; 13 a 18\/02\/12<\/p><p>Data da Prova &#8211; 24\/06\/12<\/p>\t\t\t\t\t\t\t\t<\/div>\n\t\t\t\t<\/div>\n\t\t\t\t\t<\/div>\n\t\t<\/div>\n\t\t\t\t<div class=\"elementor-column elementor-col-50 elementor-inner-column elementor-element elementor-element-3b2d362e\" data-id=\"3b2d362e\" data-element_type=\"column\">\n\t\t\t<div class=\"elementor-widget-wrap elementor-element-populated\">\n\t\t\t\t\t\t<div class=\"elementor-element elementor-element-20ce8eac elementor-widget elementor-widget-text-editor\" data-id=\"20ce8eac\" data-element_type=\"widget\" data-widget_type=\"text-editor.default\">\n\t\t\t\t<div class=\"elementor-widget-container\">\n\t\t\t\t\t\t\t\t\t<p style=\"text-align: center;\"><span style=\"color: #ffffff;\"><strong>Editais e Avisos<\/strong><\/span><\/p>\t\t\t\t\t\t\t\t<\/div>\n\t\t\t\t<\/div>\n\t\t\t\t<div class=\"elementor-element elementor-element-534a02df elementor-widget elementor-widget-text-editor\" data-id=\"534a02df\" data-element_type=\"widget\" data-widget_type=\"text-editor.default\">\n\t\t\t\t<div class=\"elementor-widget-container\">\n\t\t\t\t\t\t\t\t\t<p style=\"text-align: center;\"><strong><a id=\"c7i2X3aNEx\" title=\"Tamanho: -1KB\" href=\"..\/midias\/anexos\/355_edital_n_05_2012_pmc_homologacao.pdf\" target=\"_blank\" rel=\"noopener\">Edital n\u00ba 05_2012 &#8211; Homologa\u00e7\u00e3o<\/a><\/strong><\/p>\n<p style=\"text-align: center;\"><strong><a id=\"c7i2X3aNEx\" title=\"Tamanho: -1KB\" href=\"..\/midias\/anexos\/355_edital_______n_04_2012_resultado_do_nivel_superior.pdf\" target=\"_blank\" rel=\"noopener\">Edital n\u00ba 04_2012 &#8211; Resultado do N\u00edvel Superior<\/a><\/strong><\/p>\n<p style=\"text-align: center;\"><strong><a id=\"c7i2X3aNEx\" title=\"Tamanho: -1KB\" href=\"..\/midias\/anexos\/355_retificacoes_de_notas_de_titulos.pdf\" target=\"_blank\" rel=\"noopener\">Retifica\u00e7\u00f5es de notas de t\u00edtulos<\/a><\/strong><\/p>\n<p style=\"text-align: center;\"><strong><a id=\"c7i2X3aNEx\" title=\"Tamanho: -1KB\" href=\"..\/midias\/anexos\/355_criterios_adotados_na_avaliacao_da_prova_de_titulo_s.pdf\" target=\"_blank\" rel=\"noopener\">Crit\u00e9rios adotados na avalia\u00e7\u00e3o da prova de t\u00edtulos<\/a><\/strong><\/p>\n<p style=\"text-align: center;\"><strong><a id=\"c7i2X3aNEx\" title=\"Tamanho: -1KB\" href=\"..\/midias\/anexos\/355_resultado_da_prova_de_titulos.pdf\" target=\"_blank\" rel=\"noopener\">Resultado da Prova de T\u00edtulos<\/a><\/strong><\/p>\n<p style=\"text-align: center;\"><strong><a id=\"c7i2X3aNEx\" title=\"Tamanho: -1KB\" href=\"..\/midias\/anexos\/355_edital_n_03_2012_-_convocacao_a_prova_de_titulos__nivel_superior.pdf\" target=\"_blank\" rel=\"noopener\">Edital n\u00ba 03_2012 &#8211; Convoca\u00e7\u00e3o a Prova de T\u00edtulos dos cargos de N\u00edvel Superior<\/a><\/strong><\/p>\n<p style=\"text-align: center;\"><strong><a id=\"c7i2X3aNEx\" title=\"Tamanho: -1KB\" href=\"..\/midias\/anexos\/355_formulario_de_entrega_de_titulos.pdf\" target=\"_blank\" rel=\"noopener\">Formul\u00e1rio de Entrega de T\u00edtulos<\/a><\/strong><\/p>\n<p style=\"text-align: center;\"><strong><a href=\"..\/midias\/anexos\/355_edital_n_05_2012_pmc_homologacao.pdf\" target=\"_blank\" rel=\"noopener\">Lista de Resultado Geral por Cargos<\/a><\/strong><\/p>\n<p style=\"text-align: center;\"><strong><a id=\"c7i2X3aNEx\" title=\"Tamanho: -1KB\" href=\"..\/midias\/anexos\/355_gabarito_oficial_definitivo_dia_01.07.2012.pdf\" target=\"_blank\" rel=\"noopener\">Gabarito Oficial Definitivo &#8211; Dia 01\/07\/2012<\/a><\/strong><\/p>\n<p style=\"text-align: center;\"><strong><a id=\"c7i2X3aNEx\" title=\"Tamanho: -1KB\" href=\"..\/midias\/anexos\/355_gabarito_oficial_definitivo_dia_24.06.2012.pdf\" target=\"_blank\" rel=\"noopener\">Gabarito Oficial Definitivo &#8211; Dia 24\/06\/2012<\/a><\/strong><\/p>\n<p style=\"text-align: center;\"><strong><a id=\"c7i2X3aNEx\" title=\"Tamanho: -1KB\" href=\"..\/midias\/anexos\/355_aviso_de_resultados.pdf\" target=\"_blank\" rel=\"noopener\">Aviso de Resultados<\/a><\/strong><\/p>\n<p style=\"text-align: center;\"><strong><a id=\"c7i2X3aNEx\" title=\"Tamanho: -1KB\" href=\"..\/midias\/anexos\/355_gabarito_oficial_preliminar_-_dia_1.07.2012.pdf\" target=\"_blank\" rel=\"noopener\">Gabarito Oficial Preliminar &#8211; Dia 01\/07\/2012<\/a><\/strong><\/p>\n<p style=\"text-align: center;\"><strong><a id=\"c7i2X3aNEx\" title=\"Tamanho: -1KB\" href=\"..\/midias\/anexos\/355_gabarito_oficial_preliminar_-_dia_24.06.2012.pdf\" target=\"_blank\" rel=\"noopener\">Gabarito Oficial Preliminar &#8211; Dia 24\/06\/2012<\/a><\/strong><\/p>\n<p style=\"text-align: center;\"><strong><a id=\"c7i2X3aNEx\" title=\"Tamanho: -1KB\" href=\"..\/midias\/anexos\/355_recomendacoes_aos_candidatos.pdf\" target=\"_blank\" rel=\"noopener\">Recomenda\u00e7\u00f5es aos candidatos<\/a><\/strong><\/p>\n<p style=\"text-align: center;\"><strong><a id=\"c7i2X3aNEx\" title=\"Tamanho: -1KB\" href=\"..\/midias\/anexos\/355_datas_das_provas_do_concurso.pdf\" target=\"_blank\" rel=\"noopener\">Aviso de Datas de provas do Concurso<\/a><\/strong><\/p>\n<p style=\"text-align: center;\"><strong><a id=\"c7i2X3aNEx\" title=\"Tamanho: -1KB\" href=\"..\/midias\/anexos\/355_edital_n__02_2012_pmc__prorrogacao_das_inscricoes.pdf\" target=\"_blank\" rel=\"noopener\">Edital n\u00ba 02\/2012 Prorroga\u00e7\u00e3o da Inscri\u00e7\u00e3o<\/a><\/strong><\/p>\n<p style=\"text-align: center;\"><strong><a id=\"c7i2X3aNEx\" title=\"Tamanho: -1KB\" href=\"..\/midias\/anexos\/355_formulariopcd.pdf\" target=\"_blank\" rel=\"noopener\">Formul\u00e1rio de Portador de Defici\u00eancia<\/a><\/strong><\/p>\n<p style=\"text-align: center;\"><strong><a id=\"c7i2X3aNEx\" title=\"Tamanho: -1KB\" href=\"..\/midias\/anexos\/355_tabela_de_cargos_de_castanhal.pdf\" target=\"_blank\" rel=\"noopener\">Tabela de Cargo<\/a><\/strong><\/p>\n<p style=\"text-align: center;\"><strong><a id=\"c7i2X3aNEx\" title=\"Tamanho: -1KB\" href=\"..\/midias\/anexos\/355_edital_01_2012_pmc.pdf\" target=\"_blank\" rel=\"noopener\">Edital n\u00ba 01\/2012<\/a><\/strong><\/p>\n<p style=\"text-align: center;\"><strong><a id=\"c7i2X3aNEx\" title=\"Tamanho: -1KB\" href=\"..\/midias\/anexos\/355_lei_organica_do_municipio_de_castanhal.pdf\" target=\"_blank\" rel=\"noopener\">Lei Org\u00e2nica do Munic\u00edpio<\/a><\/strong><\/p>\n<p style=\"text-align: center;\"><strong><a id=\"c7i2X3aNEx\" title=\"Tamanho: -1KB\" href=\"..\/midias\/anexos\/355_rju_castanhal.pdf\" target=\"_blank\" rel=\"noopener\">RJU<\/a><\/strong><\/p>\t\t\t\t\t\t\t\t<\/div>\n\t\t\t\t<\/div>\n\t\t\t\t\t<\/div>\n\t\t<\/div>\n\t\t\t\t\t<\/div>\n\t\t<\/section>\n\t\t\t\t\t<\/div>\n\t\t<\/div>\n\t\t\t\t\t<\/div>\n\t\t<\/section>\n\t\t\t\t<\/div>\n\t\t","protected":false},"excerpt":{"rendered":"<p>Prefeitura de Castanhal &#8211; 2012 O Prefeito Municipal de Castanhal-PA no uso de suas atribui\u00e7\u00f5es e com fundamento no artigo 37, inciso II da Constitui\u00e7\u00e3o Federal Brasileira de 1988, torna p\u00fablica a realiza\u00e7\u00e3o de Concurso P\u00fablico destinado ao preenchimento de vagas do quadro de pessoal efetivo de n\u00edvel superior, n\u00edvel m\u00e9dio, n\u00edvel fundamental completo e [&hellip;]<\/p>\n","protected":false},"author":9,"featured_media":0,"parent":329,"menu_order":57,"comment_status":"closed","ping_status":"closed","template":"","meta":{"_monsterinsights_skip_tracking":false,"_monsterinsights_sitenote_active":false,"_monsterinsights_sitenote_note":"","_monsterinsights_sitenote_category":0,"footnotes":""},"class_list":["post-2468","page","type-page","status-publish","hentry","entry"],"yoast_head":"<!-- This site is optimized with the Yoast SEO plugin v25.1 - https:\/\/yoast.com\/wordpress\/plugins\/seo\/ -->\n<title>Prefeitura de Castanhal - 2012 - FADESP<\/title>\n<meta name=\"robots\" content=\"index, follow, max-snippet:-1, max-image-preview:large, max-video-preview:-1\" \/>\n<link rel=\"canonical\" href=\"https:\/\/portalfadesp.org.br\/?page_id=2468\" \/>\n<meta property=\"og:locale\" content=\"pt_BR\" \/>\n<meta property=\"og:type\" content=\"article\" \/>\n<meta property=\"og:title\" content=\"Prefeitura de Castanhal - 2012 - FADESP\" \/>\n<meta property=\"og:description\" content=\"Prefeitura de Castanhal &#8211; 2012 O Prefeito Municipal de Castanhal-PA no uso de suas atribui\u00e7\u00f5es e com fundamento no artigo 37, inciso II da Constitui\u00e7\u00e3o Federal Brasileira de 1988, torna p\u00fablica a realiza\u00e7\u00e3o de Concurso P\u00fablico destinado ao preenchimento de vagas do quadro de pessoal efetivo de n\u00edvel superior, n\u00edvel m\u00e9dio, n\u00edvel fundamental completo e [&hellip;]\" \/>\n<meta property=\"og:url\" content=\"https:\/\/portalfadesp.org.br\/?page_id=2468\" \/>\n<meta property=\"og:site_name\" content=\"FADESP\" \/>\n<meta property=\"article:publisher\" content=\"https:\/\/www.facebook.com\/Fadesp-138351949524662\/\" \/>\n<meta property=\"article:modified_time\" content=\"2022-12-20T15:39:02+00:00\" \/>\n<meta name=\"twitter:card\" content=\"summary_large_image\" \/>\n<meta name=\"twitter:site\" content=\"@Fadesp\" \/>\n<meta name=\"twitter:label1\" content=\"Est. tempo de leitura\" \/>\n\t<meta name=\"twitter:data1\" content=\"2 minutos\" \/>\n<script type=\"application\/ld+json\" class=\"yoast-schema-graph\">{\"@context\":\"https:\/\/schema.org\",\"@graph\":[{\"@type\":\"WebPage\",\"@id\":\"https:\/\/portalfadesp.org.br\/?page_id=2468\",\"url\":\"https:\/\/portalfadesp.org.br\/?page_id=2468\",\"name\":\"Prefeitura de Castanhal - 2012 - FADESP\",\"isPartOf\":{\"@id\":\"https:\/\/portalfadesp.org.br\/#website\"},\"datePublished\":\"2012-12-21T11:30:12+00:00\",\"dateModified\":\"2022-12-20T15:39:02+00:00\",\"breadcrumb\":{\"@id\":\"https:\/\/portalfadesp.org.br\/?page_id=2468#breadcrumb\"},\"inLanguage\":\"pt-BR\",\"potentialAction\":[{\"@type\":\"ReadAction\",\"target\":[\"https:\/\/portalfadesp.org.br\/?page_id=2468\"]}]},{\"@type\":\"BreadcrumbList\",\"@id\":\"https:\/\/portalfadesp.org.br\/?page_id=2468#breadcrumb\",\"itemListElement\":[{\"@type\":\"ListItem\",\"position\":1,\"name\":\"In\u00edcio\",\"item\":\"https:\/\/portalfadesp.org.br\/\"},{\"@type\":\"ListItem\",\"position\":2,\"name\":\"Concursos &#8211; Homologados\",\"item\":\"https:\/\/portalfadesp.org.br\/?page_id=329\"},{\"@type\":\"ListItem\",\"position\":3,\"name\":\"Prefeitura de Castanhal &#8211; 2012\"}]},{\"@type\":\"WebSite\",\"@id\":\"https:\/\/portalfadesp.org.br\/#website\",\"url\":\"https:\/\/portalfadesp.org.br\/\",\"name\":\"FADESP\",\"description\":\"Funda\u00e7\u00e3o de Amparo e Desenvolvimento da Pesquisa\",\"publisher\":{\"@id\":\"https:\/\/portalfadesp.org.br\/#organization\"},\"potentialAction\":[{\"@type\":\"SearchAction\",\"target\":{\"@type\":\"EntryPoint\",\"urlTemplate\":\"https:\/\/portalfadesp.org.br\/?s={search_term_string}\"},\"query-input\":{\"@type\":\"PropertyValueSpecification\",\"valueRequired\":true,\"valueName\":\"search_term_string\"}}],\"inLanguage\":\"pt-BR\"},{\"@type\":\"Organization\",\"@id\":\"https:\/\/portalfadesp.org.br\/#organization\",\"name\":\"FADESP\",\"url\":\"https:\/\/portalfadesp.org.br\/\",\"logo\":{\"@type\":\"ImageObject\",\"inLanguage\":\"pt-BR\",\"@id\":\"https:\/\/portalfadesp.org.br\/#\/schema\/logo\/image\/\",\"url\":\"https:\/\/portalfadesp.org.br\/wp-content\/uploads\/2024\/01\/NOVOLOGOFADESPlaranjaH.png\",\"contentUrl\":\"https:\/\/portalfadesp.org.br\/wp-content\/uploads\/2024\/01\/NOVOLOGOFADESPlaranjaH.png\",\"width\":2742,\"height\":839,\"caption\":\"FADESP\"},\"image\":{\"@id\":\"https:\/\/portalfadesp.org.br\/#\/schema\/logo\/image\/\"},\"sameAs\":[\"https:\/\/www.facebook.com\/Fadesp-138351949524662\/\",\"https:\/\/x.com\/Fadesp\",\"https:\/\/www.instagram.com\/fadesp_ufpa\/\",\"https:\/\/www.youtube.com\/@fundacaodeamparoedesenvolv1903\",\"https:\/\/www.threads.net\/@fadesp_ufpa\"]}]}<\/script>\n<!-- \/ Yoast SEO plugin. -->","yoast_head_json":{"title":"Prefeitura de Castanhal - 2012 - FADESP","robots":{"index":"index","follow":"follow","max-snippet":"max-snippet:-1","max-image-preview":"max-image-preview:large","max-video-preview":"max-video-preview:-1"},"canonical":"https:\/\/portalfadesp.org.br\/?page_id=2468","og_locale":"pt_BR","og_type":"article","og_title":"Prefeitura de Castanhal - 2012 - FADESP","og_description":"Prefeitura de Castanhal &#8211; 2012 O Prefeito Municipal de Castanhal-PA no uso de suas atribui\u00e7\u00f5es e com fundamento no artigo 37, inciso II da Constitui\u00e7\u00e3o Federal Brasileira de 1988, torna p\u00fablica a realiza\u00e7\u00e3o de Concurso P\u00fablico destinado ao preenchimento de vagas do quadro de pessoal efetivo de n\u00edvel superior, n\u00edvel m\u00e9dio, n\u00edvel fundamental completo e [&hellip;]","og_url":"https:\/\/portalfadesp.org.br\/?page_id=2468","og_site_name":"FADESP","article_publisher":"https:\/\/www.facebook.com\/Fadesp-138351949524662\/","article_modified_time":"2022-12-20T15:39:02+00:00","twitter_card":"summary_large_image","twitter_site":"@Fadesp","twitter_misc":{"Est. tempo de leitura":"2 minutos"},"schema":{"@context":"https:\/\/schema.org","@graph":[{"@type":"WebPage","@id":"https:\/\/portalfadesp.org.br\/?page_id=2468","url":"https:\/\/portalfadesp.org.br\/?page_id=2468","name":"Prefeitura de Castanhal - 2012 - FADESP","isPartOf":{"@id":"https:\/\/portalfadesp.org.br\/#website"},"datePublished":"2012-12-21T11:30:12+00:00","dateModified":"2022-12-20T15:39:02+00:00","breadcrumb":{"@id":"https:\/\/portalfadesp.org.br\/?page_id=2468#breadcrumb"},"inLanguage":"pt-BR","potentialAction":[{"@type":"ReadAction","target":["https:\/\/portalfadesp.org.br\/?page_id=2468"]}]},{"@type":"BreadcrumbList","@id":"https:\/\/portalfadesp.org.br\/?page_id=2468#breadcrumb","itemListElement":[{"@type":"ListItem","position":1,"name":"In\u00edcio","item":"https:\/\/portalfadesp.org.br\/"},{"@type":"ListItem","position":2,"name":"Concursos &#8211; Homologados","item":"https:\/\/portalfadesp.org.br\/?page_id=329"},{"@type":"ListItem","position":3,"name":"Prefeitura de Castanhal &#8211; 2012"}]},{"@type":"WebSite","@id":"https:\/\/portalfadesp.org.br\/#website","url":"https:\/\/portalfadesp.org.br\/","name":"FADESP","description":"Funda\u00e7\u00e3o de Amparo e Desenvolvimento da Pesquisa","publisher":{"@id":"https:\/\/portalfadesp.org.br\/#organization"},"potentialAction":[{"@type":"SearchAction","target":{"@type":"EntryPoint","urlTemplate":"https:\/\/portalfadesp.org.br\/?s={search_term_string}"},"query-input":{"@type":"PropertyValueSpecification","valueRequired":true,"valueName":"search_term_string"}}],"inLanguage":"pt-BR"},{"@type":"Organization","@id":"https:\/\/portalfadesp.org.br\/#organization","name":"FADESP","url":"https:\/\/portalfadesp.org.br\/","logo":{"@type":"ImageObject","inLanguage":"pt-BR","@id":"https:\/\/portalfadesp.org.br\/#\/schema\/logo\/image\/","url":"https:\/\/portalfadesp.org.br\/wp-content\/uploads\/2024\/01\/NOVOLOGOFADESPlaranjaH.png","contentUrl":"https:\/\/portalfadesp.org.br\/wp-content\/uploads\/2024\/01\/NOVOLOGOFADESPlaranjaH.png","width":2742,"height":839,"caption":"FADESP"},"image":{"@id":"https:\/\/portalfadesp.org.br\/#\/schema\/logo\/image\/"},"sameAs":["https:\/\/www.facebook.com\/Fadesp-138351949524662\/","https:\/\/x.com\/Fadesp","https:\/\/www.instagram.com\/fadesp_ufpa\/","https:\/\/www.youtube.com\/@fundacaodeamparoedesenvolv1903","https:\/\/www.threads.net\/@fadesp_ufpa"]}]}},"_links":{"self":[{"href":"https:\/\/portalfadesp.org.br\/index.php?rest_route=\/wp\/v2\/pages\/2468","targetHints":{"allow":["GET"]}}],"collection":[{"href":"https:\/\/portalfadesp.org.br\/index.php?rest_route=\/wp\/v2\/pages"}],"about":[{"href":"https:\/\/portalfadesp.org.br\/index.php?rest_route=\/wp\/v2\/types\/page"}],"author":[{"embeddable":true,"href":"https:\/\/portalfadesp.org.br\/index.php?rest_route=\/wp\/v2\/users\/9"}],"replies":[{"embeddable":true,"href":"https:\/\/portalfadesp.org.br\/index.php?rest_route=%2Fwp%2Fv2%2Fcomments&post=2468"}],"version-history":[{"count":22,"href":"https:\/\/portalfadesp.org.br\/index.php?rest_route=\/wp\/v2\/pages\/2468\/revisions"}],"predecessor-version":[{"id":36706,"href":"https:\/\/portalfadesp.org.br\/index.php?rest_route=\/wp\/v2\/pages\/2468\/revisions\/36706"}],"up":[{"embeddable":true,"href":"https:\/\/portalfadesp.org.br\/index.php?rest_route=\/wp\/v2\/pages\/329"}],"wp:attachment":[{"href":"https:\/\/portalfadesp.org.br\/index.php?rest_route=%2Fwp%2Fv2%2Fmedia&parent=2468"}],"curies":[{"name":"wp","href":"https:\/\/api.w.org\/{rel}","templated":true}]}}