{"id":22192,"date":"2021-11-18T14:33:16","date_gmt":"2021-11-18T17:33:16","guid":{"rendered":"https:\/\/162.215.13.167?page_id=22192"},"modified":"2022-12-21T13:31:42","modified_gmt":"2022-12-21T16:31:42","slug":"pagina_modelo-7","status":"publish","type":"page","link":"https:\/\/portalfadesp.org.br\/?page_id=22192","title":{"rendered":"Doutorado em Educa\u00e7\u00e3o na Amaz\u00f4nia \u2013 PGEDA \/ 2021"},"content":{"rendered":"\t\t<div data-elementor-type=\"wp-post\" data-elementor-id=\"22192\" class=\"elementor elementor-22192\" data-elementor-post-type=\"page\">\n\t\t\t\t\t\t<section class=\"elementor-section elementor-top-section elementor-element elementor-element-2a40db40 elementor-section-boxed elementor-section-height-default elementor-section-height-default\" data-id=\"2a40db40\" data-element_type=\"section\">\n\t\t\t\t\t\t<div class=\"elementor-container elementor-column-gap-default\">\n\t\t\t\t\t<div class=\"elementor-column elementor-col-100 elementor-top-column elementor-element elementor-element-4e956b47\" data-id=\"4e956b47\" data-element_type=\"column\">\n\t\t\t<div class=\"elementor-widget-wrap elementor-element-populated\">\n\t\t\t\t\t\t<div class=\"elementor-element elementor-element-372de194 elementor-widget elementor-widget-heading\" data-id=\"372de194\" data-element_type=\"widget\" data-widget_type=\"heading.default\">\n\t\t\t\t<div class=\"elementor-widget-container\">\n\t\t\t\t\t<h1 class=\"elementor-heading-title elementor-size-default\">Doutorado em Educa\u00e7\u00e3o na Amaz\u00f4nia \u2013 PGEDA (2022)<\/h1>\t\t\t\t<\/div>\n\t\t\t\t<\/div>\n\t\t\t\t<section class=\"elementor-section elementor-inner-section elementor-element elementor-element-31e54043 elementor-section-boxed elementor-section-height-default elementor-section-height-default\" data-id=\"31e54043\" data-element_type=\"section\">\n\t\t\t\t\t\t<div class=\"elementor-container elementor-column-gap-default\">\n\t\t\t\t\t<div class=\"elementor-column elementor-col-50 elementor-inner-column elementor-element elementor-element-15f41bd\" data-id=\"15f41bd\" data-element_type=\"column\">\n\t\t\t<div class=\"elementor-widget-wrap elementor-element-populated\">\n\t\t\t\t\t\t<div class=\"elementor-element elementor-element-35279451 elementor-widget elementor-widget-text-editor\" data-id=\"35279451\" data-element_type=\"widget\" data-widget_type=\"text-editor.default\">\n\t\t\t\t<div class=\"elementor-widget-container\">\n\t\t\t\t\t\t\t\t\t<p>O Programa de P\u00f3s-gradua\u00e7\u00e3o em Educa\u00e7\u00e3o na Amaz\u00f4nia \u2013 PGEDA, associa\u00e7\u00e3o plena em rede reunindo a Universidade Federal do Par\u00e1 (UFPA), Universidade Federal do Amazonas (UFAM), Universidade Federal do Oeste do Par\u00e1 (UFOPA), Universidade Federal de Roraima (UFRR), Universidade do Estado do Amazonas (UEA), Universidade Federal do Tocantins (UFT), Universidade Federal do Acre (UFAC), Universidade Federal do Amap\u00e1 (UNIFAP) e Universidade Federal de Rond\u00f4nia (UNIR), torna p\u00fablico o edital 01\/2021, que rege o processo seletivo de ingresso no curso de Doutorado em Educa\u00e7\u00e3o na Amaz\u00f4nia \u2013 turma 2022.<\/p>\n<p><\/p>\n<p>O PGEDA estrutura-se em tr\u00eas linhas de pesquisa e quatro polos, segue informa\u00e7\u00f5es no edital.<\/p>\n<p><\/p>\n<p><strong>Vagas:<\/strong> 57 <strong>(cinquenta e sete)<\/strong><\/p>\n<p><\/p>\n<p><strong>Inscri\u00e7\u00f5es:<\/strong> 11\/11\/2021 a 08\/01\/2022<\/p>\n<p><\/p>\n<p><strong>Taxa de inscri\u00e7\u00e3o:<\/strong> R$120,00 (cento e vinte reais)<\/p><p><span style=\"font-family: Calibri, sans-serif; font-size: 14.666666984558105px; font-style: normal; font-variant-caps: normal; -webkit-text-size-adjust: auto;\">Emitir o Boleto somente no dia seguinte ap\u00f3s a inscri\u00e7\u00e3o no sistema da FADESP.<\/span><br><\/p><p><span style=\"font-style: normal; font-variant-caps: normal; -webkit-text-size-adjust: auto; font-family: Calibri, sans-serif; font-size: 14.666666984558105px;\"><br><\/span><\/p>\n<p><\/p>\n<p><strong>Mais informa\u00e7\u00f5es pel<\/strong><strong>o e-mail: <\/strong>seletivopgeda@gmail.com&nbsp;<\/p>\t\t\t\t\t\t\t\t<\/div>\n\t\t\t\t<\/div>\n\t\t\t\t\t<\/div>\n\t\t<\/div>\n\t\t\t\t<div class=\"elementor-column elementor-col-50 elementor-inner-column elementor-element elementor-element-1a284bc5\" data-id=\"1a284bc5\" data-element_type=\"column\">\n\t\t\t<div class=\"elementor-widget-wrap elementor-element-populated\">\n\t\t\t\t\t\t<div class=\"elementor-element elementor-element-6445c0f3 elementor-widget elementor-widget-text-editor\" data-id=\"6445c0f3\" data-element_type=\"widget\" data-widget_type=\"text-editor.default\">\n\t\t\t\t<div class=\"elementor-widget-container\">\n\t\t\t\t\t\t\t\t\t<p style=\"text-align: center;\"><span style=\"color: #ffffff;\"><b>Avisos<\/b><\/span><\/p>\t\t\t\t\t\t\t\t<\/div>\n\t\t\t\t<\/div>\n\t\t\t\t<div class=\"elementor-element elementor-element-1680d43 elementor-widget elementor-widget-text-editor\" data-id=\"1680d43\" data-element_type=\"widget\" data-widget_type=\"text-editor.default\">\n\t\t\t\t<div class=\"elementor-widget-container\">\n\t\t\t\t\t\t\t\t\t<p>\u00a0<\/p><p>Os candidatos que solicitaram emiss\u00e3o de boleto para o pagamento da taxa de inscri\u00e7\u00e3o no Portal de Cursos e Eventos da FADESP nos dias 07 e 08 de janeiro (sexta-feira e s\u00e1bado) mas s\u00f3 tiveram acesso ao mesmo no dia 10 de janeiro (segunda-feira) em raz\u00e3o do processamento banc\u00e1rio n\u00e3o ocorrer no final de semana, ser\u00e1 autorizada a reabertura do sistema online do processo seletivo (www.educanorte.net.br) para que estes candidatos finalizem suas inscri\u00e7\u00f5es.<br \/>Os candidatos que se encontram nesta situa\u00e7\u00e3o devem efetivar o pagamento da taxa de inscri\u00e7\u00e3o e,<br \/>EXCLUSIVAMENTE NO DIA 12 DE JANEIRO, realizar suas inscri\u00e7\u00f5es no processo seletivo.<\/p>\t\t\t\t\t\t\t\t<\/div>\n\t\t\t\t<\/div>\n\t\t\t\t<div class=\"elementor-element elementor-element-433fb7f0 elementor-widget elementor-widget-text-editor\" data-id=\"433fb7f0\" data-element_type=\"widget\" data-widget_type=\"text-editor.default\">\n\t\t\t\t<div class=\"elementor-widget-container\">\n\t\t\t\t\t\t\t\t\t<p style=\"text-align: center;\"><span style=\"color: #ffffff;\"><strong>Editais<\/strong><\/span><\/p>\t\t\t\t\t\t\t\t<\/div>\n\t\t\t\t<\/div>\n\t\t\t\t<div class=\"elementor-element elementor-element-61ab10cc elementor-widget elementor-widget-text-editor\" data-id=\"61ab10cc\" data-element_type=\"widget\" data-widget_type=\"text-editor.default\">\n\t\t\t\t<div class=\"elementor-widget-container\">\n\t\t\t\t\t\t\t\t\t<p><span style=\"color: #000000;\">Nota de reabertura de<\/span><span style=\"color: #000000;\"> inscri\u00e7\u00e3o <\/span><strong><span style=\"color: #000000;\"><a href=\"..\/wp-content\/uploads\/2022\/01\/NOTA-DE-REABERTURA-DO-SISTEMA-DE-INSCRICOES-PGEDA_EDUCANORTE-VERSAO-FINAL.pdf\">(Clique aqui)<\/a><\/span><\/strong><\/p><p><span style=\"color: #000000;\">Edital 1 <strong><a href=\"..\/wp-content\/uploads\/2021\/11\/Edital-no-01-2021-PGEDA-Educanorte-para-2022.pdf\">(Clique aqui)<\/a><\/strong><\/span><\/p>\t\t\t\t\t\t\t\t<\/div>\n\t\t\t\t<\/div>\n\t\t\t\t\t<\/div>\n\t\t<\/div>\n\t\t\t\t\t<\/div>\n\t\t<\/section>\n\t\t\t\t\t<\/div>\n\t\t<\/div>\n\t\t\t\t\t<\/div>\n\t\t<\/section>\n\t\t\t\t<\/div>\n\t\t","protected":false},"excerpt":{"rendered":"<p>Doutorado em Educa\u00e7\u00e3o na Amaz\u00f4nia \u2013 PGEDA (2022) O Programa de P\u00f3s-gradua\u00e7\u00e3o em Educa\u00e7\u00e3o na Amaz\u00f4nia \u2013 PGEDA, associa\u00e7\u00e3o plena em rede reunindo a Universidade Federal do Par\u00e1 (UFPA), Universidade Federal do Amazonas (UFAM), Universidade Federal do Oeste do Par\u00e1 (UFOPA), Universidade Federal de Roraima (UFRR), Universidade do Estado do Amazonas (UEA), Universidade Federal do [&hellip;]<\/p>\n","protected":false},"author":12,"featured_media":0,"parent":0,"menu_order":0,"comment_status":"closed","ping_status":"closed","template":"","meta":{"_monsterinsights_skip_tracking":false,"_monsterinsights_sitenote_active":false,"_monsterinsights_sitenote_note":"","_monsterinsights_sitenote_category":0,"footnotes":""},"class_list":["post-22192","page","type-page","status-publish","hentry","entry"],"yoast_head":"<!-- This site is optimized with the Yoast SEO plugin v25.1 - https:\/\/yoast.com\/wordpress\/plugins\/seo\/ -->\n<title>Doutorado em Educa\u00e7\u00e3o na Amaz\u00f4nia \u2013 PGEDA \/ 2021 - FADESP<\/title>\n<meta name=\"robots\" content=\"index, follow, max-snippet:-1, max-image-preview:large, max-video-preview:-1\" \/>\n<link rel=\"canonical\" href=\"https:\/\/portalfadesp.org.br\/?page_id=22192\" \/>\n<meta property=\"og:locale\" content=\"pt_BR\" \/>\n<meta property=\"og:type\" content=\"article\" \/>\n<meta property=\"og:title\" content=\"Doutorado em Educa\u00e7\u00e3o na Amaz\u00f4nia \u2013 PGEDA \/ 2021 - FADESP\" \/>\n<meta property=\"og:description\" content=\"Doutorado em Educa\u00e7\u00e3o na Amaz\u00f4nia \u2013 PGEDA (2022) O Programa de P\u00f3s-gradua\u00e7\u00e3o em Educa\u00e7\u00e3o na Amaz\u00f4nia \u2013 PGEDA, associa\u00e7\u00e3o plena em rede reunindo a Universidade Federal do Par\u00e1 (UFPA), Universidade Federal do Amazonas (UFAM), Universidade Federal do Oeste do Par\u00e1 (UFOPA), Universidade Federal de Roraima (UFRR), Universidade do Estado do Amazonas (UEA), Universidade Federal do [&hellip;]\" \/>\n<meta property=\"og:url\" content=\"https:\/\/portalfadesp.org.br\/?page_id=22192\" \/>\n<meta property=\"og:site_name\" content=\"FADESP\" \/>\n<meta property=\"article:publisher\" content=\"https:\/\/www.facebook.com\/Fadesp-138351949524662\/\" \/>\n<meta property=\"article:modified_time\" content=\"2022-12-21T16:31:42+00:00\" \/>\n<meta name=\"twitter:card\" content=\"summary_large_image\" \/>\n<meta name=\"twitter:site\" content=\"@Fadesp\" \/>\n<meta name=\"twitter:label1\" content=\"Est. tempo de leitura\" \/>\n\t<meta name=\"twitter:data1\" content=\"1 minuto\" \/>\n<script type=\"application\/ld+json\" class=\"yoast-schema-graph\">{\"@context\":\"https:\/\/schema.org\",\"@graph\":[{\"@type\":\"WebPage\",\"@id\":\"https:\/\/portalfadesp.org.br\/?page_id=22192\",\"url\":\"https:\/\/portalfadesp.org.br\/?page_id=22192\",\"name\":\"Doutorado em Educa\u00e7\u00e3o na Amaz\u00f4nia \u2013 PGEDA \/ 2021 - FADESP\",\"isPartOf\":{\"@id\":\"https:\/\/portalfadesp.org.br\/#website\"},\"datePublished\":\"2021-11-18T17:33:16+00:00\",\"dateModified\":\"2022-12-21T16:31:42+00:00\",\"breadcrumb\":{\"@id\":\"https:\/\/portalfadesp.org.br\/?page_id=22192#breadcrumb\"},\"inLanguage\":\"pt-BR\",\"potentialAction\":[{\"@type\":\"ReadAction\",\"target\":[\"https:\/\/portalfadesp.org.br\/?page_id=22192\"]}]},{\"@type\":\"BreadcrumbList\",\"@id\":\"https:\/\/portalfadesp.org.br\/?page_id=22192#breadcrumb\",\"itemListElement\":[{\"@type\":\"ListItem\",\"position\":1,\"name\":\"In\u00edcio\",\"item\":\"https:\/\/portalfadesp.org.br\/\"},{\"@type\":\"ListItem\",\"position\":2,\"name\":\"Doutorado em Educa\u00e7\u00e3o na Amaz\u00f4nia \u2013 PGEDA \/ 2021\"}]},{\"@type\":\"WebSite\",\"@id\":\"https:\/\/portalfadesp.org.br\/#website\",\"url\":\"https:\/\/portalfadesp.org.br\/\",\"name\":\"FADESP\",\"description\":\"Funda\u00e7\u00e3o de Amparo e Desenvolvimento da Pesquisa\",\"publisher\":{\"@id\":\"https:\/\/portalfadesp.org.br\/#organization\"},\"potentialAction\":[{\"@type\":\"SearchAction\",\"target\":{\"@type\":\"EntryPoint\",\"urlTemplate\":\"https:\/\/portalfadesp.org.br\/?s={search_term_string}\"},\"query-input\":{\"@type\":\"PropertyValueSpecification\",\"valueRequired\":true,\"valueName\":\"search_term_string\"}}],\"inLanguage\":\"pt-BR\"},{\"@type\":\"Organization\",\"@id\":\"https:\/\/portalfadesp.org.br\/#organization\",\"name\":\"FADESP\",\"url\":\"https:\/\/portalfadesp.org.br\/\",\"logo\":{\"@type\":\"ImageObject\",\"inLanguage\":\"pt-BR\",\"@id\":\"https:\/\/portalfadesp.org.br\/#\/schema\/logo\/image\/\",\"url\":\"https:\/\/portalfadesp.org.br\/wp-content\/uploads\/2024\/01\/NOVOLOGOFADESPlaranjaH.png\",\"contentUrl\":\"https:\/\/portalfadesp.org.br\/wp-content\/uploads\/2024\/01\/NOVOLOGOFADESPlaranjaH.png\",\"width\":2742,\"height\":839,\"caption\":\"FADESP\"},\"image\":{\"@id\":\"https:\/\/portalfadesp.org.br\/#\/schema\/logo\/image\/\"},\"sameAs\":[\"https:\/\/www.facebook.com\/Fadesp-138351949524662\/\",\"https:\/\/x.com\/Fadesp\",\"https:\/\/www.instagram.com\/fadesp_ufpa\/\",\"https:\/\/www.youtube.com\/@fundacaodeamparoedesenvolv1903\",\"https:\/\/www.threads.net\/@fadesp_ufpa\"]}]}<\/script>\n<!-- \/ Yoast SEO plugin. -->","yoast_head_json":{"title":"Doutorado em Educa\u00e7\u00e3o na Amaz\u00f4nia \u2013 PGEDA \/ 2021 - FADESP","robots":{"index":"index","follow":"follow","max-snippet":"max-snippet:-1","max-image-preview":"max-image-preview:large","max-video-preview":"max-video-preview:-1"},"canonical":"https:\/\/portalfadesp.org.br\/?page_id=22192","og_locale":"pt_BR","og_type":"article","og_title":"Doutorado em Educa\u00e7\u00e3o na Amaz\u00f4nia \u2013 PGEDA \/ 2021 - FADESP","og_description":"Doutorado em Educa\u00e7\u00e3o na Amaz\u00f4nia \u2013 PGEDA (2022) O Programa de P\u00f3s-gradua\u00e7\u00e3o em Educa\u00e7\u00e3o na Amaz\u00f4nia \u2013 PGEDA, associa\u00e7\u00e3o plena em rede reunindo a Universidade Federal do Par\u00e1 (UFPA), Universidade Federal do Amazonas (UFAM), Universidade Federal do Oeste do Par\u00e1 (UFOPA), Universidade Federal de Roraima (UFRR), Universidade do Estado do Amazonas (UEA), Universidade Federal do [&hellip;]","og_url":"https:\/\/portalfadesp.org.br\/?page_id=22192","og_site_name":"FADESP","article_publisher":"https:\/\/www.facebook.com\/Fadesp-138351949524662\/","article_modified_time":"2022-12-21T16:31:42+00:00","twitter_card":"summary_large_image","twitter_site":"@Fadesp","twitter_misc":{"Est. tempo de leitura":"1 minuto"},"schema":{"@context":"https:\/\/schema.org","@graph":[{"@type":"WebPage","@id":"https:\/\/portalfadesp.org.br\/?page_id=22192","url":"https:\/\/portalfadesp.org.br\/?page_id=22192","name":"Doutorado em Educa\u00e7\u00e3o na Amaz\u00f4nia \u2013 PGEDA \/ 2021 - FADESP","isPartOf":{"@id":"https:\/\/portalfadesp.org.br\/#website"},"datePublished":"2021-11-18T17:33:16+00:00","dateModified":"2022-12-21T16:31:42+00:00","breadcrumb":{"@id":"https:\/\/portalfadesp.org.br\/?page_id=22192#breadcrumb"},"inLanguage":"pt-BR","potentialAction":[{"@type":"ReadAction","target":["https:\/\/portalfadesp.org.br\/?page_id=22192"]}]},{"@type":"BreadcrumbList","@id":"https:\/\/portalfadesp.org.br\/?page_id=22192#breadcrumb","itemListElement":[{"@type":"ListItem","position":1,"name":"In\u00edcio","item":"https:\/\/portalfadesp.org.br\/"},{"@type":"ListItem","position":2,"name":"Doutorado em Educa\u00e7\u00e3o na Amaz\u00f4nia \u2013 PGEDA \/ 2021"}]},{"@type":"WebSite","@id":"https:\/\/portalfadesp.org.br\/#website","url":"https:\/\/portalfadesp.org.br\/","name":"FADESP","description":"Funda\u00e7\u00e3o de Amparo e Desenvolvimento da Pesquisa","publisher":{"@id":"https:\/\/portalfadesp.org.br\/#organization"},"potentialAction":[{"@type":"SearchAction","target":{"@type":"EntryPoint","urlTemplate":"https:\/\/portalfadesp.org.br\/?s={search_term_string}"},"query-input":{"@type":"PropertyValueSpecification","valueRequired":true,"valueName":"search_term_string"}}],"inLanguage":"pt-BR"},{"@type":"Organization","@id":"https:\/\/portalfadesp.org.br\/#organization","name":"FADESP","url":"https:\/\/portalfadesp.org.br\/","logo":{"@type":"ImageObject","inLanguage":"pt-BR","@id":"https:\/\/portalfadesp.org.br\/#\/schema\/logo\/image\/","url":"https:\/\/portalfadesp.org.br\/wp-content\/uploads\/2024\/01\/NOVOLOGOFADESPlaranjaH.png","contentUrl":"https:\/\/portalfadesp.org.br\/wp-content\/uploads\/2024\/01\/NOVOLOGOFADESPlaranjaH.png","width":2742,"height":839,"caption":"FADESP"},"image":{"@id":"https:\/\/portalfadesp.org.br\/#\/schema\/logo\/image\/"},"sameAs":["https:\/\/www.facebook.com\/Fadesp-138351949524662\/","https:\/\/x.com\/Fadesp","https:\/\/www.instagram.com\/fadesp_ufpa\/","https:\/\/www.youtube.com\/@fundacaodeamparoedesenvolv1903","https:\/\/www.threads.net\/@fadesp_ufpa"]}]}},"_links":{"self":[{"href":"https:\/\/portalfadesp.org.br\/index.php?rest_route=\/wp\/v2\/pages\/22192","targetHints":{"allow":["GET"]}}],"collection":[{"href":"https:\/\/portalfadesp.org.br\/index.php?rest_route=\/wp\/v2\/pages"}],"about":[{"href":"https:\/\/portalfadesp.org.br\/index.php?rest_route=\/wp\/v2\/types\/page"}],"author":[{"embeddable":true,"href":"https:\/\/portalfadesp.org.br\/index.php?rest_route=\/wp\/v2\/users\/12"}],"replies":[{"embeddable":true,"href":"https:\/\/portalfadesp.org.br\/index.php?rest_route=%2Fwp%2Fv2%2Fcomments&post=22192"}],"version-history":[{"count":35,"href":"https:\/\/portalfadesp.org.br\/index.php?rest_route=\/wp\/v2\/pages\/22192\/revisions"}],"predecessor-version":[{"id":38472,"href":"https:\/\/portalfadesp.org.br\/index.php?rest_route=\/wp\/v2\/pages\/22192\/revisions\/38472"}],"wp:attachment":[{"href":"https:\/\/portalfadesp.org.br\/index.php?rest_route=%2Fwp%2Fv2%2Fmedia&parent=22192"}],"curies":[{"name":"wp","href":"https:\/\/api.w.org\/{rel}","templated":true}]}}