{"id":22089,"date":"2021-11-16T18:45:45","date_gmt":"2021-11-16T21:45:45","guid":{"rendered":"https:\/\/162.215.13.167?page_id=22089"},"modified":"2022-12-20T10:50:45","modified_gmt":"2022-12-20T13:50:45","slug":"prefeitura-municipal-de-altamira-psp-acs-2021","status":"publish","type":"page","link":"https:\/\/portalfadesp.org.br\/?page_id=22089","title":{"rendered":"Prefeitura Municipal de Altamira \u2013 PSP ACS\/2021"},"content":{"rendered":"\t\t<div data-elementor-type=\"wp-page\" data-elementor-id=\"22089\" class=\"elementor elementor-22089\" data-elementor-post-type=\"page\">\n\t\t\t\t\t\t<section class=\"elementor-section elementor-top-section elementor-element elementor-element-7759e82 elementor-section-boxed elementor-section-height-default elementor-section-height-default\" data-id=\"7759e82\" data-element_type=\"section\">\n\t\t\t\t\t\t<div class=\"elementor-container elementor-column-gap-default\">\n\t\t\t\t\t<div class=\"elementor-column elementor-col-100 elementor-top-column elementor-element elementor-element-288dbe9\" data-id=\"288dbe9\" data-element_type=\"column\">\n\t\t\t<div class=\"elementor-widget-wrap elementor-element-populated\">\n\t\t\t\t\t\t<div class=\"elementor-element elementor-element-1ce31c8 elementor-widget elementor-widget-heading\" data-id=\"1ce31c8\" data-element_type=\"widget\" data-widget_type=\"heading.default\">\n\t\t\t\t<div class=\"elementor-widget-container\">\n\t\t\t\t\t<h1 class=\"elementor-heading-title elementor-size-default\">Prefeitura Municipal de Altamira \u2013 PSP ACS\/2021<\/h1>\t\t\t\t<\/div>\n\t\t\t\t<\/div>\n\t\t\t\t<section class=\"elementor-section elementor-inner-section elementor-element elementor-element-5ba10ed elementor-section-boxed elementor-section-height-default elementor-section-height-default\" data-id=\"5ba10ed\" data-element_type=\"section\">\n\t\t\t\t\t\t<div class=\"elementor-container elementor-column-gap-default\">\n\t\t\t\t\t<div class=\"elementor-column elementor-col-50 elementor-inner-column elementor-element elementor-element-0b38389\" data-id=\"0b38389\" data-element_type=\"column\">\n\t\t\t<div class=\"elementor-widget-wrap elementor-element-populated\">\n\t\t\t\t\t\t<div class=\"elementor-element elementor-element-390424d elementor-widget elementor-widget-text-editor\" data-id=\"390424d\" data-element_type=\"widget\" data-widget_type=\"text-editor.default\">\n\t\t\t\t<div class=\"elementor-widget-container\">\n\t\t\t\t\t\t\t\t\t<p>A <strong>Prefeitura Municipal de Altamira (PMA)<\/strong>, atrav\u00e9s da <strong>Secretaria Municipal de Sa\u00fade (SESMA)<\/strong>, supervisionado pela <strong>Secretaria Municipal de Administra\u00e7\u00e3o e Finan\u00e7as (SEMAF)<\/strong>, torna p\u00fablico o Edital de Abertura do Processo Seletivo P\u00fablico, <strong>Edital n\u00b0 01\/2021\/PMA\/ACS<\/strong>, por meio do Processo n\u00ba 01\/2021-PMA, na forma da Lei n\u00ba 8.666\/93 e suas altera\u00e7\u00f5es posteriores, a Lei n\u00ba 8.958\/94, regulamentada pelo Decreto n\u00ba 7.423 de 31\/12\/2010 e demais normas de direito p\u00fablico e privado que subsidiaram a mat\u00e9ria, objetivando a realiza\u00e7\u00e3o de Processo Seletivo P\u00fablico, destinado ao preenchimento de vagas na esfera municipal para os cargos de <strong>Agente Comunit\u00e1rio de Sa\u00fade (ACS)<\/strong>, conforme itens, subitens e anexos do Edital supracitados.<\/p>\n<p><strong>Vagas Imediatas: 187<\/strong>&nbsp;(cento e oitenta e sete)<\/p>\n<p><strong>Cadastro Reserva:<\/strong>&nbsp;293 (duzentos e noventa e tr\u00eas)<\/p>\n<p><strong>Cargos:<\/strong> Agente Comunit\u00e1rio de Sa\u00fade (ACS)<\/p>\n<p><strong>Taxa:<\/strong> R$ 60,00.<\/p>\n<p><strong>Escolaridade:<\/strong> N\u00edvel M\u00e9dio<\/p>\n<hr>\n<p><strong>Datas importantes:<\/strong><\/p>\n<p><strong>Per\u00edodo de Inscri\u00e7\u00e3o:<\/strong>&nbsp;16\/11\/21 a 28\/11\/21<\/p>\n<p><strong>Pedido de isen\u00e7\u00e3o para PcD:<\/strong>&nbsp;16\/11\/21 a 18\/11\/21<\/p>\n<p><strong>Pagamento da taxa de inscri\u00e7\u00e3o:<\/strong>&nbsp;at\u00e9 29<span style=\"font-size: 14px; font-style: normal; font-variant-ligatures: normal; font-variant-caps: normal; font-weight: 400;\">\/11\/21<\/span><\/p>\n<p><strong>Impress\u00e3o do cart\u00e3o de confirma\u00e7\u00e3o da 3\u00aa etapa:<\/strong>&nbsp;17\/12\/21 a 19\/12\/21<\/p>\n<p><strong style=\"font-family: Arial, Roboto, sans-serif; font-size: 14.4px;\">Data e hora prova objetiva da 3\u00aa etapa:<\/strong><span style=\"font-size: 14.4px;\">&nbsp;19\/12\/21 &#8211; 9h \u00e0s 12h<\/span><\/p>\t\t\t\t\t\t\t\t<\/div>\n\t\t\t\t<\/div>\n\t\t\t\t\t<\/div>\n\t\t<\/div>\n\t\t\t\t<div class=\"elementor-column elementor-col-50 elementor-inner-column elementor-element elementor-element-7503a48\" data-id=\"7503a48\" data-element_type=\"column\">\n\t\t\t<div class=\"elementor-widget-wrap elementor-element-populated\">\n\t\t\t\t\t\t<div class=\"elementor-element elementor-element-d825992 elementor-widget elementor-widget-text-editor\" data-id=\"d825992\" data-element_type=\"widget\" data-widget_type=\"text-editor.default\">\n\t\t\t\t<div class=\"elementor-widget-container\">\n\t\t\t\t\t\t\t\t\t<p><span style=\"color: #ffffff;\"><strong>Acompanhe sua Inscri\u00e7\u00e3o<\/strong><\/span><\/p>\t\t\t\t\t\t\t\t<\/div>\n\t\t\t\t<\/div>\n\t\t\t\t<div class=\"elementor-element elementor-element-a1e376d elementor-widget elementor-widget-text-editor\" data-id=\"a1e376d\" data-element_type=\"widget\" data-widget_type=\"text-editor.default\">\n\t\t\t\t<div class=\"elementor-widget-container\">\n\t\t\t\t\t\t\t\t\t<div class=\"botaoBug\"><span style=\"color: #ffffff;\"><b>AVISO<\/b><\/span><\/div><div class=\"botaoBug\" style=\"margin-top: 10px;\"><strong><a href=\"http:\/\/concursos2.fadesp.org.br\/pma2021\/web\/index_recurso.php\">Recurso On-line (Clique Aqui)<\/a><\/strong><\/div>\t\t\t\t\t\t\t\t<\/div>\n\t\t\t\t<\/div>\n\t\t\t\t<div class=\"elementor-element elementor-element-81ea865 elementor-widget elementor-widget-text-editor\" data-id=\"81ea865\" data-element_type=\"widget\" data-widget_type=\"text-editor.default\">\n\t\t\t\t<div class=\"elementor-widget-container\">\n\t\t\t\t\t\t\t\t\t<p style=\"text-align: center;\"><span style=\"color: #ffffff;\"><strong>Editais e Avisos<\/strong><\/span><\/p>\t\t\t\t\t\t\t\t<\/div>\n\t\t\t\t<\/div>\n\t\t\t\t<div class=\"elementor-element elementor-element-500e575 elementor-widget elementor-widget-text-editor\" data-id=\"500e575\" data-element_type=\"widget\" data-widget_type=\"text-editor.default\">\n\t\t\t\t<div class=\"elementor-widget-container\">\n\t\t\t\t\t\t\t\t\t<p style=\"text-align: center;\"><a href=\"http:\/\/concursos2.fadesp.org.br\/pma2021\/arquivos\/Edital\/2_CONVOCACAO_PARA_ENTREGA_DE_DOCUMENTOS.pdf\"><strong>2\u00aa Convoca\u00e7\u00e3o para Entrega de Documentos<\/strong><\/a><\/p><p style=\"text-align: center;\"><a href=\"http:\/\/concursos2.fadesp.org.br\/pma2021\/arquivos\/Edital\/1_CONVOCACAO_PARA_ENTREGA_DE_DOCUMENTOS.pdf\"><strong>1\u00aa Convoca\u00e7\u00e3o para Entrega de Documentos<\/strong><\/a><\/p><p style=\"text-align: center;\"><a href=\"http:\/\/concursos2.fadesp.org.br\/pma2021\/arquivos\/ResultadoFinalDefinitivo.pdf\"><strong>Resultado Final Definitivo<\/strong><\/a><\/p><p style=\"text-align: center;\"><a href=\"http:\/\/concursos2.fadesp.org.br\/pma2021\/arquivos\/ResultadoFinalPreliminar.pdf\"><strong>Resultado Final Preliminar<\/strong><\/a><\/p><p style=\"text-align: center;\"><a href=\"http:\/\/concursos2.fadesp.org.br\/pma2021\/arquivos\/ResultadoDefinitivo_3_Etapa.pdf\"><strong>Resultado Definitivo da Prova Objetiva 3\u00aa Etapa<\/strong><\/a><\/p><p style=\"text-align: center;\"><a href=\"http:\/\/concursos2.fadesp.org.br\/pma2021\/arquivos\/ResultadoPreliminar_3_Etapa_Prova_Objetiva.pdf\"><strong>Resultado Preliminar da Prova Objetiva 3\u00aa Etapa<\/strong><\/a><\/p><p style=\"text-align: center;\"><strong><a href=\"http:\/\/concursos2.fadesp.org.br\/pma2021\/arquivos\/GABARITO_OFICIAL_DEFINITIVO_3_ETAPA.pdf\">Gabarito Oficial Definitivo &#8211; 3\u00aa Etapa\u00a0<\/a><\/strong><\/p><p style=\"text-align: center;\"><strong><a href=\"http:\/\/concursos2.fadesp.org.br\/pma2021\/arquivos\/GABARITO_OFICIAL_PRELIMINAR_3_ETAPA.pdf\">Gabarito Oficial Preliminar &#8211; 3\u00aa Etapa\u00a0<\/a><\/strong><\/p><p style=\"text-align: center;\"><strong><a href=\"http:\/\/concursos2.fadesp.org.br\/pma2021\/arquivos\/PROVA_OBJETIVA_3_ETAPA.pdf\">Prova Objetiva &#8211; 3\u00aa Etapa\u00a0<\/a><\/strong><br \/><strong><a href=\"http:\/\/concursos2.fadesp.org.br\/pma2021\/arquivos\/Resultado_da_Frequencia_do_curso_de_ACS.pdf\">Resultado do Curso Preparat\u00f3rio de ACS (Frequ\u00eancia)\u00a0<\/a><\/strong><\/p><p style=\"text-align: center;\"><strong><a href=\"http:\/\/concursos2.fadesp.org.br\/pma2021\/arquivos\/Edital\/Edital_03_Retificacoes.pdf\">Edital 03 &#8211; Retifica\u00e7\u00f5es\u00a0<\/a><\/strong><\/p><p style=\"text-align: center;\"><strong><a href=\"http:\/\/concursos2.fadesp.org.br\/pma2021\/arquivos\/Edital\/Edital02_Convocacao_Curso_ACS.pdf\">Edital 02 \u2013 Convoca\u00e7\u00e3o ao Curso Preparat\u00f3rio de Agente Comunit\u00e1rio de Sa\u00fade \u2013 ACS<\/a><\/strong><\/p><p style=\"text-align: center;\"><strong><a href=\"http:\/\/concursos2.fadesp.org.br\/pma2021\/arquivos\/ResultadoDefinitivoAnaliseDocumental.pdf\">Resultado Definitivo\u00a0 da 1\u00aa Etapa e 2\u00aa Etapa<\/a><\/strong><\/p><p style=\"text-align: center;\"><strong><a href=\"http:\/\/concursos2.fadesp.org.br\/pma2021\/arquivos\/ResultadoPreliminarAnaliseDocumental_RETIFICADO.pdf\">Resultado Preliminar\u00a0 da 1\u00aa Etapa e 2\u00aa Etapa (Retificado)<\/a><\/strong><\/p><p style=\"text-align: center;\"><strong><a href=\"http:\/\/concursos2.fadesp.org.br\/pma2021\/arquivos\/DemandaRetificada.pdf\">Demanda (Retificada)<\/a><\/strong><\/p><p style=\"text-align: center;\"><strong><a href=\"http:\/\/concursos2.fadesp.org.br\/pma2021\/arquivos\/ResultadoDefinitivoInscricoes.pdf\">Resultado Definitivo das Inscri\u00e7\u00f5es<\/a><\/strong><\/p><p style=\"text-align: center;\"><strong><a href=\"http:\/\/concursos2.fadesp.org.br\/pma2021\/arquivos\/ResultadoPreliminarInscricoes.pdf\">Resultado Preliminar das Inscri\u00e7\u00f5es<\/a><\/strong><\/p><p style=\"text-align: center;\"><strong><a href=\"http:\/\/concursos2.fadesp.org.br\/pma2021\/arquivos\/Edital\/RerificacaoQuadro_de_Vagas.pdf\">Retifica\u00e7\u00e3o do Quadro de Vagas e Datas (Inscri\u00e7\u00e3o, Vencimento do Boleto e Declara\u00e7\u00e3o)<\/a><\/strong><\/p><p style=\"text-align: center;\"><strong><a href=\"http:\/\/concursos2.fadesp.org.br\/pma2021\/arquivos\/Edital\/Declaracao_de_Territorialidade.pdf\">Declara\u00e7\u00e3o de Territorialidade<\/a><\/strong><\/p><p style=\"text-align: center;\"><strong><a href=\"http:\/\/concursos2.fadesp.org.br\/pma2021\/arquivos\/Edital\/Quadro_de_Vagas.pdf\">Quadro de Vagas<\/a><\/strong><\/p><p style=\"text-align: center;\"><strong><a href=\"http:\/\/concursos2.fadesp.org.br\/pma2021\/arquivos\/Edital\/Requisitos_Para_Provimento_Remuneracao.pdf\">Requisitos Para Posse no Cargo e Remunera\u00e7\u00e3o<\/a><\/strong><\/p><p style=\"text-align: center;\"><strong><a href=\"http:\/\/concursos2.fadesp.org.br\/pma2021\/arquivos\/Edital\/Edital01_Abertura.pdf\" target=\"_blank\" rel=\"noopener\">Edital 01 &#8211; Abertura<\/a><\/strong><\/p>\t\t\t\t\t\t\t\t<\/div>\n\t\t\t\t<\/div>\n\t\t\t\t\t<\/div>\n\t\t<\/div>\n\t\t\t\t\t<\/div>\n\t\t<\/section>\n\t\t\t\t\t<\/div>\n\t\t<\/div>\n\t\t\t\t\t<\/div>\n\t\t<\/section>\n\t\t\t\t<\/div>\n\t\t","protected":false},"excerpt":{"rendered":"<p>Prefeitura Municipal de Altamira \u2013 PSP ACS\/2021 A Prefeitura Municipal de Altamira (PMA), atrav\u00e9s da Secretaria Municipal de Sa\u00fade (SESMA), supervisionado pela Secretaria Municipal de Administra\u00e7\u00e3o e Finan\u00e7as (SEMAF), torna p\u00fablico o Edital de Abertura do Processo Seletivo P\u00fablico, Edital n\u00b0 01\/2021\/PMA\/ACS, por meio do Processo n\u00ba 01\/2021-PMA, na forma da Lei n\u00ba 8.666\/93 e [&hellip;]<\/p>\n","protected":false},"author":9,"featured_media":0,"parent":329,"menu_order":0,"comment_status":"closed","ping_status":"closed","template":"","meta":{"_monsterinsights_skip_tracking":false,"_monsterinsights_sitenote_active":false,"_monsterinsights_sitenote_note":"","_monsterinsights_sitenote_category":0,"footnotes":""},"class_list":["post-22089","page","type-page","status-publish","hentry","entry"],"yoast_head":"<!-- This site is optimized with the Yoast SEO plugin v25.1 - https:\/\/yoast.com\/wordpress\/plugins\/seo\/ -->\n<title>Prefeitura Municipal de Altamira \u2013 PSP ACS\/2021 - FADESP<\/title>\n<meta name=\"robots\" content=\"index, follow, max-snippet:-1, max-image-preview:large, max-video-preview:-1\" \/>\n<link rel=\"canonical\" href=\"https:\/\/portalfadesp.org.br\/?page_id=22089\" \/>\n<meta property=\"og:locale\" content=\"pt_BR\" \/>\n<meta property=\"og:type\" content=\"article\" \/>\n<meta property=\"og:title\" content=\"Prefeitura Municipal de Altamira \u2013 PSP ACS\/2021 - FADESP\" \/>\n<meta property=\"og:description\" content=\"Prefeitura Municipal de Altamira \u2013 PSP ACS\/2021 A Prefeitura Municipal de Altamira (PMA), atrav\u00e9s da Secretaria Municipal de Sa\u00fade (SESMA), supervisionado pela Secretaria Municipal de Administra\u00e7\u00e3o e Finan\u00e7as (SEMAF), torna p\u00fablico o Edital de Abertura do Processo Seletivo P\u00fablico, Edital n\u00b0 01\/2021\/PMA\/ACS, por meio do Processo n\u00ba 01\/2021-PMA, na forma da Lei n\u00ba 8.666\/93 e [&hellip;]\" \/>\n<meta property=\"og:url\" content=\"https:\/\/portalfadesp.org.br\/?page_id=22089\" \/>\n<meta property=\"og:site_name\" content=\"FADESP\" \/>\n<meta property=\"article:publisher\" content=\"https:\/\/www.facebook.com\/Fadesp-138351949524662\/\" \/>\n<meta property=\"article:modified_time\" content=\"2022-12-20T13:50:45+00:00\" \/>\n<meta name=\"twitter:card\" content=\"summary_large_image\" \/>\n<meta name=\"twitter:site\" content=\"@Fadesp\" \/>\n<meta name=\"twitter:label1\" content=\"Est. tempo de leitura\" \/>\n\t<meta name=\"twitter:data1\" content=\"2 minutos\" \/>\n<script type=\"application\/ld+json\" class=\"yoast-schema-graph\">{\"@context\":\"https:\/\/schema.org\",\"@graph\":[{\"@type\":\"WebPage\",\"@id\":\"https:\/\/portalfadesp.org.br\/?page_id=22089\",\"url\":\"https:\/\/portalfadesp.org.br\/?page_id=22089\",\"name\":\"Prefeitura Municipal de Altamira \u2013 PSP ACS\/2021 - FADESP\",\"isPartOf\":{\"@id\":\"https:\/\/portalfadesp.org.br\/#website\"},\"datePublished\":\"2021-11-16T21:45:45+00:00\",\"dateModified\":\"2022-12-20T13:50:45+00:00\",\"breadcrumb\":{\"@id\":\"https:\/\/portalfadesp.org.br\/?page_id=22089#breadcrumb\"},\"inLanguage\":\"pt-BR\",\"potentialAction\":[{\"@type\":\"ReadAction\",\"target\":[\"https:\/\/portalfadesp.org.br\/?page_id=22089\"]}]},{\"@type\":\"BreadcrumbList\",\"@id\":\"https:\/\/portalfadesp.org.br\/?page_id=22089#breadcrumb\",\"itemListElement\":[{\"@type\":\"ListItem\",\"position\":1,\"name\":\"In\u00edcio\",\"item\":\"https:\/\/portalfadesp.org.br\/\"},{\"@type\":\"ListItem\",\"position\":2,\"name\":\"Concursos &#8211; Homologados\",\"item\":\"https:\/\/portalfadesp.org.br\/?page_id=329\"},{\"@type\":\"ListItem\",\"position\":3,\"name\":\"Prefeitura Municipal de Altamira \u2013 PSP ACS\/2021\"}]},{\"@type\":\"WebSite\",\"@id\":\"https:\/\/portalfadesp.org.br\/#website\",\"url\":\"https:\/\/portalfadesp.org.br\/\",\"name\":\"FADESP\",\"description\":\"Funda\u00e7\u00e3o de Amparo e Desenvolvimento da Pesquisa\",\"publisher\":{\"@id\":\"https:\/\/portalfadesp.org.br\/#organization\"},\"potentialAction\":[{\"@type\":\"SearchAction\",\"target\":{\"@type\":\"EntryPoint\",\"urlTemplate\":\"https:\/\/portalfadesp.org.br\/?s={search_term_string}\"},\"query-input\":{\"@type\":\"PropertyValueSpecification\",\"valueRequired\":true,\"valueName\":\"search_term_string\"}}],\"inLanguage\":\"pt-BR\"},{\"@type\":\"Organization\",\"@id\":\"https:\/\/portalfadesp.org.br\/#organization\",\"name\":\"FADESP\",\"url\":\"https:\/\/portalfadesp.org.br\/\",\"logo\":{\"@type\":\"ImageObject\",\"inLanguage\":\"pt-BR\",\"@id\":\"https:\/\/portalfadesp.org.br\/#\/schema\/logo\/image\/\",\"url\":\"https:\/\/portalfadesp.org.br\/wp-content\/uploads\/2024\/01\/NOVOLOGOFADESPlaranjaH.png\",\"contentUrl\":\"https:\/\/portalfadesp.org.br\/wp-content\/uploads\/2024\/01\/NOVOLOGOFADESPlaranjaH.png\",\"width\":2742,\"height\":839,\"caption\":\"FADESP\"},\"image\":{\"@id\":\"https:\/\/portalfadesp.org.br\/#\/schema\/logo\/image\/\"},\"sameAs\":[\"https:\/\/www.facebook.com\/Fadesp-138351949524662\/\",\"https:\/\/x.com\/Fadesp\",\"https:\/\/www.instagram.com\/fadesp_ufpa\/\",\"https:\/\/www.youtube.com\/@fundacaodeamparoedesenvolv1903\",\"https:\/\/www.threads.net\/@fadesp_ufpa\"]}]}<\/script>\n<!-- \/ Yoast SEO plugin. -->","yoast_head_json":{"title":"Prefeitura Municipal de Altamira \u2013 PSP ACS\/2021 - FADESP","robots":{"index":"index","follow":"follow","max-snippet":"max-snippet:-1","max-image-preview":"max-image-preview:large","max-video-preview":"max-video-preview:-1"},"canonical":"https:\/\/portalfadesp.org.br\/?page_id=22089","og_locale":"pt_BR","og_type":"article","og_title":"Prefeitura Municipal de Altamira \u2013 PSP ACS\/2021 - FADESP","og_description":"Prefeitura Municipal de Altamira \u2013 PSP ACS\/2021 A Prefeitura Municipal de Altamira (PMA), atrav\u00e9s da Secretaria Municipal de Sa\u00fade (SESMA), supervisionado pela Secretaria Municipal de Administra\u00e7\u00e3o e Finan\u00e7as (SEMAF), torna p\u00fablico o Edital de Abertura do Processo Seletivo P\u00fablico, Edital n\u00b0 01\/2021\/PMA\/ACS, por meio do Processo n\u00ba 01\/2021-PMA, na forma da Lei n\u00ba 8.666\/93 e [&hellip;]","og_url":"https:\/\/portalfadesp.org.br\/?page_id=22089","og_site_name":"FADESP","article_publisher":"https:\/\/www.facebook.com\/Fadesp-138351949524662\/","article_modified_time":"2022-12-20T13:50:45+00:00","twitter_card":"summary_large_image","twitter_site":"@Fadesp","twitter_misc":{"Est. tempo de leitura":"2 minutos"},"schema":{"@context":"https:\/\/schema.org","@graph":[{"@type":"WebPage","@id":"https:\/\/portalfadesp.org.br\/?page_id=22089","url":"https:\/\/portalfadesp.org.br\/?page_id=22089","name":"Prefeitura Municipal de Altamira \u2013 PSP ACS\/2021 - FADESP","isPartOf":{"@id":"https:\/\/portalfadesp.org.br\/#website"},"datePublished":"2021-11-16T21:45:45+00:00","dateModified":"2022-12-20T13:50:45+00:00","breadcrumb":{"@id":"https:\/\/portalfadesp.org.br\/?page_id=22089#breadcrumb"},"inLanguage":"pt-BR","potentialAction":[{"@type":"ReadAction","target":["https:\/\/portalfadesp.org.br\/?page_id=22089"]}]},{"@type":"BreadcrumbList","@id":"https:\/\/portalfadesp.org.br\/?page_id=22089#breadcrumb","itemListElement":[{"@type":"ListItem","position":1,"name":"In\u00edcio","item":"https:\/\/portalfadesp.org.br\/"},{"@type":"ListItem","position":2,"name":"Concursos &#8211; Homologados","item":"https:\/\/portalfadesp.org.br\/?page_id=329"},{"@type":"ListItem","position":3,"name":"Prefeitura Municipal de Altamira \u2013 PSP ACS\/2021"}]},{"@type":"WebSite","@id":"https:\/\/portalfadesp.org.br\/#website","url":"https:\/\/portalfadesp.org.br\/","name":"FADESP","description":"Funda\u00e7\u00e3o de Amparo e Desenvolvimento da Pesquisa","publisher":{"@id":"https:\/\/portalfadesp.org.br\/#organization"},"potentialAction":[{"@type":"SearchAction","target":{"@type":"EntryPoint","urlTemplate":"https:\/\/portalfadesp.org.br\/?s={search_term_string}"},"query-input":{"@type":"PropertyValueSpecification","valueRequired":true,"valueName":"search_term_string"}}],"inLanguage":"pt-BR"},{"@type":"Organization","@id":"https:\/\/portalfadesp.org.br\/#organization","name":"FADESP","url":"https:\/\/portalfadesp.org.br\/","logo":{"@type":"ImageObject","inLanguage":"pt-BR","@id":"https:\/\/portalfadesp.org.br\/#\/schema\/logo\/image\/","url":"https:\/\/portalfadesp.org.br\/wp-content\/uploads\/2024\/01\/NOVOLOGOFADESPlaranjaH.png","contentUrl":"https:\/\/portalfadesp.org.br\/wp-content\/uploads\/2024\/01\/NOVOLOGOFADESPlaranjaH.png","width":2742,"height":839,"caption":"FADESP"},"image":{"@id":"https:\/\/portalfadesp.org.br\/#\/schema\/logo\/image\/"},"sameAs":["https:\/\/www.facebook.com\/Fadesp-138351949524662\/","https:\/\/x.com\/Fadesp","https:\/\/www.instagram.com\/fadesp_ufpa\/","https:\/\/www.youtube.com\/@fundacaodeamparoedesenvolv1903","https:\/\/www.threads.net\/@fadesp_ufpa"]}]}},"_links":{"self":[{"href":"https:\/\/portalfadesp.org.br\/index.php?rest_route=\/wp\/v2\/pages\/22089","targetHints":{"allow":["GET"]}}],"collection":[{"href":"https:\/\/portalfadesp.org.br\/index.php?rest_route=\/wp\/v2\/pages"}],"about":[{"href":"https:\/\/portalfadesp.org.br\/index.php?rest_route=\/wp\/v2\/types\/page"}],"author":[{"embeddable":true,"href":"https:\/\/portalfadesp.org.br\/index.php?rest_route=\/wp\/v2\/users\/9"}],"replies":[{"embeddable":true,"href":"https:\/\/portalfadesp.org.br\/index.php?rest_route=%2Fwp%2Fv2%2Fcomments&post=22089"}],"version-history":[{"count":135,"href":"https:\/\/portalfadesp.org.br\/index.php?rest_route=\/wp\/v2\/pages\/22089\/revisions"}],"predecessor-version":[{"id":36252,"href":"https:\/\/portalfadesp.org.br\/index.php?rest_route=\/wp\/v2\/pages\/22089\/revisions\/36252"}],"up":[{"embeddable":true,"href":"https:\/\/portalfadesp.org.br\/index.php?rest_route=\/wp\/v2\/pages\/329"}],"wp:attachment":[{"href":"https:\/\/portalfadesp.org.br\/index.php?rest_route=%2Fwp%2Fv2%2Fmedia&parent=22089"}],"curies":[{"name":"wp","href":"https:\/\/api.w.org\/{rel}","templated":true}]}}