{"id":20255,"date":"2021-09-30T19:18:19","date_gmt":"2021-09-30T22:18:19","guid":{"rendered":"https:\/\/162.215.13.167?page_id=20255"},"modified":"2022-12-21T13:50:18","modified_gmt":"2022-12-21T16:50:18","slug":"processo-seletivo-2020-ii-prosel-esp-ifpa-2020","status":"publish","type":"page","link":"https:\/\/portalfadesp.org.br\/?page_id=20255","title":{"rendered":"Processo Seletivo 2020 II (PROSEL ESP IFPA 2020) &#8211; Vagas Complementares"},"content":{"rendered":"\t\t<div data-elementor-type=\"wp-page\" data-elementor-id=\"20255\" class=\"elementor elementor-20255\" data-elementor-post-type=\"page\">\n\t\t\t\t\t\t<section class=\"elementor-section elementor-top-section elementor-element elementor-element-e1804d9 elementor-section-boxed elementor-section-height-default elementor-section-height-default\" data-id=\"e1804d9\" data-element_type=\"section\">\n\t\t\t\t\t\t<div class=\"elementor-container elementor-column-gap-default\">\n\t\t\t\t\t<div class=\"elementor-column elementor-col-100 elementor-top-column elementor-element elementor-element-c64afbd\" data-id=\"c64afbd\" data-element_type=\"column\">\n\t\t\t<div class=\"elementor-widget-wrap elementor-element-populated\">\n\t\t\t\t\t\t<div class=\"elementor-element elementor-element-f66f9da elementor-widget elementor-widget-heading\" data-id=\"f66f9da\" data-element_type=\"widget\" data-widget_type=\"heading.default\">\n\t\t\t\t<div class=\"elementor-widget-container\">\n\t\t\t\t\t<h1 class=\"elementor-heading-title elementor-size-default\">Processo Seletivo 2020 II (PROSEL ESP IFPA 2020) - Vagas Complementares<\/h1>\t\t\t\t<\/div>\n\t\t\t\t<\/div>\n\t\t\t\t<section class=\"elementor-section elementor-inner-section elementor-element elementor-element-dbb439d elementor-section-boxed elementor-section-height-default elementor-section-height-default\" data-id=\"dbb439d\" data-element_type=\"section\">\n\t\t\t\t\t\t<div class=\"elementor-container elementor-column-gap-default\">\n\t\t\t\t\t<div class=\"elementor-column elementor-col-50 elementor-inner-column elementor-element elementor-element-d7d3a1f\" data-id=\"d7d3a1f\" data-element_type=\"column\">\n\t\t\t<div class=\"elementor-widget-wrap elementor-element-populated\">\n\t\t\t\t\t\t<div class=\"elementor-element elementor-element-cc05b78 elementor-widget elementor-widget-text-editor\" data-id=\"cc05b78\" data-element_type=\"widget\" data-widget_type=\"text-editor.default\">\n\t\t\t\t<div class=\"elementor-widget-container\">\n\t\t\t\t\t\t\t\t\t<p>O Instituto Federal do Par\u00e1 (IFPA) torna p\u00fablica a realiza\u00e7\u00e3o do Processo Seletivo 2020 (PROSEL ESP IFPA 2020),\u00a0destinado a selecionar candidatos para o provimento de<strong>\u00a0vagas complementares<\/strong>\u00a0nos cursos presenciais de gradua\u00e7\u00e3o, em regime especial, mediante conv\u00eanio\u00a0celebrado com a\u00a0<b>Secretaria de Estado de Ci\u00eancia, Tecnologia e Educa\u00e7\u00e3o Profissional e Tecnol\u00f3gica (SECTET)<\/b>. Os referidos cursos ser\u00e3o ofertados pelo Instituto Federal de Educa\u00e7\u00e3o, Ci\u00eancia e Tecnologia do Par\u00e1 (IFPA), mediante as condi\u00e7\u00f5es estabelecidas neste edital.<\/p><p><strong>Vagas &#8211; 79<\/strong><\/p><p><strong>Cursos \/ local da oferta<\/strong> &#8211;\u00a0\u00a0<span style=\"font-size: 12pt; text-align: center;\">Licenciatura em Hist\u00f3ria (Marituba),<br \/>Licenciatura em F\u00edsica (Muan\u00e1), Bacharelado em<\/span><span style=\"font-size: 12pt; text-align: center;\">\u00a0<br \/><\/span><span style=\"font-size: 12pt; text-align: center;\">\u00a0<\/span><span style=\"font-size: 12pt; text-align: center;\">Agronomia (Cachoeira do Piri\u00e1), Tecnol\u00f3gico<br \/>em Rede de Computadores (Dom Eliseu) e Licenciatura em Ci\u00eancias Biol\u00f3gicas (Novo\u00a0Repartimento)<\/span><\/p><p class=\"MsoNormal\" style=\"margin: 0cm 5.95pt 0.0001pt 6.45pt; text-align: center; border-width: initial; border-style: none;\" align=\"center\">\u00a0<\/p><p><strong>Requisitos &#8211; <\/strong>Ensino M\u00e9dio completo ou equivalente.<\/p><p><strong>Taxa de inscri\u00e7\u00e3o &#8211; <\/strong>R$ 80,00<\/p><p>&#8230;&#8230;&#8230;&#8230;&#8230;&#8230;&#8230;&#8230;&#8230;&#8230;..<\/p><p><strong>Datas importantes<\/strong>:<\/p><p><strong>Per\u00edodo de Inscri\u00e7\u00e3o<\/strong> &#8211; 15 a 28\/10\/2021<\/p><p><strong style=\"font-family: Arial, Roboto, sans-serif; font-size: 14px;\">Solicita\u00e7\u00e3o de isen\u00e7\u00e3o de taxa para pessoa de baixa renda<\/strong><span style=\"font-size: 14px;\">&#8211; 15 a 21\/10\/2021<\/span><\/p><p><strong>Resultado preliminar da isen\u00e7\u00e3o de taxa para pessoa de baixa renda<\/strong> &#8211; 22\/10\/2021<\/p><p><strong>Pagamento da taxa de inscri\u00e7\u00e3o<\/strong> &#8211; 29\/10\/2021<\/p><p>\u00a0<\/p>\t\t\t\t\t\t\t\t<\/div>\n\t\t\t\t<\/div>\n\t\t\t\t\t<\/div>\n\t\t<\/div>\n\t\t\t\t<div class=\"elementor-column elementor-col-50 elementor-inner-column elementor-element elementor-element-51ef3c9\" data-id=\"51ef3c9\" data-element_type=\"column\">\n\t\t\t<div class=\"elementor-widget-wrap elementor-element-populated\">\n\t\t\t\t\t\t<div class=\"elementor-element elementor-element-552c919 elementor-widget elementor-widget-text-editor\" data-id=\"552c919\" data-element_type=\"widget\" data-widget_type=\"text-editor.default\">\n\t\t\t\t<div class=\"elementor-widget-container\">\n\t\t\t\t\t\t\t\t\t<p style=\"text-align: center;\"><span style=\"color: #ffffff;\"><b>Acompanhe sua Inscri\u00e7\u00e3o<\/b><\/span><\/p>\t\t\t\t\t\t\t\t<\/div>\n\t\t\t\t<\/div>\n\t\t\t\t<div class=\"elementor-element elementor-element-367eca8 elementor-widget elementor-widget-text-editor\" data-id=\"367eca8\" data-element_type=\"widget\" data-widget_type=\"text-editor.default\">\n\t\t\t\t<div class=\"elementor-widget-container\">\n\t\t\t\t\t\t\t\t\t<p class=\"botaoBug\"><a href=\"http:\/\/concursos.fadesp.org.br\/pssifpa2020_2\/web\/index_recurso.php\"><strong>Recurso On-line<\/strong><\/a><\/p>\t\t\t\t\t\t\t\t<\/div>\n\t\t\t\t<\/div>\n\t\t\t\t<div class=\"elementor-element elementor-element-2761924 elementor-widget elementor-widget-text-editor\" data-id=\"2761924\" data-element_type=\"widget\" data-widget_type=\"text-editor.default\">\n\t\t\t\t<div class=\"elementor-widget-container\">\n\t\t\t\t\t\t\t\t\t<p style=\"text-align: center;\"><span style=\"color: #ffffff;\"><strong>Editais e Avisos<\/strong><\/span><\/p>\t\t\t\t\t\t\t\t<\/div>\n\t\t\t\t<\/div>\n\t\t\t\t<div class=\"elementor-element elementor-element-b2441f8 elementor-widget elementor-widget-text-editor\" data-id=\"b2441f8\" data-element_type=\"widget\" data-widget_type=\"text-editor.default\">\n\t\t\t\t<div class=\"elementor-widget-container\">\n\t\t\t\t\t\t\t\t\t<p style=\"text-align: center;\"><a href=\"https:\/\/prosel.ifpa.edu.br\/processo-seletivo-especial-2020-vagas-complementares-forma-para\"><strong>Convocat\u00f3ria com as orienta\u00e7\u00f5es para habilita\u00e7\u00e3o de matr\u00edcula<\/strong><\/a><\/p>\n<p style=\"text-align: center;\"><strong><a href=\"http:\/\/concursos.fadesp.org.br\/pssifpa2020_2\/arquivos\/ResultadoDefinitivoPROSEL2020.pdf\">Resultado Definitivo PROSEL 2020<\/a><\/strong><\/p>\n<p style=\"text-align: center;\"><strong><a href=\"http:\/\/concursos.fadesp.org.br\/pssifpa2020_2\/arquivos\/ResultadoPreliminar.pdf\">Resultado Preliminar<\/a><\/strong><\/p>\n<p style=\"text-align: center;\"><strong><a href=\"http:\/\/concursos.fadesp.org.br\/pssifpa2020_2\/arquivos\/ResultadoDefinitivoInscricoes.pdf\">Resultado Definitivo das Inscri\u00e7\u00f5es<\/a><\/strong><\/p>\n<p style=\"text-align: center;\"><strong><a href=\"http:\/\/concursos.fadesp.org.br\/pssifpa2020_2\/arquivos\/ResultadoPreliminarInscricoes.pdf\">Resultado Preliminar das Inscri\u00e7\u00f5es<\/a><\/strong><\/p>\n<p style=\"text-align: center;\"><a href=\"http:\/\/concursos.fadesp.org.br\/pssifpa2020_2\/arquivos\/ResultadoDefinitivoIsencaoPcD.pdf\"><strong>Resultado de Isen\u00e7\u00e3o para PcD<\/strong><\/a><\/p>\n<p style=\"text-align: center;\"><a href=\"http:\/\/concursos.fadesp.org.br\/pssifpa2020_2\/arquivos\/ResultadoDefinitivoIsencaoHipossuficienciaFinanceira.pdf\"><strong>Resultado Definitivo Isen\u00e7\u00e3o por Hipossufici\u00eancia Financeira<\/strong><\/a><\/p>\n<p style=\"text-align: center;\"><a href=\"http:\/\/concursos.fadesp.org.br\/pssifpa2020_2\/arquivos\/ResultadoPreliminarIsencaoHipossuficienciaFinanceira.pdf\"><strong>Resultado Preliminar Isen\u00e7\u00e3o por Hipossufici\u00eancia Financeira<\/strong><\/a><\/p>\n<p style=\"text-align: center;\"><a href=\"http:\/\/concursos.fadesp.org.br\/pssifpa2020_2\/arquivos\/Edital_PROSEL2020-IFPA.pdf\"><strong>Edital de Abertura<\/strong><\/a><\/p>\n<p style=\"text-align: center;\">\u00a0Informa\u00e7\u00f5es pelo:\n<a href=\"http:\/\/concursos.fadesp.org.br\/faleConosco.php\" target=\"_blank\" rel=\"noopener\"><strong>Fale Conosco do Concursos\n(CLIQUE AQUI)<\/strong><\/a><\/p>\t\t\t\t\t\t\t\t<\/div>\n\t\t\t\t<\/div>\n\t\t\t\t\t<\/div>\n\t\t<\/div>\n\t\t\t\t\t<\/div>\n\t\t<\/section>\n\t\t\t\t\t<\/div>\n\t\t<\/div>\n\t\t\t\t\t<\/div>\n\t\t<\/section>\n\t\t\t\t<\/div>\n\t\t","protected":false},"excerpt":{"rendered":"<p>Processo Seletivo 2020 II (PROSEL ESP IFPA 2020) &#8211; Vagas Complementares O Instituto Federal do Par\u00e1 (IFPA) torna p\u00fablica a realiza\u00e7\u00e3o do Processo Seletivo 2020 (PROSEL ESP IFPA 2020),\u00a0destinado a selecionar candidatos para o provimento de\u00a0vagas complementares\u00a0nos cursos presenciais de gradua\u00e7\u00e3o, em regime especial, mediante conv\u00eanio\u00a0celebrado com a\u00a0Secretaria de Estado de Ci\u00eancia, Tecnologia e Educa\u00e7\u00e3o [&hellip;]<\/p>\n","protected":false},"author":9,"featured_media":0,"parent":329,"menu_order":0,"comment_status":"closed","ping_status":"closed","template":"","meta":{"_monsterinsights_skip_tracking":false,"_monsterinsights_sitenote_active":false,"_monsterinsights_sitenote_note":"","_monsterinsights_sitenote_category":0,"footnotes":""},"class_list":["post-20255","page","type-page","status-publish","hentry","entry"],"yoast_head":"<!-- This site is optimized with the Yoast SEO plugin v25.1 - https:\/\/yoast.com\/wordpress\/plugins\/seo\/ -->\n<title>Processo Seletivo 2020 II (PROSEL ESP IFPA 2020) - Vagas Complementares - FADESP<\/title>\n<meta name=\"robots\" content=\"index, follow, max-snippet:-1, max-image-preview:large, max-video-preview:-1\" \/>\n<link rel=\"canonical\" href=\"https:\/\/portalfadesp.org.br\/?page_id=20255\" \/>\n<meta property=\"og:locale\" content=\"pt_BR\" \/>\n<meta property=\"og:type\" content=\"article\" \/>\n<meta property=\"og:title\" content=\"Processo Seletivo 2020 II (PROSEL ESP IFPA 2020) - Vagas Complementares - FADESP\" \/>\n<meta property=\"og:description\" content=\"Processo Seletivo 2020 II (PROSEL ESP IFPA 2020) &#8211; Vagas Complementares O Instituto Federal do Par\u00e1 (IFPA) torna p\u00fablica a realiza\u00e7\u00e3o do Processo Seletivo 2020 (PROSEL ESP IFPA 2020),\u00a0destinado a selecionar candidatos para o provimento de\u00a0vagas complementares\u00a0nos cursos presenciais de gradua\u00e7\u00e3o, em regime especial, mediante conv\u00eanio\u00a0celebrado com a\u00a0Secretaria de Estado de Ci\u00eancia, Tecnologia e Educa\u00e7\u00e3o [&hellip;]\" \/>\n<meta property=\"og:url\" content=\"https:\/\/portalfadesp.org.br\/?page_id=20255\" \/>\n<meta property=\"og:site_name\" content=\"FADESP\" \/>\n<meta property=\"article:publisher\" content=\"https:\/\/www.facebook.com\/Fadesp-138351949524662\/\" \/>\n<meta property=\"article:modified_time\" content=\"2022-12-21T16:50:18+00:00\" \/>\n<meta name=\"twitter:card\" content=\"summary_large_image\" \/>\n<meta name=\"twitter:site\" content=\"@Fadesp\" \/>\n<meta name=\"twitter:label1\" content=\"Est. tempo de leitura\" \/>\n\t<meta name=\"twitter:data1\" content=\"1 minuto\" \/>\n<script type=\"application\/ld+json\" class=\"yoast-schema-graph\">{\"@context\":\"https:\/\/schema.org\",\"@graph\":[{\"@type\":\"WebPage\",\"@id\":\"https:\/\/portalfadesp.org.br\/?page_id=20255\",\"url\":\"https:\/\/portalfadesp.org.br\/?page_id=20255\",\"name\":\"Processo Seletivo 2020 II (PROSEL ESP IFPA 2020) - Vagas Complementares - FADESP\",\"isPartOf\":{\"@id\":\"https:\/\/portalfadesp.org.br\/#website\"},\"datePublished\":\"2021-09-30T22:18:19+00:00\",\"dateModified\":\"2022-12-21T16:50:18+00:00\",\"breadcrumb\":{\"@id\":\"https:\/\/portalfadesp.org.br\/?page_id=20255#breadcrumb\"},\"inLanguage\":\"pt-BR\",\"potentialAction\":[{\"@type\":\"ReadAction\",\"target\":[\"https:\/\/portalfadesp.org.br\/?page_id=20255\"]}]},{\"@type\":\"BreadcrumbList\",\"@id\":\"https:\/\/portalfadesp.org.br\/?page_id=20255#breadcrumb\",\"itemListElement\":[{\"@type\":\"ListItem\",\"position\":1,\"name\":\"In\u00edcio\",\"item\":\"https:\/\/portalfadesp.org.br\/\"},{\"@type\":\"ListItem\",\"position\":2,\"name\":\"Concursos &#8211; Homologados\",\"item\":\"https:\/\/portalfadesp.org.br\/?page_id=329\"},{\"@type\":\"ListItem\",\"position\":3,\"name\":\"Processo Seletivo 2020 II (PROSEL ESP IFPA 2020) &#8211; Vagas Complementares\"}]},{\"@type\":\"WebSite\",\"@id\":\"https:\/\/portalfadesp.org.br\/#website\",\"url\":\"https:\/\/portalfadesp.org.br\/\",\"name\":\"FADESP\",\"description\":\"Funda\u00e7\u00e3o de Amparo e Desenvolvimento da Pesquisa\",\"publisher\":{\"@id\":\"https:\/\/portalfadesp.org.br\/#organization\"},\"potentialAction\":[{\"@type\":\"SearchAction\",\"target\":{\"@type\":\"EntryPoint\",\"urlTemplate\":\"https:\/\/portalfadesp.org.br\/?s={search_term_string}\"},\"query-input\":{\"@type\":\"PropertyValueSpecification\",\"valueRequired\":true,\"valueName\":\"search_term_string\"}}],\"inLanguage\":\"pt-BR\"},{\"@type\":\"Organization\",\"@id\":\"https:\/\/portalfadesp.org.br\/#organization\",\"name\":\"FADESP\",\"url\":\"https:\/\/portalfadesp.org.br\/\",\"logo\":{\"@type\":\"ImageObject\",\"inLanguage\":\"pt-BR\",\"@id\":\"https:\/\/portalfadesp.org.br\/#\/schema\/logo\/image\/\",\"url\":\"https:\/\/portalfadesp.org.br\/wp-content\/uploads\/2024\/01\/NOVOLOGOFADESPlaranjaH.png\",\"contentUrl\":\"https:\/\/portalfadesp.org.br\/wp-content\/uploads\/2024\/01\/NOVOLOGOFADESPlaranjaH.png\",\"width\":2742,\"height\":839,\"caption\":\"FADESP\"},\"image\":{\"@id\":\"https:\/\/portalfadesp.org.br\/#\/schema\/logo\/image\/\"},\"sameAs\":[\"https:\/\/www.facebook.com\/Fadesp-138351949524662\/\",\"https:\/\/x.com\/Fadesp\",\"https:\/\/www.instagram.com\/fadesp_ufpa\/\",\"https:\/\/www.youtube.com\/@fundacaodeamparoedesenvolv1903\",\"https:\/\/www.threads.net\/@fadesp_ufpa\"]}]}<\/script>\n<!-- \/ Yoast SEO plugin. -->","yoast_head_json":{"title":"Processo Seletivo 2020 II (PROSEL ESP IFPA 2020) - Vagas Complementares - FADESP","robots":{"index":"index","follow":"follow","max-snippet":"max-snippet:-1","max-image-preview":"max-image-preview:large","max-video-preview":"max-video-preview:-1"},"canonical":"https:\/\/portalfadesp.org.br\/?page_id=20255","og_locale":"pt_BR","og_type":"article","og_title":"Processo Seletivo 2020 II (PROSEL ESP IFPA 2020) - Vagas Complementares - FADESP","og_description":"Processo Seletivo 2020 II (PROSEL ESP IFPA 2020) &#8211; Vagas Complementares O Instituto Federal do Par\u00e1 (IFPA) torna p\u00fablica a realiza\u00e7\u00e3o do Processo Seletivo 2020 (PROSEL ESP IFPA 2020),\u00a0destinado a selecionar candidatos para o provimento de\u00a0vagas complementares\u00a0nos cursos presenciais de gradua\u00e7\u00e3o, em regime especial, mediante conv\u00eanio\u00a0celebrado com a\u00a0Secretaria de Estado de Ci\u00eancia, Tecnologia e Educa\u00e7\u00e3o [&hellip;]","og_url":"https:\/\/portalfadesp.org.br\/?page_id=20255","og_site_name":"FADESP","article_publisher":"https:\/\/www.facebook.com\/Fadesp-138351949524662\/","article_modified_time":"2022-12-21T16:50:18+00:00","twitter_card":"summary_large_image","twitter_site":"@Fadesp","twitter_misc":{"Est. tempo de leitura":"1 minuto"},"schema":{"@context":"https:\/\/schema.org","@graph":[{"@type":"WebPage","@id":"https:\/\/portalfadesp.org.br\/?page_id=20255","url":"https:\/\/portalfadesp.org.br\/?page_id=20255","name":"Processo Seletivo 2020 II (PROSEL ESP IFPA 2020) - Vagas Complementares - FADESP","isPartOf":{"@id":"https:\/\/portalfadesp.org.br\/#website"},"datePublished":"2021-09-30T22:18:19+00:00","dateModified":"2022-12-21T16:50:18+00:00","breadcrumb":{"@id":"https:\/\/portalfadesp.org.br\/?page_id=20255#breadcrumb"},"inLanguage":"pt-BR","potentialAction":[{"@type":"ReadAction","target":["https:\/\/portalfadesp.org.br\/?page_id=20255"]}]},{"@type":"BreadcrumbList","@id":"https:\/\/portalfadesp.org.br\/?page_id=20255#breadcrumb","itemListElement":[{"@type":"ListItem","position":1,"name":"In\u00edcio","item":"https:\/\/portalfadesp.org.br\/"},{"@type":"ListItem","position":2,"name":"Concursos &#8211; Homologados","item":"https:\/\/portalfadesp.org.br\/?page_id=329"},{"@type":"ListItem","position":3,"name":"Processo Seletivo 2020 II (PROSEL ESP IFPA 2020) &#8211; Vagas Complementares"}]},{"@type":"WebSite","@id":"https:\/\/portalfadesp.org.br\/#website","url":"https:\/\/portalfadesp.org.br\/","name":"FADESP","description":"Funda\u00e7\u00e3o de Amparo e Desenvolvimento da Pesquisa","publisher":{"@id":"https:\/\/portalfadesp.org.br\/#organization"},"potentialAction":[{"@type":"SearchAction","target":{"@type":"EntryPoint","urlTemplate":"https:\/\/portalfadesp.org.br\/?s={search_term_string}"},"query-input":{"@type":"PropertyValueSpecification","valueRequired":true,"valueName":"search_term_string"}}],"inLanguage":"pt-BR"},{"@type":"Organization","@id":"https:\/\/portalfadesp.org.br\/#organization","name":"FADESP","url":"https:\/\/portalfadesp.org.br\/","logo":{"@type":"ImageObject","inLanguage":"pt-BR","@id":"https:\/\/portalfadesp.org.br\/#\/schema\/logo\/image\/","url":"https:\/\/portalfadesp.org.br\/wp-content\/uploads\/2024\/01\/NOVOLOGOFADESPlaranjaH.png","contentUrl":"https:\/\/portalfadesp.org.br\/wp-content\/uploads\/2024\/01\/NOVOLOGOFADESPlaranjaH.png","width":2742,"height":839,"caption":"FADESP"},"image":{"@id":"https:\/\/portalfadesp.org.br\/#\/schema\/logo\/image\/"},"sameAs":["https:\/\/www.facebook.com\/Fadesp-138351949524662\/","https:\/\/x.com\/Fadesp","https:\/\/www.instagram.com\/fadesp_ufpa\/","https:\/\/www.youtube.com\/@fundacaodeamparoedesenvolv1903","https:\/\/www.threads.net\/@fadesp_ufpa"]}]}},"_links":{"self":[{"href":"https:\/\/portalfadesp.org.br\/index.php?rest_route=\/wp\/v2\/pages\/20255","targetHints":{"allow":["GET"]}}],"collection":[{"href":"https:\/\/portalfadesp.org.br\/index.php?rest_route=\/wp\/v2\/pages"}],"about":[{"href":"https:\/\/portalfadesp.org.br\/index.php?rest_route=\/wp\/v2\/types\/page"}],"author":[{"embeddable":true,"href":"https:\/\/portalfadesp.org.br\/index.php?rest_route=\/wp\/v2\/users\/9"}],"replies":[{"embeddable":true,"href":"https:\/\/portalfadesp.org.br\/index.php?rest_route=%2Fwp%2Fv2%2Fcomments&post=20255"}],"version-history":[{"count":116,"href":"https:\/\/portalfadesp.org.br\/index.php?rest_route=\/wp\/v2\/pages\/20255\/revisions"}],"predecessor-version":[{"id":38555,"href":"https:\/\/portalfadesp.org.br\/index.php?rest_route=\/wp\/v2\/pages\/20255\/revisions\/38555"}],"up":[{"embeddable":true,"href":"https:\/\/portalfadesp.org.br\/index.php?rest_route=\/wp\/v2\/pages\/329"}],"wp:attachment":[{"href":"https:\/\/portalfadesp.org.br\/index.php?rest_route=%2Fwp%2Fv2%2Fmedia&parent=20255"}],"curies":[{"name":"wp","href":"https:\/\/api.w.org\/{rel}","templated":true}]}}