{"id":1616,"date":"2018-12-21T09:39:15","date_gmt":"2018-12-21T11:39:15","guid":{"rendered":"https:\/\/162.215.13.167?page_id=1616"},"modified":"2022-12-20T11:22:30","modified_gmt":"2022-12-20T14:22:30","slug":"banpara-2018","status":"publish","type":"page","link":"https:\/\/portalfadesp.org.br\/?page_id=1616","title":{"rendered":"BANPAR\u00c1 2018"},"content":{"rendered":"\t\t<div data-elementor-type=\"wp-post\" data-elementor-id=\"1616\" class=\"elementor elementor-1616\" data-elementor-post-type=\"page\">\n\t\t\t\t\t\t<section class=\"elementor-section elementor-top-section elementor-element elementor-element-762912bd elementor-section-boxed elementor-section-height-default elementor-section-height-default\" data-id=\"762912bd\" data-element_type=\"section\">\n\t\t\t\t\t\t<div class=\"elementor-container elementor-column-gap-default\">\n\t\t\t\t\t<div class=\"elementor-column elementor-col-100 elementor-top-column elementor-element elementor-element-3490cc5e\" data-id=\"3490cc5e\" data-element_type=\"column\">\n\t\t\t<div class=\"elementor-widget-wrap elementor-element-populated\">\n\t\t\t\t\t\t<div class=\"elementor-element elementor-element-1e00077 elementor-widget elementor-widget-heading\" data-id=\"1e00077\" data-element_type=\"widget\" data-widget_type=\"heading.default\">\n\t\t\t\t<div class=\"elementor-widget-container\">\n\t\t\t\t\t<h1 class=\"elementor-heading-title elementor-size-default\">BANPAR\u00c1 2018\n<\/h1>\t\t\t\t<\/div>\n\t\t\t\t<\/div>\n\t\t\t\t<section class=\"elementor-section elementor-inner-section elementor-element elementor-element-56f17d6a elementor-section-boxed elementor-section-height-default elementor-section-height-default\" data-id=\"56f17d6a\" data-element_type=\"section\">\n\t\t\t\t\t\t<div class=\"elementor-container elementor-column-gap-default\">\n\t\t\t\t\t<div class=\"elementor-column elementor-col-50 elementor-inner-column elementor-element elementor-element-4461d13d\" data-id=\"4461d13d\" data-element_type=\"column\">\n\t\t\t<div class=\"elementor-widget-wrap elementor-element-populated\">\n\t\t\t\t\t\t<div class=\"elementor-element elementor-element-77d3c309 elementor-widget elementor-widget-text-editor\" data-id=\"77d3c309\" data-element_type=\"widget\" data-widget_type=\"text-editor.default\">\n\t\t\t\t<div class=\"elementor-widget-container\">\n\t\t\t\t\t\t\t\t\t<p>O Banco do Estado do Par\u00e1 S.A. &#8211; Banpar\u00e1 torna p\u00fablica a realiza\u00e7\u00e3o de concurso para o preenchimento de vaga e forma\u00e7\u00e3o de cadastro de reserva de cargos de n\u00edveis M\u00e9dio e Superior.\u00a0<\/p><p><strong>Vagas &#8211;\u00a0<\/strong>117 para n\u00edvel M\u00e9dio e 9 para Superior. Do total, 7 s\u00e3o para PcD.<\/p><p><strong>Cargos &#8211;<\/strong>\u00a0<strong>N\u00edvel M\u00e9dio<\/strong>: T\u00e9cnico banc\u00e1rio.\u00a0<br \/>\u00a0 \u00a0 \u00a0 \u00a0 \u00a0 \u00a0 \u00a0 \u00a0\u00a0<strong>N\u00edvel Superior:<\/strong>\u00a0Assistente Social, Contador, Engenheiro Civil, Engenheiro Eletricista, Engenheiro Mec\u00e2nico, M\u00e9dico do Trabalho e T\u00e9cnico em Inform\u00e1tica \u2013 \u00c1reas: Desenvolvimento de Sistema e de Acompanhamento de Projetos, Suporte e de Banco de Dados.<\/p><p><strong>Remunera\u00e7\u00e3o &#8211;\u00a0<\/strong>de\u00a0R$\u00a02.192,88 a R$\u00a05.770,90 mais participa\u00e7\u00e3o nos lucros e aux\u00edlio refei\u00e7\u00e3o.<\/p><p><strong>Inscri\u00e7\u00f5es &#8211;\u00a0<\/strong>15\/03 a 16\/04\/18.<\/p><p><strong>Taxa &#8211;\u00a0<\/strong>R$ 50,00 (n\u00edvel M\u00e9dio) e R$ 90,00 (n\u00edvel Superior).<\/p><p><strong>Local de prova:<\/strong>\u00a0Bel\u00e9m, Castanhal, Marab\u00e1 e Santar\u00e9m.<\/p><p><strong>&#8230;&#8230;&#8230;&#8230;&#8230;&#8230;&#8230;&#8230;&#8230;&#8230;&#8230;&#8230;&#8230;&#8230;&#8230;&#8230;&#8230;&#8230;..<\/strong><\/p><p><strong>Datas importantes<\/strong>:<\/p><p>Per\u00edodo de inscri\u00e7\u00e3o &#8211;\u00a0<strong>15\/03 a 16\/04\/18.<\/strong><\/p><p>Pagamento da taxa de inscri\u00e7\u00e3o &#8211;<strong>\u00a0at\u00e9 17\/04\/18<\/strong><\/p><p>Per\u00edodo de pedido de isen\u00e7\u00e3o da taxa &#8211;\u00a0<strong>15 a 19\/03\/18.<\/strong><\/p><p>Resultado do pedido de isen\u00e7\u00e3o &#8211;<strong>\u00a010\/04\/18<\/strong><\/p><p>Per\u00edodo de inscri\u00e7\u00e3o PcD &#8211;\u00a0<strong>Envio de documentos at\u00e9 16\/04\/18.<\/strong><\/p><p>Divulga\u00e7\u00e3o de inscri\u00e7\u00f5es PcD deferidas:<strong>\u00a0a partir de 20\/04\/18.<\/strong><\/p><p>Cart\u00e3o de inscri\u00e7\u00e3o para impress\u00e3o:\u00a0<strong>a partir das 17h, do dia 26.<\/strong><\/p><p>Prova objetiva &#8211;\u00a0<strong>06\/05\/18, das 9h \u00e0s 13h.<\/strong><\/p><p>Prova de t\u00edtulos para n\u00edvel superior &#8211;\u00a0<strong>convoca\u00e7\u00e3o por edital em data a ser definida ap\u00f3s o resultado da prova objetiva.\u00a0<\/strong><\/p>\t\t\t\t\t\t\t\t<\/div>\n\t\t\t\t<\/div>\n\t\t\t\t\t<\/div>\n\t\t<\/div>\n\t\t\t\t<div class=\"elementor-column elementor-col-50 elementor-inner-column elementor-element elementor-element-63ff1d46\" data-id=\"63ff1d46\" data-element_type=\"column\">\n\t\t\t<div class=\"elementor-widget-wrap elementor-element-populated\">\n\t\t\t\t\t\t<div class=\"elementor-element elementor-element-8b0e901 elementor-widget elementor-widget-text-editor\" data-id=\"8b0e901\" data-element_type=\"widget\" data-widget_type=\"text-editor.default\">\n\t\t\t\t<div class=\"elementor-widget-container\">\n\t\t\t\t\t\t\t\t\t<p style=\"text-align: center;\"><span style=\"color: #ffffff;\"><b>Avisos<\/b><\/span><\/p>\t\t\t\t\t\t\t\t<\/div>\n\t\t\t\t<\/div>\n\t\t\t\t<div class=\"elementor-element elementor-element-3204458d elementor-widget elementor-widget-text-editor\" data-id=\"3204458d\" data-element_type=\"widget\" data-widget_type=\"text-editor.default\">\n\t\t\t\t<div class=\"elementor-widget-container\">\n\t\t\t\t\t\t\t\t\t<p style=\"text-align: center;\"><strong><span style=\"text-decoration: underline; color: #000000;\"><a style=\"color: #000000; text-decoration: underline;\" href=\"..\/midias\/anexos\/529_homologacao_do_resultado_final.pdf\" target=\"_blank\" rel=\"noopener\">Resultado\u00a0 final do Concurso Homologado<\/a><\/span><\/strong><\/p>\t\t\t\t\t\t\t\t<\/div>\n\t\t\t\t<\/div>\n\t\t\t\t<div class=\"elementor-element elementor-element-79e735d0 elementor-widget elementor-widget-text-editor\" data-id=\"79e735d0\" data-element_type=\"widget\" data-widget_type=\"text-editor.default\">\n\t\t\t\t<div class=\"elementor-widget-container\">\n\t\t\t\t\t\t\t\t\t<p style=\"text-align: center;\"><span style=\"color: #000000;\"><strong><span style=\"color: #ffffff;\">Editais<\/span><\/strong><\/span><\/p>\t\t\t\t\t\t\t\t<\/div>\n\t\t\t\t<\/div>\n\t\t\t\t<div class=\"elementor-element elementor-element-4618ad7a elementor-widget elementor-widget-text-editor\" data-id=\"4618ad7a\" data-element_type=\"widget\" data-widget_type=\"text-editor.default\">\n\t\t\t\t<div class=\"elementor-widget-container\">\n\t\t\t\t\t\t\t\t\t<table class=\" aligncenter\" width=\"80\">\n<tbody>\n<tr>\n<td width=\"80\"><strong><a href=\"..\/midias\/anexos\/529_homologacao_do_resultado_final.pdf\">Homologa\u00e7\u00e3o do Resultado Final<\/a><\/strong><\/td>\n<\/tr>\n<tr>\n<td width=\"80\"><strong><a href=\"http:\/\/concursos.fadesp.org.br\/banpara2018\/arquivos\/N\u00edvel%20Superior%20-%20Resultado%20Final%20Definitivo.pdf\">N\u00edvel Superior &#8211; Resultado Final Definitivo\u00a0<\/a><\/strong><\/td>\n<\/tr>\n<tr>\n<td width=\"80\"><strong><a href=\"http:\/\/concursos.fadesp.org.br\/banpara2018\/arquivos\/N\u00edvel%20Superior%20-%20Resultado%20Final%20Preliminar.pdf\">N\u00edvel Superior &#8211; Resultado Final Preliminar<\/a><\/strong><\/td>\n<\/tr>\n<tr>\n<td width=\"80\"><strong><a href=\"http:\/\/concursos.fadesp.org.br\/banpara2018\/arquivos\/N\u00edvel%20Superior%20-%20Resultado%20Definitivo%20da%20Prova%20de%20T\u00edtulos%20ap\u00f3s%20fase%20de%20recursos.pdf\">N\u00edvel Superior &#8211; Resultado Definitivo da Prova de T\u00edtulos ap\u00f3s fase de recursos<\/a><\/strong><\/td>\n<\/tr>\n<tr>\n<td width=\"80\"><strong><a href=\"http:\/\/concursos.fadesp.org.br\/banpara2018\/arquivos\/N\u00edvel%20M\u00e9dio%20-%20Resultado%20Definitivo%20ap\u00f3s%20fase%20de%20recursos.pdf\">N\u00edvel M\u00e9dio &#8211; Resultado Definitivo ap\u00f3s fase de recursos<\/a><\/strong><\/td>\n<\/tr>\n<tr>\n<td width=\"80\"><strong><a href=\"http:\/\/concursos.fadesp.org.br\/banpara2018\/arquivos\/N\u00edvel%20Superior%20-%20Resultado%20Preliminar%20da%20Prova%20de%20T\u00edtulos.pdf\">N\u00edvel Superior &#8211; Resultado Preliminar da Prova de T\u00edtulos\u00a0<\/a><\/strong><\/td>\n<\/tr>\n<tr>\n<td width=\"80\"><strong><a href=\"http:\/\/concursos.fadesp.org.br\/banpara2018\/web\/index_notamedio.php\">N\u00edvel M\u00e9dio &#8211; Resultado Geral<\/a><\/strong><\/td>\n<\/tr>\n<tr>\n<td width=\"80\"><strong><a href=\"http:\/\/concursos.fadesp.org.br\/banpara2018\/arquivos\/N\u00edvel%20M\u00e9dio%20-%20Classificados%20e%20Aprovados%20na%20Prova%20Objetiva.pdf\">N\u00edvel M\u00e9dio &#8211; Classificados e Aprovados na Prova Objetiva<\/a><\/strong><\/td>\n<\/tr>\n<tr>\n<td width=\"80\"><strong><a href=\"http:\/\/concursos.fadesp.org.br\/banpara2018\/web\/Rela\u00e7\u00e3o%20de%20PcD%20Concorrentes%20-%20Retificada.pdf\">Rela\u00e7\u00e3o de PcD Concorrentes &#8211; Retificada<\/a><\/strong><\/td>\n<\/tr>\n<tr>\n<td width=\"80\"><strong><a href=\"http:\/\/concursos.fadesp.org.br\/banpara2018\/arquivos\/N\u00edvel%20Superior%20-%20Publica\u00e7\u00e3o%20de%20Aviso%20de%20Resultado%20no%20DOE.pdf\">N\u00edvel Superior &#8211; Publica\u00e7\u00e3o de Aviso de Resultado no DOE\u00a0<\/a><\/strong><\/td>\n<\/tr>\n<tr>\n<td width=\"80\"><strong><a href=\"http:\/\/concursos.fadesp.org.br\/banpara2018\/arquivos\/N\u00edvel%20Superior%20-%20Formul\u00e1rio%20de%20Entrega%20de%20T\u00edtulos.pdf\">N\u00edvel Superior &#8211; Formul\u00e1rio de Entrega de T\u00edtulos<\/a><\/strong><\/td>\n<\/tr>\n<tr>\n<td width=\"80\"><strong><a href=\"http:\/\/concursos.fadesp.org.br\/banpara2018\/web\/index_nota.php\">N\u00edvel Superior &#8211; Resultado Geral<\/a><\/strong><\/td>\n<\/tr>\n<tr>\n<td width=\"80\"><strong><a href=\"http:\/\/concursos.fadesp.org.br\/banpara2018\/arquivos\/N\u00edvel%20Superior%20-%20Resultado%20dos%20Aprovados%20na%20Prova%20Objetiva.pdf\">N\u00edvel Superior &#8211; Resultado dos Aprovados na Prova Objetiva<\/a><\/strong><\/td>\n<\/tr>\n<tr>\n<td width=\"80\"><strong><a href=\"http:\/\/concursos.fadesp.org.br\/banpara2018\/arquivos\/GABARITO%20OFICIAL%20DEFINITIVO%20SUPERIOR%20-%20T\u00c9CNICOS%20EM%20INFORM\u00c1TICA.pdf\">GABARITO OFICIAL DEFINITIVO SUPERIOR &#8211; T\u00c9CNICOS EM INFORM\u00c1TICA<\/a><\/strong><\/td>\n<\/tr>\n<tr>\n<td width=\"80\"><strong><a href=\"http:\/\/concursos.fadesp.org.br\/banpara2018\/arquivos\/GABARITO%20OFICIAL%20DEFINITIVO%20-%20N\u00cdVEL%20SUPERIOR.pdf\">GABARITO OFICIAL DEFINITIVO &#8211; N\u00cdVEL SUPERIOR<\/a><\/strong><\/td>\n<\/tr>\n<tr>\n<td width=\"80\"><strong><a href=\"http:\/\/concursos.fadesp.org.br\/banpara2018\/arquivos\/GABARITO%20OFICIAL%20DEFINITIVO%20-%20T\u00c9CNICO%20BANC\u00c1RIO.pdf\">GABARITO OFICIAL DEFINITIVO &#8211; T\u00c9CNICO BANC\u00c1RIO<\/a><\/strong><\/td>\n<\/tr>\n<tr>\n<td width=\"80\"><strong><a href=\"http:\/\/concursos.fadesp.org.br\/banpara2018\/arquivos\/PROVAS\/Provas.html\">Provas dia 06\/05\/2018<\/a><\/strong><\/td>\n<\/tr>\n<tr>\n<td width=\"80\"><strong><a href=\"http:\/\/concursos.fadesp.org.br\/banpara2018\/arquivos\/GABARITO%20OFICIAL%20PRELIMINAR%20SUPERIOR%20-%20T\u00c9CNICOS%20EM%20INFORM\u00c1TICA.pdf\">GABARITO OFICIAL PRELIMINAR SUPERIOR &#8211; T\u00c9CNICOS EM INFORM\u00c1TICA<\/a><\/strong><\/td>\n<\/tr>\n<tr>\n<td width=\"80\"><strong><a href=\"http:\/\/concursos.fadesp.org.br\/banpara2018\/arquivos\/GABARITO%20OFICIAL%20PRELIMINAR%20-%20N\u00cdVEL%20SUPERIOR.pdf\">GABARITO OFICIAL PRELIMINAR &#8211; N\u00cdVEL SUPERIOR<\/a><\/strong><\/td>\n<\/tr>\n<tr>\n<td width=\"80\"><strong><a href=\"http:\/\/concursos.fadesp.org.br\/banpara2018\/arquivos\/GABARITO%20OFICIAL%20PRELIMINAR%20%20-%20N\u00cdVEL%20M\u00c9DIO.pdf\">GABARITO OFICIAL PRELIMINAR &#8211; N\u00cdVEL M\u00c9DIO<\/a><\/strong><\/td>\n<\/tr>\n<tr>\n<td width=\"80\"><strong>\u00a0Rela\u00e7\u00e3o de PcD Concorrentes<\/strong><\/td>\n<\/tr>\n<tr>\n<td width=\"80\"><strong>\u00a0Demanda de Inscritos<\/strong><\/td>\n<\/tr>\n<tr>\n<td width=\"80\"><strong>\u00a0Edital n 02_2018 &#8211; Retifica\u00e7\u00f5es<\/strong><\/td>\n<\/tr>\n<tr>\n<td width=\"80\"><strong>Aviso do per\u00edodo de inscri\u00e7\u00e3o<\/strong><\/td>\n<\/tr>\n<tr>\n<td width=\"80\"><strong>\u00a0Isen\u00e7\u00f5es Contempladas<\/strong><\/td>\n<\/tr>\n<tr>\n<td width=\"80\"><strong>Isen\u00e7\u00f5es de PcD\u00a0<\/strong><\/td>\n<\/tr>\n<tr>\n<td width=\"80\"><strong>Isen\u00e7\u00f5es Indeferidas no cadastro do Governo Federal\u00a0<\/strong><\/td>\n<\/tr>\n<tr>\n<td width=\"80\"><strong>\u00a0Isen\u00e7\u00f5es Indeferidas por dado Inv\u00e1lido<\/strong><\/td>\n<\/tr>\n<tr>\n<td width=\"80\"><strong>\u00a0Edital de Retifica\u00e7\u00e3o<\/strong><\/td>\n<\/tr>\n<tr>\n<td width=\"80\"><strong>Formul\u00e1rio PcD<\/strong><\/td>\n<\/tr>\n<tr>\n<td width=\"80\"><strong><a href=\"http:\/\/concursos.fadesp.org.br\/banpara2018\/arquivos\/Tabela%20de%20Cargos.pdf\">\u00a0Tabela de Cargos<\/a><\/strong><\/td>\n<\/tr>\n<tr>\n<td width=\"80\"><strong>Edital n\u00ba 01_2018<\/strong><\/td>\n<\/tr>\n<\/tbody>\n<\/table>\t\t\t\t\t\t\t\t<\/div>\n\t\t\t\t<\/div>\n\t\t\t\t\t<\/div>\n\t\t<\/div>\n\t\t\t\t\t<\/div>\n\t\t<\/section>\n\t\t\t\t\t<\/div>\n\t\t<\/div>\n\t\t\t\t\t<\/div>\n\t\t<\/section>\n\t\t\t\t<\/div>\n\t\t","protected":false},"excerpt":{"rendered":"<p>BANPAR\u00c1 2018 O Banco do Estado do Par\u00e1 S.A. &#8211; Banpar\u00e1 torna p\u00fablica a realiza\u00e7\u00e3o de concurso para o preenchimento de vaga e forma\u00e7\u00e3o de cadastro de reserva de cargos de n\u00edveis M\u00e9dio e Superior.\u00a0 Vagas &#8211;\u00a0117 para n\u00edvel M\u00e9dio e 9 para Superior. Do total, 7 s\u00e3o para PcD. Cargos &#8211;\u00a0N\u00edvel M\u00e9dio: T\u00e9cnico banc\u00e1rio.\u00a0\u00a0 [&hellip;]<\/p>\n","protected":false},"author":9,"featured_media":0,"parent":329,"menu_order":51,"comment_status":"closed","ping_status":"closed","template":"","meta":{"_monsterinsights_skip_tracking":false,"_monsterinsights_sitenote_active":false,"_monsterinsights_sitenote_note":"","_monsterinsights_sitenote_category":0,"footnotes":""},"class_list":["post-1616","page","type-page","status-publish","hentry","entry"],"yoast_head":"<!-- This site is optimized with the Yoast SEO plugin v25.1 - https:\/\/yoast.com\/wordpress\/plugins\/seo\/ -->\n<title>BANPAR\u00c1 2018 - FADESP<\/title>\n<meta name=\"robots\" content=\"index, follow, max-snippet:-1, max-image-preview:large, max-video-preview:-1\" \/>\n<link rel=\"canonical\" href=\"https:\/\/portalfadesp.org.br\/?page_id=1616\" \/>\n<meta property=\"og:locale\" content=\"pt_BR\" \/>\n<meta property=\"og:type\" content=\"article\" \/>\n<meta property=\"og:title\" content=\"BANPAR\u00c1 2018 - FADESP\" \/>\n<meta property=\"og:description\" content=\"BANPAR\u00c1 2018 O Banco do Estado do Par\u00e1 S.A. &#8211; Banpar\u00e1 torna p\u00fablica a realiza\u00e7\u00e3o de concurso para o preenchimento de vaga e forma\u00e7\u00e3o de cadastro de reserva de cargos de n\u00edveis M\u00e9dio e Superior.\u00a0 Vagas &#8211;\u00a0117 para n\u00edvel M\u00e9dio e 9 para Superior. Do total, 7 s\u00e3o para PcD. Cargos &#8211;\u00a0N\u00edvel M\u00e9dio: T\u00e9cnico banc\u00e1rio.\u00a0\u00a0 [&hellip;]\" \/>\n<meta property=\"og:url\" content=\"https:\/\/portalfadesp.org.br\/?page_id=1616\" \/>\n<meta property=\"og:site_name\" content=\"FADESP\" \/>\n<meta property=\"article:publisher\" content=\"https:\/\/www.facebook.com\/Fadesp-138351949524662\/\" \/>\n<meta property=\"article:modified_time\" content=\"2022-12-20T14:22:30+00:00\" \/>\n<meta name=\"twitter:card\" content=\"summary_large_image\" \/>\n<meta name=\"twitter:site\" content=\"@Fadesp\" \/>\n<meta name=\"twitter:label1\" content=\"Est. tempo de leitura\" \/>\n\t<meta name=\"twitter:data1\" content=\"2 minutos\" \/>\n<script type=\"application\/ld+json\" class=\"yoast-schema-graph\">{\"@context\":\"https:\/\/schema.org\",\"@graph\":[{\"@type\":\"WebPage\",\"@id\":\"https:\/\/portalfadesp.org.br\/?page_id=1616\",\"url\":\"https:\/\/portalfadesp.org.br\/?page_id=1616\",\"name\":\"BANPAR\u00c1 2018 - FADESP\",\"isPartOf\":{\"@id\":\"https:\/\/portalfadesp.org.br\/#website\"},\"datePublished\":\"2018-12-21T11:39:15+00:00\",\"dateModified\":\"2022-12-20T14:22:30+00:00\",\"breadcrumb\":{\"@id\":\"https:\/\/portalfadesp.org.br\/?page_id=1616#breadcrumb\"},\"inLanguage\":\"pt-BR\",\"potentialAction\":[{\"@type\":\"ReadAction\",\"target\":[\"https:\/\/portalfadesp.org.br\/?page_id=1616\"]}]},{\"@type\":\"BreadcrumbList\",\"@id\":\"https:\/\/portalfadesp.org.br\/?page_id=1616#breadcrumb\",\"itemListElement\":[{\"@type\":\"ListItem\",\"position\":1,\"name\":\"In\u00edcio\",\"item\":\"https:\/\/portalfadesp.org.br\/\"},{\"@type\":\"ListItem\",\"position\":2,\"name\":\"Concursos &#8211; Homologados\",\"item\":\"https:\/\/portalfadesp.org.br\/?page_id=329\"},{\"@type\":\"ListItem\",\"position\":3,\"name\":\"BANPAR\u00c1 2018\"}]},{\"@type\":\"WebSite\",\"@id\":\"https:\/\/portalfadesp.org.br\/#website\",\"url\":\"https:\/\/portalfadesp.org.br\/\",\"name\":\"FADESP\",\"description\":\"Funda\u00e7\u00e3o de Amparo e Desenvolvimento da Pesquisa\",\"publisher\":{\"@id\":\"https:\/\/portalfadesp.org.br\/#organization\"},\"potentialAction\":[{\"@type\":\"SearchAction\",\"target\":{\"@type\":\"EntryPoint\",\"urlTemplate\":\"https:\/\/portalfadesp.org.br\/?s={search_term_string}\"},\"query-input\":{\"@type\":\"PropertyValueSpecification\",\"valueRequired\":true,\"valueName\":\"search_term_string\"}}],\"inLanguage\":\"pt-BR\"},{\"@type\":\"Organization\",\"@id\":\"https:\/\/portalfadesp.org.br\/#organization\",\"name\":\"FADESP\",\"url\":\"https:\/\/portalfadesp.org.br\/\",\"logo\":{\"@type\":\"ImageObject\",\"inLanguage\":\"pt-BR\",\"@id\":\"https:\/\/portalfadesp.org.br\/#\/schema\/logo\/image\/\",\"url\":\"https:\/\/portalfadesp.org.br\/wp-content\/uploads\/2024\/01\/NOVOLOGOFADESPlaranjaH.png\",\"contentUrl\":\"https:\/\/portalfadesp.org.br\/wp-content\/uploads\/2024\/01\/NOVOLOGOFADESPlaranjaH.png\",\"width\":2742,\"height\":839,\"caption\":\"FADESP\"},\"image\":{\"@id\":\"https:\/\/portalfadesp.org.br\/#\/schema\/logo\/image\/\"},\"sameAs\":[\"https:\/\/www.facebook.com\/Fadesp-138351949524662\/\",\"https:\/\/x.com\/Fadesp\",\"https:\/\/www.instagram.com\/fadesp_ufpa\/\",\"https:\/\/www.youtube.com\/@fundacaodeamparoedesenvolv1903\",\"https:\/\/www.threads.net\/@fadesp_ufpa\"]}]}<\/script>\n<!-- \/ Yoast SEO plugin. -->","yoast_head_json":{"title":"BANPAR\u00c1 2018 - FADESP","robots":{"index":"index","follow":"follow","max-snippet":"max-snippet:-1","max-image-preview":"max-image-preview:large","max-video-preview":"max-video-preview:-1"},"canonical":"https:\/\/portalfadesp.org.br\/?page_id=1616","og_locale":"pt_BR","og_type":"article","og_title":"BANPAR\u00c1 2018 - FADESP","og_description":"BANPAR\u00c1 2018 O Banco do Estado do Par\u00e1 S.A. &#8211; Banpar\u00e1 torna p\u00fablica a realiza\u00e7\u00e3o de concurso para o preenchimento de vaga e forma\u00e7\u00e3o de cadastro de reserva de cargos de n\u00edveis M\u00e9dio e Superior.\u00a0 Vagas &#8211;\u00a0117 para n\u00edvel M\u00e9dio e 9 para Superior. Do total, 7 s\u00e3o para PcD. Cargos &#8211;\u00a0N\u00edvel M\u00e9dio: T\u00e9cnico banc\u00e1rio.\u00a0\u00a0 [&hellip;]","og_url":"https:\/\/portalfadesp.org.br\/?page_id=1616","og_site_name":"FADESP","article_publisher":"https:\/\/www.facebook.com\/Fadesp-138351949524662\/","article_modified_time":"2022-12-20T14:22:30+00:00","twitter_card":"summary_large_image","twitter_site":"@Fadesp","twitter_misc":{"Est. tempo de leitura":"2 minutos"},"schema":{"@context":"https:\/\/schema.org","@graph":[{"@type":"WebPage","@id":"https:\/\/portalfadesp.org.br\/?page_id=1616","url":"https:\/\/portalfadesp.org.br\/?page_id=1616","name":"BANPAR\u00c1 2018 - FADESP","isPartOf":{"@id":"https:\/\/portalfadesp.org.br\/#website"},"datePublished":"2018-12-21T11:39:15+00:00","dateModified":"2022-12-20T14:22:30+00:00","breadcrumb":{"@id":"https:\/\/portalfadesp.org.br\/?page_id=1616#breadcrumb"},"inLanguage":"pt-BR","potentialAction":[{"@type":"ReadAction","target":["https:\/\/portalfadesp.org.br\/?page_id=1616"]}]},{"@type":"BreadcrumbList","@id":"https:\/\/portalfadesp.org.br\/?page_id=1616#breadcrumb","itemListElement":[{"@type":"ListItem","position":1,"name":"In\u00edcio","item":"https:\/\/portalfadesp.org.br\/"},{"@type":"ListItem","position":2,"name":"Concursos &#8211; Homologados","item":"https:\/\/portalfadesp.org.br\/?page_id=329"},{"@type":"ListItem","position":3,"name":"BANPAR\u00c1 2018"}]},{"@type":"WebSite","@id":"https:\/\/portalfadesp.org.br\/#website","url":"https:\/\/portalfadesp.org.br\/","name":"FADESP","description":"Funda\u00e7\u00e3o de Amparo e Desenvolvimento da Pesquisa","publisher":{"@id":"https:\/\/portalfadesp.org.br\/#organization"},"potentialAction":[{"@type":"SearchAction","target":{"@type":"EntryPoint","urlTemplate":"https:\/\/portalfadesp.org.br\/?s={search_term_string}"},"query-input":{"@type":"PropertyValueSpecification","valueRequired":true,"valueName":"search_term_string"}}],"inLanguage":"pt-BR"},{"@type":"Organization","@id":"https:\/\/portalfadesp.org.br\/#organization","name":"FADESP","url":"https:\/\/portalfadesp.org.br\/","logo":{"@type":"ImageObject","inLanguage":"pt-BR","@id":"https:\/\/portalfadesp.org.br\/#\/schema\/logo\/image\/","url":"https:\/\/portalfadesp.org.br\/wp-content\/uploads\/2024\/01\/NOVOLOGOFADESPlaranjaH.png","contentUrl":"https:\/\/portalfadesp.org.br\/wp-content\/uploads\/2024\/01\/NOVOLOGOFADESPlaranjaH.png","width":2742,"height":839,"caption":"FADESP"},"image":{"@id":"https:\/\/portalfadesp.org.br\/#\/schema\/logo\/image\/"},"sameAs":["https:\/\/www.facebook.com\/Fadesp-138351949524662\/","https:\/\/x.com\/Fadesp","https:\/\/www.instagram.com\/fadesp_ufpa\/","https:\/\/www.youtube.com\/@fundacaodeamparoedesenvolv1903","https:\/\/www.threads.net\/@fadesp_ufpa"]}]}},"_links":{"self":[{"href":"https:\/\/portalfadesp.org.br\/index.php?rest_route=\/wp\/v2\/pages\/1616","targetHints":{"allow":["GET"]}}],"collection":[{"href":"https:\/\/portalfadesp.org.br\/index.php?rest_route=\/wp\/v2\/pages"}],"about":[{"href":"https:\/\/portalfadesp.org.br\/index.php?rest_route=\/wp\/v2\/types\/page"}],"author":[{"embeddable":true,"href":"https:\/\/portalfadesp.org.br\/index.php?rest_route=\/wp\/v2\/users\/9"}],"replies":[{"embeddable":true,"href":"https:\/\/portalfadesp.org.br\/index.php?rest_route=%2Fwp%2Fv2%2Fcomments&post=1616"}],"version-history":[{"count":38,"href":"https:\/\/portalfadesp.org.br\/index.php?rest_route=\/wp\/v2\/pages\/1616\/revisions"}],"predecessor-version":[{"id":36391,"href":"https:\/\/portalfadesp.org.br\/index.php?rest_route=\/wp\/v2\/pages\/1616\/revisions\/36391"}],"up":[{"embeddable":true,"href":"https:\/\/portalfadesp.org.br\/index.php?rest_route=\/wp\/v2\/pages\/329"}],"wp:attachment":[{"href":"https:\/\/portalfadesp.org.br\/index.php?rest_route=%2Fwp%2Fv2%2Fmedia&parent=1616"}],"curies":[{"name":"wp","href":"https:\/\/api.w.org\/{rel}","templated":true}]}}