{"id":1585,"date":"2016-12-21T09:41:13","date_gmt":"2016-12-21T11:41:13","guid":{"rendered":"https:\/\/162.215.13.167?page_id=1585"},"modified":"2025-10-23T15:47:46","modified_gmt":"2025-10-23T18:47:46","slug":"servico-autonomo-de-agua-e-esgoto-de-parauapebas-saaep-2016","status":"publish","type":"page","link":"https:\/\/portalfadesp.org.br\/?page_id=1585","title":{"rendered":"Servi\u00e7o Aut\u00f4nomo de \u00c1gua e Esgoto de Parauapebas (SAAEP) &#8211; 2016"},"content":{"rendered":"\t\t<div data-elementor-type=\"wp-post\" data-elementor-id=\"1585\" class=\"elementor elementor-1585\" data-elementor-post-type=\"page\">\n\t\t\t\t\t\t<section class=\"elementor-section elementor-top-section elementor-element elementor-element-44aecc3c elementor-section-boxed elementor-section-height-default elementor-section-height-default\" data-id=\"44aecc3c\" data-element_type=\"section\">\n\t\t\t\t\t\t<div class=\"elementor-container elementor-column-gap-default\">\n\t\t\t\t\t<div class=\"elementor-column elementor-col-100 elementor-top-column elementor-element elementor-element-5663e1a3\" data-id=\"5663e1a3\" data-element_type=\"column\">\n\t\t\t<div class=\"elementor-widget-wrap elementor-element-populated\">\n\t\t\t\t\t\t<div class=\"elementor-element elementor-element-2cbe3363 elementor-widget elementor-widget-heading\" data-id=\"2cbe3363\" data-element_type=\"widget\" data-widget_type=\"heading.default\">\n\t\t\t\t<div class=\"elementor-widget-container\">\n\t\t\t\t\t<h1 class=\"elementor-heading-title elementor-size-default\">Servi\u00e7o Aut\u00f4nomo de \u00c1gua e Esgoto de Parauapebas (SAAEP) - 2016\n<\/h1>\t\t\t\t<\/div>\n\t\t\t\t<\/div>\n\t\t\t\t<section class=\"elementor-section elementor-inner-section elementor-element elementor-element-c8120f2 elementor-section-boxed elementor-section-height-default elementor-section-height-default\" data-id=\"c8120f2\" data-element_type=\"section\">\n\t\t\t\t\t\t<div class=\"elementor-container elementor-column-gap-default\">\n\t\t\t\t\t<div class=\"elementor-column elementor-col-50 elementor-inner-column elementor-element elementor-element-415e7a50\" data-id=\"415e7a50\" data-element_type=\"column\">\n\t\t\t<div class=\"elementor-widget-wrap elementor-element-populated\">\n\t\t\t\t\t\t<div class=\"elementor-element elementor-element-669cc9ec elementor-widget elementor-widget-text-editor\" data-id=\"669cc9ec\" data-element_type=\"widget\" data-widget_type=\"text-editor.default\">\n\t\t\t\t<div class=\"elementor-widget-container\">\n\t\t\t\t\t\t\t\t\t<p>O Servi\u00e7o Aut\u00f4nomo de \u00c1gua e Esgoto de Parauapebas &#8211; SAAEP, torna p\u00fablico a realiza\u00e7\u00e3o de Concurso P\u00fablico destinado ao preenchimento de vagas de cargos de n\u00edvel superior, m\u00e9dio e n\u00edvel fundamental incompleto e completo do quadro de pessoal efetivo, mediante as condi\u00e7\u00f5es estabelecidas no Edital de Abertura.<\/p><p><strong>Vagas &#8211;\u00a0<\/strong>86<\/p><p><strong>Cargos &#8211;<\/strong>\u00a0N\u00edvel Fundamental incompleto: Auxiliar de Servi\u00e7os Gerais (04); Auxiliar Operacional (20); Operador de Sistemas Alternativos (10) e Vigia (08);<\/p><p>N\u00edvel Fundamental completo: Encanador (15) e Motorista (05);<\/p><p>N\u00edvel M\u00e9dio: Auxiliar Administrativo (06); Eletricista (01);\u00a0T\u00e9cnico em Edifica\u00e7\u00f5es (01); T\u00e9cnico em Meio Ambiente (01); T\u00e9cnico em Saneamento (01); T\u00e9cnico em Seguran\u00e7a do Trabalho (02); T\u00e9cnico em Qu\u00edmica (01) e Top\u00f3grafo (01);<\/p><p>N\u00edvel Superior: Administrador (01); Bi\u00f3logo; Contador (01); Engenheiro Ambiental (02) Engenheiro Civil (02);\u00a0Engenheiro Mec\u00e2nico (01)\u00a0Engenheiro Sanitarista (01) e\u00a0Engenheiro Eletricista (01).\u00a0<\/p><p><strong>Remunera\u00e7\u00e3o &#8211;\u00a0<\/strong>R$ 971,01<\/p><p><strong>Inscri\u00e7\u00f5es &#8211;\u00a0<\/strong>06\/05\/16 a 30\/05\/16<\/p><p><strong>Taxa &#8211;\u00a0<\/strong>R$ 45,00 (N\u00edvel Fundamental incompleto e completo)<\/p><p>\u00a0 \u00a0 \u00a0 \u00a0 \u00a0 \u00a0R$ 50,00 (N\u00edvel M\u00e9dio)<\/p><p>\u00a0 \u00a0 \u00a0 \u00a0 \u00a0 \u00a0R$ 70,00 (N\u00edvel Superior)<\/p><p><strong>Datas importantes<\/strong>:<\/p><p>Per\u00edodo de inscri\u00e7\u00e3o &#8211; \u00a006\/05\/16 a 30\/05\/16<\/p><p>Pagamento da taxa de inscri\u00e7\u00e3o &#8211; at\u00e9 31\/05\/16<\/p><p>Cart\u00e3o de inscri\u00e7\u00e3o &#8211; \u00c1s 17h do dia 17\/06\/16<\/p><p>Aplica\u00e7\u00e3o das provas objetivas &#8211; 03\/07\/16 &#8211; no turno da manh\u00e3, das 8h \u00e0s 12h (hor\u00e1rio local), para todos os cargos de n\u00edvel superior e fundamental incompleto) e das 14h30 \u00e0s 18h30\u00a0(hor\u00e1rio local), para todos os cargos de n\u00edvel m\u00e9dio e fundamental completo.\u00a0<\/p>\t\t\t\t\t\t\t\t<\/div>\n\t\t\t\t<\/div>\n\t\t\t\t\t<\/div>\n\t\t<\/div>\n\t\t\t\t<div class=\"elementor-column elementor-col-50 elementor-inner-column elementor-element elementor-element-754c1b3a\" data-id=\"754c1b3a\" data-element_type=\"column\">\n\t\t\t<div class=\"elementor-widget-wrap elementor-element-populated\">\n\t\t\t\t\t\t<div class=\"elementor-element elementor-element-6c9dc31e elementor-widget elementor-widget-text-editor\" data-id=\"6c9dc31e\" data-element_type=\"widget\" data-widget_type=\"text-editor.default\">\n\t\t\t\t<div class=\"elementor-widget-container\">\n\t\t\t\t\t\t\t\t\t<p style=\"text-align: center;\"><span style=\"color: #ffffff;\"><strong>Editais e Avisos<\/strong><\/span><\/p>\t\t\t\t\t\t\t\t<\/div>\n\t\t\t\t<\/div>\n\t\t\t\t<div class=\"elementor-element elementor-element-7fd5f018 elementor-widget elementor-widget-text-editor\" data-id=\"7fd5f018\" data-element_type=\"widget\" data-widget_type=\"text-editor.default\">\n\t\t\t\t<div class=\"elementor-widget-container\">\n\t\t\t\t\t\t\t\t\t<table width=\"80\"><tbody><tr><td width=\"80\"><strong><a href=\"..\/midias\/anexos\/476_edital_n_05_2016_saaep_homologacao.pdf\">Edital n\u00ba 05 &#8211; Homologa\u00e7\u00e3o\u00a0<\/a><\/strong><\/td><\/tr><tr><td><strong><a href=\"..\/midias\/anexos\/476_resultado_do_nivel_superior.pdf\">Resultado do N\u00edvel Superior<\/a><\/strong><\/td><\/tr><tr><td><strong><a href=\"http:\/\/concursos.fadesp.org.br\/saaep2016\/arquivos\/Resultado%20do%20N%C3%ADvel%20M%C3%A9dio%20-%20Geral.pdf\">Resultado do N\u00edvel M\u00e9dio &#8211; Geral<\/a><\/strong><\/td><\/tr><tr><td><strong><a href=\"http:\/\/concursos.fadesp.org.br\/saaep2016\/arquivos\/Resultado%20do%20N%C3%ADvel%20M%C3%A9dio%20-%20Auxiliar%20administrativo.pdf\">Resultado do N\u00edvel M\u00e9dio &#8211; Auxiliar administrativo<\/a><\/strong><\/td><\/tr><tr><td><strong><a href=\"http:\/\/concursos.fadesp.org.br\/saaep2016\/arquivos\/Resultado%20do%20N%C3%ADvel%20Fundamental%20Completo.pdf\">Resultado do N\u00edvel Fundamental Completo<\/a><\/strong><\/td><\/tr><tr><td><strong><a href=\"http:\/\/concursos.fadesp.org.br\/saaep2016\/arquivos\/Resultado%20do%20N%C3%ADvel%20Fundamental%20Incompleto 2016.pdf\" data-wplink-url-error=\"true\">Resultado do N\u00edvel Fundamental Incompleto<\/a><\/strong><\/td><\/tr><tr><td><strong><a href=\"http:\/\/concursos.fadesp.org.br\/saaep2016\/arquivos\/RETIFICACAO%20DO%20GABARITO%20OFICIAL%20DEFINITIVO%20-%20Dia%2003.07.2016%20-%20Manha%20e%20Tarde.pdf\">Retifica\u00e7\u00e3o Gabarito Oficial Definitivo &#8211; Dia 03\/07\/2016 &#8211; Manh\u00e3 e Tarde\u00a0<\/a><\/strong><\/td><\/tr><tr><td><strong><a href=\"..\/midias\/anexos\/476_gabarito_oficial_definitivo_-_dia_03.07.2016_-_manha_e_tarde.pdf\">Gabarito Oficial Definitivo &#8211; Dia 03\/07\/2016 &#8211; Manh\u00e3 e Tarde<\/a><\/strong><\/td><\/tr><tr><td><strong><a href=\"http:\/\/concursos.fadesp.org.br\/saaep2016\/arquivos\/GABARITO%20OFICIAL%20PRELIMINAR%20-%20Dia%2003.07.2016%20-%20Manha%20e%20Tarde.pdf\">Gabarito Oficial Preliminar &#8211; Dia 03\/07\/2016 &#8211; Manh\u00e3 e Tarde<\/a><\/strong><\/td><\/tr><tr><td><strong><a href=\"http:\/\/concursos.fadesp.org.br\/saaep2016\/arquivos\/provas\/Provas.html\">Provas dia 03\/07\/2016<\/a><\/strong><\/td><\/tr><tr><td><strong><a href=\"..\/midias\/anexos\/476_edital_n_04_2016_saaep_-_retificacoes_no_edital_de_abertura.pdf\">Edital n\u00b0 04 &#8211; Retifica\u00e7\u00f5es no Edital de Abertura<\/a><\/strong><\/td><\/tr><tr><td><strong><a href=\"..\/midias\/anexos\/476_edital_n_03_2016_saaep_-_retificacoes_no_edital_de_abertura.pdf\">Edital n\u00ba 03 &#8211; Retifica\u00e7\u00f5es no edital de abertura<\/a><\/strong><\/td><\/tr><tr><td><strong><a href=\"..\/midias\/anexos\/476_tabela_de_cargos_-_retificada.pdf\">Tabela de Cargos &#8211; Retificada<\/a><\/strong><\/td><\/tr><tr><td><strong><a href=\"..\/midias\/anexos\/476_formulario_de_portador_de_deficiencia.pdf\">Formul\u00e1rio PcD<\/a><\/strong><\/td><\/tr><tr><td><strong><a href=\"..\/midias\/anexos\/476_lei_n_4.231_-_estatuto_dos_servidores_com_alteracoes_lei_4419-10_n_4.421-10_e_4467-11.pdf\">Lei n\u00ba 4.231 &#8211; Estatuto dos Servidores<\/a><\/strong><\/td><\/tr><tr><td><strong><a href=\"..\/midias\/anexos\/476_lei_n_4.385_-_criacao_do_saaep.pdf\">Lei n\u00ba 4.385 &#8211; Cria\u00e7\u00e3o da SAAEP<\/a><\/strong><\/td><\/tr><tr><td><strong><a href=\"..\/midias\/anexos\/476_edital_n_02_2016_saaep_-_retificacoes_no_edital_de_abertura.pdf\">Edital n\u00ba 02 &#8211; Retifica\u00e7\u00f5es do Edital de Abertura<\/a><\/strong><\/td><\/tr><tr><td><strong><a href=\"..\/midias\/anexos\/476_edital_n_01_2016_saaep_-.pdf\">Edital n\u00ba 01 &#8211; Abertura<\/a><\/strong><\/td><\/tr><\/tbody><\/table>\t\t\t\t\t\t\t\t<\/div>\n\t\t\t\t<\/div>\n\t\t\t\t\t<\/div>\n\t\t<\/div>\n\t\t\t\t\t<\/div>\n\t\t<\/section>\n\t\t\t\t\t<\/div>\n\t\t<\/div>\n\t\t\t\t\t<\/div>\n\t\t<\/section>\n\t\t\t\t<\/div>\n\t\t","protected":false},"excerpt":{"rendered":"<p>Servi\u00e7o Aut\u00f4nomo de \u00c1gua e Esgoto de Parauapebas (SAAEP) &#8211; 2016 O Servi\u00e7o Aut\u00f4nomo de \u00c1gua e Esgoto de Parauapebas &#8211; SAAEP, torna p\u00fablico a realiza\u00e7\u00e3o de Concurso P\u00fablico destinado ao preenchimento de vagas de cargos de n\u00edvel superior, m\u00e9dio e n\u00edvel fundamental incompleto e completo do quadro de pessoal efetivo, mediante as condi\u00e7\u00f5es estabelecidas [&hellip;]<\/p>\n","protected":false},"author":9,"featured_media":0,"parent":329,"menu_order":53,"comment_status":"closed","ping_status":"closed","template":"","meta":{"_monsterinsights_skip_tracking":false,"_monsterinsights_sitenote_active":false,"_monsterinsights_sitenote_note":"","_monsterinsights_sitenote_category":0,"footnotes":""},"class_list":["post-1585","page","type-page","status-publish","hentry","entry"],"yoast_head":"<!-- This site is optimized with the Yoast SEO plugin v25.1 - https:\/\/yoast.com\/wordpress\/plugins\/seo\/ -->\n<title>Servi\u00e7o Aut\u00f4nomo de \u00c1gua e Esgoto de Parauapebas (SAAEP) - 2016 - FADESP<\/title>\n<meta name=\"robots\" content=\"index, follow, max-snippet:-1, max-image-preview:large, max-video-preview:-1\" \/>\n<link rel=\"canonical\" href=\"https:\/\/portalfadesp.org.br\/?page_id=1585\" \/>\n<meta property=\"og:locale\" content=\"pt_BR\" \/>\n<meta property=\"og:type\" content=\"article\" \/>\n<meta property=\"og:title\" content=\"Servi\u00e7o Aut\u00f4nomo de \u00c1gua e Esgoto de Parauapebas (SAAEP) - 2016 - FADESP\" \/>\n<meta property=\"og:description\" content=\"Servi\u00e7o Aut\u00f4nomo de \u00c1gua e Esgoto de Parauapebas (SAAEP) &#8211; 2016 O Servi\u00e7o Aut\u00f4nomo de \u00c1gua e Esgoto de Parauapebas &#8211; SAAEP, torna p\u00fablico a realiza\u00e7\u00e3o de Concurso P\u00fablico destinado ao preenchimento de vagas de cargos de n\u00edvel superior, m\u00e9dio e n\u00edvel fundamental incompleto e completo do quadro de pessoal efetivo, mediante as condi\u00e7\u00f5es estabelecidas [&hellip;]\" \/>\n<meta property=\"og:url\" content=\"https:\/\/portalfadesp.org.br\/?page_id=1585\" \/>\n<meta property=\"og:site_name\" content=\"FADESP\" \/>\n<meta property=\"article:publisher\" content=\"https:\/\/www.facebook.com\/Fadesp-138351949524662\/\" \/>\n<meta property=\"article:modified_time\" content=\"2025-10-23T18:47:46+00:00\" \/>\n<meta name=\"twitter:card\" content=\"summary_large_image\" \/>\n<meta name=\"twitter:site\" content=\"@Fadesp\" \/>\n<meta name=\"twitter:label1\" content=\"Est. tempo de leitura\" \/>\n\t<meta name=\"twitter:data1\" content=\"2 minutos\" \/>\n<script type=\"application\/ld+json\" class=\"yoast-schema-graph\">{\"@context\":\"https:\/\/schema.org\",\"@graph\":[{\"@type\":\"WebPage\",\"@id\":\"https:\/\/portalfadesp.org.br\/?page_id=1585\",\"url\":\"https:\/\/portalfadesp.org.br\/?page_id=1585\",\"name\":\"Servi\u00e7o Aut\u00f4nomo de \u00c1gua e Esgoto de Parauapebas (SAAEP) - 2016 - FADESP\",\"isPartOf\":{\"@id\":\"https:\/\/portalfadesp.org.br\/#website\"},\"datePublished\":\"2016-12-21T11:41:13+00:00\",\"dateModified\":\"2025-10-23T18:47:46+00:00\",\"breadcrumb\":{\"@id\":\"https:\/\/portalfadesp.org.br\/?page_id=1585#breadcrumb\"},\"inLanguage\":\"pt-BR\",\"potentialAction\":[{\"@type\":\"ReadAction\",\"target\":[\"https:\/\/portalfadesp.org.br\/?page_id=1585\"]}]},{\"@type\":\"BreadcrumbList\",\"@id\":\"https:\/\/portalfadesp.org.br\/?page_id=1585#breadcrumb\",\"itemListElement\":[{\"@type\":\"ListItem\",\"position\":1,\"name\":\"In\u00edcio\",\"item\":\"https:\/\/portalfadesp.org.br\/\"},{\"@type\":\"ListItem\",\"position\":2,\"name\":\"Concursos &#8211; Homologados\",\"item\":\"https:\/\/portalfadesp.org.br\/?page_id=329\"},{\"@type\":\"ListItem\",\"position\":3,\"name\":\"Servi\u00e7o Aut\u00f4nomo de \u00c1gua e Esgoto de Parauapebas (SAAEP) &#8211; 2016\"}]},{\"@type\":\"WebSite\",\"@id\":\"https:\/\/portalfadesp.org.br\/#website\",\"url\":\"https:\/\/portalfadesp.org.br\/\",\"name\":\"FADESP\",\"description\":\"Funda\u00e7\u00e3o de Amparo e Desenvolvimento da Pesquisa\",\"publisher\":{\"@id\":\"https:\/\/portalfadesp.org.br\/#organization\"},\"potentialAction\":[{\"@type\":\"SearchAction\",\"target\":{\"@type\":\"EntryPoint\",\"urlTemplate\":\"https:\/\/portalfadesp.org.br\/?s={search_term_string}\"},\"query-input\":{\"@type\":\"PropertyValueSpecification\",\"valueRequired\":true,\"valueName\":\"search_term_string\"}}],\"inLanguage\":\"pt-BR\"},{\"@type\":\"Organization\",\"@id\":\"https:\/\/portalfadesp.org.br\/#organization\",\"name\":\"FADESP\",\"url\":\"https:\/\/portalfadesp.org.br\/\",\"logo\":{\"@type\":\"ImageObject\",\"inLanguage\":\"pt-BR\",\"@id\":\"https:\/\/portalfadesp.org.br\/#\/schema\/logo\/image\/\",\"url\":\"https:\/\/portalfadesp.org.br\/wp-content\/uploads\/2024\/01\/NOVOLOGOFADESPlaranjaH.png\",\"contentUrl\":\"https:\/\/portalfadesp.org.br\/wp-content\/uploads\/2024\/01\/NOVOLOGOFADESPlaranjaH.png\",\"width\":2742,\"height\":839,\"caption\":\"FADESP\"},\"image\":{\"@id\":\"https:\/\/portalfadesp.org.br\/#\/schema\/logo\/image\/\"},\"sameAs\":[\"https:\/\/www.facebook.com\/Fadesp-138351949524662\/\",\"https:\/\/x.com\/Fadesp\",\"https:\/\/www.instagram.com\/fadesp_ufpa\/\",\"https:\/\/www.youtube.com\/@fundacaodeamparoedesenvolv1903\",\"https:\/\/www.threads.net\/@fadesp_ufpa\"]}]}<\/script>\n<!-- \/ Yoast SEO plugin. -->","yoast_head_json":{"title":"Servi\u00e7o Aut\u00f4nomo de \u00c1gua e Esgoto de Parauapebas (SAAEP) - 2016 - FADESP","robots":{"index":"index","follow":"follow","max-snippet":"max-snippet:-1","max-image-preview":"max-image-preview:large","max-video-preview":"max-video-preview:-1"},"canonical":"https:\/\/portalfadesp.org.br\/?page_id=1585","og_locale":"pt_BR","og_type":"article","og_title":"Servi\u00e7o Aut\u00f4nomo de \u00c1gua e Esgoto de Parauapebas (SAAEP) - 2016 - FADESP","og_description":"Servi\u00e7o Aut\u00f4nomo de \u00c1gua e Esgoto de Parauapebas (SAAEP) &#8211; 2016 O Servi\u00e7o Aut\u00f4nomo de \u00c1gua e Esgoto de Parauapebas &#8211; SAAEP, torna p\u00fablico a realiza\u00e7\u00e3o de Concurso P\u00fablico destinado ao preenchimento de vagas de cargos de n\u00edvel superior, m\u00e9dio e n\u00edvel fundamental incompleto e completo do quadro de pessoal efetivo, mediante as condi\u00e7\u00f5es estabelecidas [&hellip;]","og_url":"https:\/\/portalfadesp.org.br\/?page_id=1585","og_site_name":"FADESP","article_publisher":"https:\/\/www.facebook.com\/Fadesp-138351949524662\/","article_modified_time":"2025-10-23T18:47:46+00:00","twitter_card":"summary_large_image","twitter_site":"@Fadesp","twitter_misc":{"Est. tempo de leitura":"2 minutos"},"schema":{"@context":"https:\/\/schema.org","@graph":[{"@type":"WebPage","@id":"https:\/\/portalfadesp.org.br\/?page_id=1585","url":"https:\/\/portalfadesp.org.br\/?page_id=1585","name":"Servi\u00e7o Aut\u00f4nomo de \u00c1gua e Esgoto de Parauapebas (SAAEP) - 2016 - FADESP","isPartOf":{"@id":"https:\/\/portalfadesp.org.br\/#website"},"datePublished":"2016-12-21T11:41:13+00:00","dateModified":"2025-10-23T18:47:46+00:00","breadcrumb":{"@id":"https:\/\/portalfadesp.org.br\/?page_id=1585#breadcrumb"},"inLanguage":"pt-BR","potentialAction":[{"@type":"ReadAction","target":["https:\/\/portalfadesp.org.br\/?page_id=1585"]}]},{"@type":"BreadcrumbList","@id":"https:\/\/portalfadesp.org.br\/?page_id=1585#breadcrumb","itemListElement":[{"@type":"ListItem","position":1,"name":"In\u00edcio","item":"https:\/\/portalfadesp.org.br\/"},{"@type":"ListItem","position":2,"name":"Concursos &#8211; Homologados","item":"https:\/\/portalfadesp.org.br\/?page_id=329"},{"@type":"ListItem","position":3,"name":"Servi\u00e7o Aut\u00f4nomo de \u00c1gua e Esgoto de Parauapebas (SAAEP) &#8211; 2016"}]},{"@type":"WebSite","@id":"https:\/\/portalfadesp.org.br\/#website","url":"https:\/\/portalfadesp.org.br\/","name":"FADESP","description":"Funda\u00e7\u00e3o de Amparo e Desenvolvimento da Pesquisa","publisher":{"@id":"https:\/\/portalfadesp.org.br\/#organization"},"potentialAction":[{"@type":"SearchAction","target":{"@type":"EntryPoint","urlTemplate":"https:\/\/portalfadesp.org.br\/?s={search_term_string}"},"query-input":{"@type":"PropertyValueSpecification","valueRequired":true,"valueName":"search_term_string"}}],"inLanguage":"pt-BR"},{"@type":"Organization","@id":"https:\/\/portalfadesp.org.br\/#organization","name":"FADESP","url":"https:\/\/portalfadesp.org.br\/","logo":{"@type":"ImageObject","inLanguage":"pt-BR","@id":"https:\/\/portalfadesp.org.br\/#\/schema\/logo\/image\/","url":"https:\/\/portalfadesp.org.br\/wp-content\/uploads\/2024\/01\/NOVOLOGOFADESPlaranjaH.png","contentUrl":"https:\/\/portalfadesp.org.br\/wp-content\/uploads\/2024\/01\/NOVOLOGOFADESPlaranjaH.png","width":2742,"height":839,"caption":"FADESP"},"image":{"@id":"https:\/\/portalfadesp.org.br\/#\/schema\/logo\/image\/"},"sameAs":["https:\/\/www.facebook.com\/Fadesp-138351949524662\/","https:\/\/x.com\/Fadesp","https:\/\/www.instagram.com\/fadesp_ufpa\/","https:\/\/www.youtube.com\/@fundacaodeamparoedesenvolv1903","https:\/\/www.threads.net\/@fadesp_ufpa"]}]}},"_links":{"self":[{"href":"https:\/\/portalfadesp.org.br\/index.php?rest_route=\/wp\/v2\/pages\/1585","targetHints":{"allow":["GET"]}}],"collection":[{"href":"https:\/\/portalfadesp.org.br\/index.php?rest_route=\/wp\/v2\/pages"}],"about":[{"href":"https:\/\/portalfadesp.org.br\/index.php?rest_route=\/wp\/v2\/types\/page"}],"author":[{"embeddable":true,"href":"https:\/\/portalfadesp.org.br\/index.php?rest_route=\/wp\/v2\/users\/9"}],"replies":[{"embeddable":true,"href":"https:\/\/portalfadesp.org.br\/index.php?rest_route=%2Fwp%2Fv2%2Fcomments&post=1585"}],"version-history":[{"count":29,"href":"https:\/\/portalfadesp.org.br\/index.php?rest_route=\/wp\/v2\/pages\/1585\/revisions"}],"predecessor-version":[{"id":52428,"href":"https:\/\/portalfadesp.org.br\/index.php?rest_route=\/wp\/v2\/pages\/1585\/revisions\/52428"}],"up":[{"embeddable":true,"href":"https:\/\/portalfadesp.org.br\/index.php?rest_route=\/wp\/v2\/pages\/329"}],"wp:attachment":[{"href":"https:\/\/portalfadesp.org.br\/index.php?rest_route=%2Fwp%2Fv2%2Fmedia&parent=1585"}],"curies":[{"name":"wp","href":"https:\/\/api.w.org\/{rel}","templated":true}]}}