{"id":1580,"date":"2016-05-22T06:11:51","date_gmt":"2016-05-22T09:11:51","guid":{"rendered":"https:\/\/162.215.13.167?page_id=1580"},"modified":"2022-12-20T12:20:24","modified_gmt":"2022-12-20T15:20:24","slug":"residencia-multiprofissional-e-em-area-profissional-da-saude-2016","status":"publish","type":"page","link":"https:\/\/portalfadesp.org.br\/?page_id=1580","title":{"rendered":"Resid\u00eancia Multiprofissional e em \u00c1rea Profissional da Sa\u00fade &#8211; 2016"},"content":{"rendered":"\t\t<div data-elementor-type=\"wp-post\" data-elementor-id=\"1580\" class=\"elementor elementor-1580\" data-elementor-post-type=\"page\">\n\t\t\t\t\t\t<section class=\"elementor-section elementor-top-section elementor-element elementor-element-71b87e92 elementor-section-boxed elementor-section-height-default elementor-section-height-default\" data-id=\"71b87e92\" data-element_type=\"section\">\n\t\t\t\t\t\t<div class=\"elementor-container elementor-column-gap-default\">\n\t\t\t\t\t<div class=\"elementor-column elementor-col-100 elementor-top-column elementor-element elementor-element-391450cd\" data-id=\"391450cd\" data-element_type=\"column\">\n\t\t\t<div class=\"elementor-widget-wrap elementor-element-populated\">\n\t\t\t\t\t\t<div class=\"elementor-element elementor-element-3990aa92 elementor-widget elementor-widget-heading\" data-id=\"3990aa92\" data-element_type=\"widget\" data-widget_type=\"heading.default\">\n\t\t\t\t<div class=\"elementor-widget-container\">\n\t\t\t\t\t<h1 class=\"elementor-heading-title elementor-size-default\">Resid\u00eancia Multiprofissional e em \u00c1rea Profissional da Sa\u00fade - 2016\n<\/h1>\t\t\t\t<\/div>\n\t\t\t\t<\/div>\n\t\t\t\t<section class=\"elementor-section elementor-inner-section elementor-element elementor-element-1f440b72 elementor-section-boxed elementor-section-height-default elementor-section-height-default\" data-id=\"1f440b72\" data-element_type=\"section\">\n\t\t\t\t\t\t<div class=\"elementor-container elementor-column-gap-default\">\n\t\t\t\t\t<div class=\"elementor-column elementor-col-50 elementor-inner-column elementor-element elementor-element-1d1b5370\" data-id=\"1d1b5370\" data-element_type=\"column\">\n\t\t\t<div class=\"elementor-widget-wrap elementor-element-populated\">\n\t\t\t\t\t\t<div class=\"elementor-element elementor-element-15f837de elementor-widget elementor-widget-text-editor\" data-id=\"15f837de\" data-element_type=\"widget\" data-widget_type=\"text-editor.default\">\n\t\t\t\t<div class=\"elementor-widget-container\">\n\t\t\t\t\t\t\t\t\t<p>A Coordena\u00e7\u00e3o da Comiss\u00e3o de Resid\u00eancia Multiprofissional e em \u00c1rea Profissional da Sa\u00fade da Universidade Federal do Par\u00e1 torna p\u00fablica a realiza\u00e7\u00e3o do Processo Seletivo de Resid\u00eancia Multiprofissional e em \u00c1rea Profissional da Sa\u00fade do ano de 2016 \u2013 PSRMPS para provimento de vagas nos Programas de Resid\u00eancia Multiprofissional e em \u00c1rea Profissional da Sa\u00fade (PRMPS) desenvolvidos em hospitais localizados na Capital e Regi\u00e3o Metropolitana e no nordeste do Estado, mediante as condi\u00e7\u00f5es estabelecidas no edital de abertura.<\/p><p><strong>Vagas &#8211; \u00a0<\/strong>Enfermagem, Farm\u00e1cia, Fisioterapia, Nutri\u00e7\u00e3o, Psicologia, Servi\u00e7o Social, Biomedicina, Terapia Ocupacional, Odontologia e Medicina Veterin\u00e1ria.<\/p><p><strong>Quem pode fazer &#8211;<\/strong>\u00a0Graduados ou graduandos do \u00faltimo semestre, desde que possam conclu\u00ed-lo at\u00e9 o dia 31 de janeiro de 2016.\u00a0<\/p><p><strong>Inscri\u00e7\u00f5es &#8211;\u00a004\/01\/16 a 08\/01\/16<\/strong><\/p><p><strong>Taxa &#8211;\u00a0<\/strong>R$ 250,00<\/p><p>&#8230;&#8230;&#8230;&#8230;&#8230;&#8230;&#8230;&#8230;&#8230;&#8230;&#8230;&#8230;&#8230;&#8230;&#8230;&#8230;&#8230;&#8230;&#8230;.<\/p><p><strong>Datas importantes<\/strong><\/p><p>Per\u00edodo de inscri\u00e7\u00e3o &#8211;\u00a0<strong>04\/01\/16 a 08\/01\/16<\/strong><\/p><p>Pedido de isen\u00e7\u00e3o &#8211;<strong>\u00a017 a 30\/12\/15<\/strong><\/p><p>Pagamento do boleto banc\u00e1rio &#8211; \u00a0<strong>at\u00e9 08\/01\/16<\/strong><\/p><p>Cart\u00e3o de inscri\u00e7\u00e3o &#8211;\u00a0<strong>a partir de 13\/01\/16<\/strong><\/p><p>Prova objetiva &#8211;\u00a0<strong>17\/01\/16 &#8211; das 8hh \u00e0s 12h<\/strong>\u00a0(hor\u00e1rio de Bel\u00e9m).<\/p>\t\t\t\t\t\t\t\t<\/div>\n\t\t\t\t<\/div>\n\t\t\t\t\t<\/div>\n\t\t<\/div>\n\t\t\t\t<div class=\"elementor-column elementor-col-50 elementor-inner-column elementor-element elementor-element-358ad599\" data-id=\"358ad599\" data-element_type=\"column\">\n\t\t\t<div class=\"elementor-widget-wrap elementor-element-populated\">\n\t\t\t\t\t\t<div class=\"elementor-element elementor-element-5c7c5f94 elementor-widget elementor-widget-text-editor\" data-id=\"5c7c5f94\" data-element_type=\"widget\" data-widget_type=\"text-editor.default\">\n\t\t\t\t<div class=\"elementor-widget-container\">\n\t\t\t\t\t\t\t\t\t<p style=\"text-align: center;\"><span style=\"color: #ffffff;\"><strong>Avisos<\/strong><\/span><\/p>\t\t\t\t\t\t\t\t<\/div>\n\t\t\t\t<\/div>\n\t\t\t\t<div class=\"elementor-element elementor-element-73ec873 elementor-widget elementor-widget-text-editor\" data-id=\"73ec873\" data-element_type=\"widget\" data-widget_type=\"text-editor.default\">\n\t\t\t\t<div class=\"elementor-widget-container\">\n\t\t\t\t\t\t\t\t\t<p style=\"text-align: center;\"><span style=\"color: #000000;\">\u00a0Resposta dos Recursos do Resultado Final <span style=\"color: #dd6b3b;\"><strong>(<\/strong><\/span><\/span><span style=\"color: #dd6b3b;\"><strong><span style=\"text-decoration: underline;\"><a style=\"color: #dd6b3b; text-decoration: underline;\" href=\"http:\/\/concursos.fadesp.org.br\/psrmps2016\/web\/index_recurso.php\">Dispon\u00edvel)<\/a><\/span><\/strong><\/span><\/p>\t\t\t\t\t\t\t\t<\/div>\n\t\t\t\t<\/div>\n\t\t\t\t<div class=\"elementor-element elementor-element-15f0e8f1 elementor-widget elementor-widget-text-editor\" data-id=\"15f0e8f1\" data-element_type=\"widget\" data-widget_type=\"text-editor.default\">\n\t\t\t\t<div class=\"elementor-widget-container\">\n\t\t\t\t\t\t\t\t\t<p style=\"text-align: center;\"><span style=\"color: #ffffff;\"><strong>Editais\u00a0<\/strong><\/span><\/p>\t\t\t\t\t\t\t\t<\/div>\n\t\t\t\t<\/div>\n\t\t\t\t<div class=\"elementor-element elementor-element-5307418 elementor-widget elementor-widget-text-editor\" data-id=\"5307418\" data-element_type=\"widget\" data-widget_type=\"text-editor.default\">\n\t\t\t\t<div class=\"elementor-widget-container\">\n\t\t\t\t\t\t\t\t\t<table width=\"72\">\n<tbody>\n<tr>\n<td width=\"72\"><strong><a href=\"..\/midias\/anexos\/441_sexta_chamada_da_residencia_multiprofissional.pdf\">Sexta Chamada da Resid\u00eancia Multiprofissional\u00a0<\/a><\/strong><\/td>\n<\/tr>\n<tr>\n<td width=\"72\"><strong><a href=\"..\/midias\/anexos\/441_quinta_chamada_da_matricula.pdf\">Quinta Chamada da Resid\u00eancia Multiprofissional\u00a0<\/a><\/strong><\/td>\n<\/tr>\n<tr>\n<td width=\"72\"><strong><a href=\"..\/midias\/anexos\/441_quarta_chamada_da_residencia_multiprofissional.pdf\">\u00a0Quarta chamada da Resid\u00eancia Multiprofissional<\/a><\/strong><\/td>\n<\/tr>\n<tr>\n<td width=\"72\"><strong><a href=\"..\/midias\/anexos\/441_terceira_chamada_da_residencia_multiprofissional.pdf\">\u00a0Terceira chamada da Resid\u00eancia Multiprofissional<\/a><\/strong><\/td>\n<\/tr>\n<tr>\n<td width=\"72\"><strong><a href=\"..\/midias\/anexos\/441_segunda_chamada_da_residencia_multiprofissional.pdf\">\u00a0Segunda chamada &#8211; Resid\u00eancia Multiprofissional<\/a><\/strong><\/td>\n<\/tr>\n<tr>\n<td width=\"72\"><strong><a href=\"http:\/\/concursos.fadesp.org.br\/psrmps2016\/arquivos\/Resultado%20da%20Resid%C3%AAncia%20Multiprofissional.pdf\">\u00a0Resultado da Resid\u00eancia Multiprofissional<\/a><\/strong><\/td>\n<\/tr>\n<tr>\n<td width=\"72\"><strong><a href=\"http:\/\/concursos.fadesp.org.br\/psrmps2016\/arquivos\/Retifica%C3%A7%C3%B5es%20de%20Notas%20da%20Avalia%C3%A7%C3%A3o%20de%20Curr%C3%ADculo%20da%20Resid%C3%AAncia%20Multiprofissional.pdf\">\u00a0Retifica\u00e7\u00f5es de Notas da Avalia\u00e7\u00e3o de Curr\u00edculo da Resid\u00eancia Multiprofissional<\/a><\/strong><\/td>\n<\/tr>\n<tr>\n<td width=\"72\"><strong><a href=\"http:\/\/concursos.fadesp.org.br\/psrmps2016\/arquivos\/Resultado%20da%20Avalia%C3%A7%C3%A3o%20de%20Curr%C3%ADculo%20da%20Resid%C3%AAncia%20Multiprofissional.pdf\">\u00a0Resultado da Avalia\u00e7\u00e3o de Curr\u00edculo da Resid\u00eancia Multiprofissional<\/a><\/strong><\/td>\n<\/tr>\n<tr>\n<td width=\"72\"><strong><a href=\"..\/midias\/anexos\/441_retificacao_de_horario_da_avaliacao_de_curriculos_de_enfermagem_-_saude_da_mulher_e_crianca_-_braganca.pdf\">Retifica\u00e7\u00e3o de hor\u00e1rio da Avalia\u00e7\u00e3o de Curr\u00edculos de Enfermagem &#8211; Saude da Mulher e Cri\u00e2n\u00e7a &#8211; Bragan\u00e7a\u00a0<\/a><\/strong><\/td>\n<\/tr>\n<tr>\n<td width=\"72\"><strong><a href=\"http:\/\/concursos.fadesp.org.br\/psrmps2016\/arquivos\/Local%20da%20Avalia%C3%A7%C3%A3o%20de%20Curr%C3%ADculos%20da%20Resid%C3%AAncia%20Multiprofissional.pdf\">Local da Avalia\u00e7\u00e3o de Curr\u00edculos da Resid\u00eancia Multiprofissional<\/a><\/strong><\/td>\n<\/tr>\n<tr>\n<td width=\"72\"><strong><a href=\"http:\/\/concursos.fadesp.org.br\/psrmps2016\/arquivos\/Resultado%20da%20Prova%20Objetiva%20da%20Resid%C3%AAncia%20Multiprofissional.pdf\">Resultado da Prova Objetiva da Resid\u00eancia Multiprofissional<\/a><\/strong><\/td>\n<\/tr>\n<tr>\n<td width=\"72\"><strong><a href=\"http:\/\/concursos.fadesp.org.br\/psrmps2016\/arquivos\/GABARITO%20OFICIAL%20DEFINITIVO%20-%20Residencia%20Multiprofissional.pdf\">GABARITO OFICIAL DEFINITIVO &#8211; Resid\u00eancia Multiprofissional<\/a><\/strong><\/td>\n<\/tr>\n<tr>\n<td width=\"72\"><strong><a href=\"http:\/\/concursos.fadesp.org.br\/psrmps2016\/arquivos\/provas\/provas.html\">Provas dia 17\/01\/2016<\/a><\/strong><\/td>\n<\/tr>\n<tr>\n<td width=\"72\"><strong><a href=\"http:\/\/concursos.fadesp.org.br\/psrmps2016\/arquivos\/provas\/GABARITO%20OFICIAL%20PRELIMINAR%20-%20Residencia%20Multiprofissional.pdf\">GABARITO OFICIAL PRELIMINAR &#8211; Resid\u00eancia Multiprofissional<\/a><\/strong><\/td>\n<\/tr>\n<tr>\n<td width=\"72\"><strong><a href=\"..\/midias\/anexos\/441_resposta_de_recurso.pdf\">Resposta de recurso das insen\u00e7\u00f5es<\/a><\/strong><\/td>\n<\/tr>\n<tr>\n<td width=\"72\"><strong><a href=\"..\/midias\/anexos\/441_resultado_do_processo_de_isencao_por_hipossuficiencia_1.pdf\">Resultado do processo de isen\u00e7\u00e3o<\/a><\/strong><\/td>\n<\/tr>\n<tr>\n<td width=\"72\"><strong><a href=\"..\/midias\/anexos\/441_edital_2_retificacoes.pdf\">Edital n\u00ba 2 &#8211; retifica\u00e7\u00f5es<\/a><\/strong><\/td>\n<\/tr>\n<tr>\n<td width=\"72\"><strong><a href=\"..\/midias\/anexos\/441_programas_de_residencia2.pdf\">Programas de Resid\u00eancia<\/a><\/strong><\/td>\n<\/tr>\n<tr>\n<td width=\"72\"><strong><a href=\"..\/midias\/anexos\/441_formulario_de_entrega_de_curriculo.pdf\">Formul\u00e1rio de entrega de curr\u00edculo<\/a><\/strong><\/td>\n<\/tr>\n<tr>\n<td width=\"72\"><strong><a href=\"..\/midias\/anexos\/441_formulario_de_solicitacao_de_isencao_de_taxa.pdf\">Formul\u00e1rio de solicita\u00e7\u00e3o de isen\u00e7\u00e3o<\/a><\/strong><\/td>\n<\/tr>\n<tr>\n<td width=\"72\"><strong><a href=\"..\/midias\/anexos\/441_formulario_de_portador_de_deficiencia.pdf\">Formul\u00e1rio PcD<\/a><\/strong><\/td>\n<\/tr>\n<tr>\n<td width=\"72\"><strong><a href=\"..\/midias\/anexos\/441_edital_de_abertura.pdf\">Edital n\u00ba 01 de abertura<\/a><\/strong><\/td>\n<\/tr>\n<\/tbody>\n<\/table>\t\t\t\t\t\t\t\t<\/div>\n\t\t\t\t<\/div>\n\t\t\t\t\t<\/div>\n\t\t<\/div>\n\t\t\t\t\t<\/div>\n\t\t<\/section>\n\t\t\t\t\t<\/div>\n\t\t<\/div>\n\t\t\t\t\t<\/div>\n\t\t<\/section>\n\t\t\t\t<\/div>\n\t\t","protected":false},"excerpt":{"rendered":"<p>Resid\u00eancia Multiprofissional e em \u00c1rea Profissional da Sa\u00fade &#8211; 2016 A Coordena\u00e7\u00e3o da Comiss\u00e3o de Resid\u00eancia Multiprofissional e em \u00c1rea Profissional da Sa\u00fade da Universidade Federal do Par\u00e1 torna p\u00fablica a realiza\u00e7\u00e3o do Processo Seletivo de Resid\u00eancia Multiprofissional e em \u00c1rea Profissional da Sa\u00fade do ano de 2016 \u2013 PSRMPS para provimento de vagas nos [&hellip;]<\/p>\n","protected":false},"author":9,"featured_media":0,"parent":329,"menu_order":53,"comment_status":"closed","ping_status":"closed","template":"","meta":{"_monsterinsights_skip_tracking":false,"_monsterinsights_sitenote_active":false,"_monsterinsights_sitenote_note":"","_monsterinsights_sitenote_category":0,"footnotes":""},"class_list":["post-1580","page","type-page","status-publish","hentry","entry"],"yoast_head":"<!-- This site is optimized with the Yoast SEO plugin v25.1 - https:\/\/yoast.com\/wordpress\/plugins\/seo\/ -->\n<title>Resid\u00eancia Multiprofissional e em \u00c1rea Profissional da Sa\u00fade - 2016 - FADESP<\/title>\n<meta name=\"robots\" content=\"index, follow, max-snippet:-1, max-image-preview:large, max-video-preview:-1\" \/>\n<link rel=\"canonical\" href=\"https:\/\/portalfadesp.org.br\/?page_id=1580\" \/>\n<meta property=\"og:locale\" content=\"pt_BR\" \/>\n<meta property=\"og:type\" content=\"article\" \/>\n<meta property=\"og:title\" content=\"Resid\u00eancia Multiprofissional e em \u00c1rea Profissional da Sa\u00fade - 2016 - FADESP\" \/>\n<meta property=\"og:description\" content=\"Resid\u00eancia Multiprofissional e em \u00c1rea Profissional da Sa\u00fade &#8211; 2016 A Coordena\u00e7\u00e3o da Comiss\u00e3o de Resid\u00eancia Multiprofissional e em \u00c1rea Profissional da Sa\u00fade da Universidade Federal do Par\u00e1 torna p\u00fablica a realiza\u00e7\u00e3o do Processo Seletivo de Resid\u00eancia Multiprofissional e em \u00c1rea Profissional da Sa\u00fade do ano de 2016 \u2013 PSRMPS para provimento de vagas nos [&hellip;]\" \/>\n<meta property=\"og:url\" content=\"https:\/\/portalfadesp.org.br\/?page_id=1580\" \/>\n<meta property=\"og:site_name\" content=\"FADESP\" \/>\n<meta property=\"article:publisher\" content=\"https:\/\/www.facebook.com\/Fadesp-138351949524662\/\" \/>\n<meta property=\"article:modified_time\" content=\"2022-12-20T15:20:24+00:00\" \/>\n<meta name=\"twitter:card\" content=\"summary_large_image\" \/>\n<meta name=\"twitter:site\" content=\"@Fadesp\" \/>\n<meta name=\"twitter:label1\" content=\"Est. tempo de leitura\" \/>\n\t<meta name=\"twitter:data1\" content=\"2 minutos\" \/>\n<script type=\"application\/ld+json\" class=\"yoast-schema-graph\">{\"@context\":\"https:\/\/schema.org\",\"@graph\":[{\"@type\":\"WebPage\",\"@id\":\"https:\/\/portalfadesp.org.br\/?page_id=1580\",\"url\":\"https:\/\/portalfadesp.org.br\/?page_id=1580\",\"name\":\"Resid\u00eancia Multiprofissional e em \u00c1rea Profissional da Sa\u00fade - 2016 - FADESP\",\"isPartOf\":{\"@id\":\"https:\/\/portalfadesp.org.br\/#website\"},\"datePublished\":\"2016-05-22T09:11:51+00:00\",\"dateModified\":\"2022-12-20T15:20:24+00:00\",\"breadcrumb\":{\"@id\":\"https:\/\/portalfadesp.org.br\/?page_id=1580#breadcrumb\"},\"inLanguage\":\"pt-BR\",\"potentialAction\":[{\"@type\":\"ReadAction\",\"target\":[\"https:\/\/portalfadesp.org.br\/?page_id=1580\"]}]},{\"@type\":\"BreadcrumbList\",\"@id\":\"https:\/\/portalfadesp.org.br\/?page_id=1580#breadcrumb\",\"itemListElement\":[{\"@type\":\"ListItem\",\"position\":1,\"name\":\"In\u00edcio\",\"item\":\"https:\/\/portalfadesp.org.br\/\"},{\"@type\":\"ListItem\",\"position\":2,\"name\":\"Concursos &#8211; Homologados\",\"item\":\"https:\/\/portalfadesp.org.br\/?page_id=329\"},{\"@type\":\"ListItem\",\"position\":3,\"name\":\"Resid\u00eancia Multiprofissional e em \u00c1rea Profissional da Sa\u00fade &#8211; 2016\"}]},{\"@type\":\"WebSite\",\"@id\":\"https:\/\/portalfadesp.org.br\/#website\",\"url\":\"https:\/\/portalfadesp.org.br\/\",\"name\":\"FADESP\",\"description\":\"Funda\u00e7\u00e3o de Amparo e Desenvolvimento da Pesquisa\",\"publisher\":{\"@id\":\"https:\/\/portalfadesp.org.br\/#organization\"},\"potentialAction\":[{\"@type\":\"SearchAction\",\"target\":{\"@type\":\"EntryPoint\",\"urlTemplate\":\"https:\/\/portalfadesp.org.br\/?s={search_term_string}\"},\"query-input\":{\"@type\":\"PropertyValueSpecification\",\"valueRequired\":true,\"valueName\":\"search_term_string\"}}],\"inLanguage\":\"pt-BR\"},{\"@type\":\"Organization\",\"@id\":\"https:\/\/portalfadesp.org.br\/#organization\",\"name\":\"FADESP\",\"url\":\"https:\/\/portalfadesp.org.br\/\",\"logo\":{\"@type\":\"ImageObject\",\"inLanguage\":\"pt-BR\",\"@id\":\"https:\/\/portalfadesp.org.br\/#\/schema\/logo\/image\/\",\"url\":\"https:\/\/portalfadesp.org.br\/wp-content\/uploads\/2024\/01\/NOVOLOGOFADESPlaranjaH.png\",\"contentUrl\":\"https:\/\/portalfadesp.org.br\/wp-content\/uploads\/2024\/01\/NOVOLOGOFADESPlaranjaH.png\",\"width\":2742,\"height\":839,\"caption\":\"FADESP\"},\"image\":{\"@id\":\"https:\/\/portalfadesp.org.br\/#\/schema\/logo\/image\/\"},\"sameAs\":[\"https:\/\/www.facebook.com\/Fadesp-138351949524662\/\",\"https:\/\/x.com\/Fadesp\",\"https:\/\/www.instagram.com\/fadesp_ufpa\/\",\"https:\/\/www.youtube.com\/@fundacaodeamparoedesenvolv1903\",\"https:\/\/www.threads.net\/@fadesp_ufpa\"]}]}<\/script>\n<!-- \/ Yoast SEO plugin. -->","yoast_head_json":{"title":"Resid\u00eancia Multiprofissional e em \u00c1rea Profissional da Sa\u00fade - 2016 - FADESP","robots":{"index":"index","follow":"follow","max-snippet":"max-snippet:-1","max-image-preview":"max-image-preview:large","max-video-preview":"max-video-preview:-1"},"canonical":"https:\/\/portalfadesp.org.br\/?page_id=1580","og_locale":"pt_BR","og_type":"article","og_title":"Resid\u00eancia Multiprofissional e em \u00c1rea Profissional da Sa\u00fade - 2016 - FADESP","og_description":"Resid\u00eancia Multiprofissional e em \u00c1rea Profissional da Sa\u00fade &#8211; 2016 A Coordena\u00e7\u00e3o da Comiss\u00e3o de Resid\u00eancia Multiprofissional e em \u00c1rea Profissional da Sa\u00fade da Universidade Federal do Par\u00e1 torna p\u00fablica a realiza\u00e7\u00e3o do Processo Seletivo de Resid\u00eancia Multiprofissional e em \u00c1rea Profissional da Sa\u00fade do ano de 2016 \u2013 PSRMPS para provimento de vagas nos [&hellip;]","og_url":"https:\/\/portalfadesp.org.br\/?page_id=1580","og_site_name":"FADESP","article_publisher":"https:\/\/www.facebook.com\/Fadesp-138351949524662\/","article_modified_time":"2022-12-20T15:20:24+00:00","twitter_card":"summary_large_image","twitter_site":"@Fadesp","twitter_misc":{"Est. tempo de leitura":"2 minutos"},"schema":{"@context":"https:\/\/schema.org","@graph":[{"@type":"WebPage","@id":"https:\/\/portalfadesp.org.br\/?page_id=1580","url":"https:\/\/portalfadesp.org.br\/?page_id=1580","name":"Resid\u00eancia Multiprofissional e em \u00c1rea Profissional da Sa\u00fade - 2016 - FADESP","isPartOf":{"@id":"https:\/\/portalfadesp.org.br\/#website"},"datePublished":"2016-05-22T09:11:51+00:00","dateModified":"2022-12-20T15:20:24+00:00","breadcrumb":{"@id":"https:\/\/portalfadesp.org.br\/?page_id=1580#breadcrumb"},"inLanguage":"pt-BR","potentialAction":[{"@type":"ReadAction","target":["https:\/\/portalfadesp.org.br\/?page_id=1580"]}]},{"@type":"BreadcrumbList","@id":"https:\/\/portalfadesp.org.br\/?page_id=1580#breadcrumb","itemListElement":[{"@type":"ListItem","position":1,"name":"In\u00edcio","item":"https:\/\/portalfadesp.org.br\/"},{"@type":"ListItem","position":2,"name":"Concursos &#8211; Homologados","item":"https:\/\/portalfadesp.org.br\/?page_id=329"},{"@type":"ListItem","position":3,"name":"Resid\u00eancia Multiprofissional e em \u00c1rea Profissional da Sa\u00fade &#8211; 2016"}]},{"@type":"WebSite","@id":"https:\/\/portalfadesp.org.br\/#website","url":"https:\/\/portalfadesp.org.br\/","name":"FADESP","description":"Funda\u00e7\u00e3o de Amparo e Desenvolvimento da Pesquisa","publisher":{"@id":"https:\/\/portalfadesp.org.br\/#organization"},"potentialAction":[{"@type":"SearchAction","target":{"@type":"EntryPoint","urlTemplate":"https:\/\/portalfadesp.org.br\/?s={search_term_string}"},"query-input":{"@type":"PropertyValueSpecification","valueRequired":true,"valueName":"search_term_string"}}],"inLanguage":"pt-BR"},{"@type":"Organization","@id":"https:\/\/portalfadesp.org.br\/#organization","name":"FADESP","url":"https:\/\/portalfadesp.org.br\/","logo":{"@type":"ImageObject","inLanguage":"pt-BR","@id":"https:\/\/portalfadesp.org.br\/#\/schema\/logo\/image\/","url":"https:\/\/portalfadesp.org.br\/wp-content\/uploads\/2024\/01\/NOVOLOGOFADESPlaranjaH.png","contentUrl":"https:\/\/portalfadesp.org.br\/wp-content\/uploads\/2024\/01\/NOVOLOGOFADESPlaranjaH.png","width":2742,"height":839,"caption":"FADESP"},"image":{"@id":"https:\/\/portalfadesp.org.br\/#\/schema\/logo\/image\/"},"sameAs":["https:\/\/www.facebook.com\/Fadesp-138351949524662\/","https:\/\/x.com\/Fadesp","https:\/\/www.instagram.com\/fadesp_ufpa\/","https:\/\/www.youtube.com\/@fundacaodeamparoedesenvolv1903","https:\/\/www.threads.net\/@fadesp_ufpa"]}]}},"_links":{"self":[{"href":"https:\/\/portalfadesp.org.br\/index.php?rest_route=\/wp\/v2\/pages\/1580","targetHints":{"allow":["GET"]}}],"collection":[{"href":"https:\/\/portalfadesp.org.br\/index.php?rest_route=\/wp\/v2\/pages"}],"about":[{"href":"https:\/\/portalfadesp.org.br\/index.php?rest_route=\/wp\/v2\/types\/page"}],"author":[{"embeddable":true,"href":"https:\/\/portalfadesp.org.br\/index.php?rest_route=\/wp\/v2\/users\/9"}],"replies":[{"embeddable":true,"href":"https:\/\/portalfadesp.org.br\/index.php?rest_route=%2Fwp%2Fv2%2Fcomments&post=1580"}],"version-history":[{"count":29,"href":"https:\/\/portalfadesp.org.br\/index.php?rest_route=\/wp\/v2\/pages\/1580\/revisions"}],"predecessor-version":[{"id":36580,"href":"https:\/\/portalfadesp.org.br\/index.php?rest_route=\/wp\/v2\/pages\/1580\/revisions\/36580"}],"up":[{"embeddable":true,"href":"https:\/\/portalfadesp.org.br\/index.php?rest_route=\/wp\/v2\/pages\/329"}],"wp:attachment":[{"href":"https:\/\/portalfadesp.org.br\/index.php?rest_route=%2Fwp%2Fv2%2Fmedia&parent=1580"}],"curies":[{"name":"wp","href":"https:\/\/api.w.org\/{rel}","templated":true}]}}