{"id":1558,"date":"2015-05-22T05:44:00","date_gmt":"2015-05-22T08:44:00","guid":{"rendered":"https:\/\/162.215.13.167?page_id=1558"},"modified":"2022-12-20T12:20:05","modified_gmt":"2022-12-20T15:20:05","slug":"prefeitura-de-cachoeira-do-piria-2015","status":"publish","type":"page","link":"https:\/\/portalfadesp.org.br\/?page_id=1558","title":{"rendered":"Prefeitura de Cachoeira do Piri\u00e1 &#8211; 2015"},"content":{"rendered":"\t\t<div data-elementor-type=\"wp-post\" data-elementor-id=\"1558\" class=\"elementor elementor-1558\" data-elementor-post-type=\"page\">\n\t\t\t\t\t\t<section class=\"elementor-section elementor-top-section elementor-element elementor-element-679816d1 elementor-section-boxed elementor-section-height-default elementor-section-height-default\" data-id=\"679816d1\" data-element_type=\"section\">\n\t\t\t\t\t\t<div class=\"elementor-container elementor-column-gap-default\">\n\t\t\t\t\t<div class=\"elementor-column elementor-col-100 elementor-top-column elementor-element elementor-element-36a16523\" data-id=\"36a16523\" data-element_type=\"column\">\n\t\t\t<div class=\"elementor-widget-wrap elementor-element-populated\">\n\t\t\t\t\t\t<div class=\"elementor-element elementor-element-9d9d0e0 elementor-widget elementor-widget-heading\" data-id=\"9d9d0e0\" data-element_type=\"widget\" data-widget_type=\"heading.default\">\n\t\t\t\t<div class=\"elementor-widget-container\">\n\t\t\t\t\t<h1 class=\"elementor-heading-title elementor-size-default\">Prefeitura de Cachoeira do Piri\u00e1 - 2015\n<\/h1>\t\t\t\t<\/div>\n\t\t\t\t<\/div>\n\t\t\t\t<section class=\"elementor-section elementor-inner-section elementor-element elementor-element-5c973922 elementor-section-boxed elementor-section-height-default elementor-section-height-default\" data-id=\"5c973922\" data-element_type=\"section\">\n\t\t\t\t\t\t<div class=\"elementor-container elementor-column-gap-default\">\n\t\t\t\t\t<div class=\"elementor-column elementor-col-50 elementor-inner-column elementor-element elementor-element-2fb21602\" data-id=\"2fb21602\" data-element_type=\"column\">\n\t\t\t<div class=\"elementor-widget-wrap elementor-element-populated\">\n\t\t\t\t\t\t<div class=\"elementor-element elementor-element-1496d95 elementor-widget elementor-widget-text-editor\" data-id=\"1496d95\" data-element_type=\"widget\" data-widget_type=\"text-editor.default\">\n\t\t\t\t<div class=\"elementor-widget-container\">\n\t\t\t\t\t\t\t\t\t<p>A Prefeitura Municipal de Cachoeira do Piri\u00e1-PA, no uso de suas atribui\u00e7\u00f5es, torna p\u00fablica a realiza\u00e7\u00e3o de Concurso P\u00fablico destinado ao preenchimento de vagas do quadro de pessoal efetivo de n\u00edvel superior, n\u00edvel m\u00e9dio, n\u00edvel fundamental completo e n\u00edvel fundamental incompleto, mediante as condi\u00e7\u00f5es estabelecidas neste edital.\u00a0<\/p><p><strong>Vagas &#8211;\u00a0<\/strong>454<\/p><p><strong>Cargos &#8211;\u00a0<\/strong>N\u00edvel Fundamental Incompleto : coveiro (1)<\/p><p>N\u00edvel Fundamental Completo: auxiliar de servi\u00e7os gerais (120); gari (2); vigia (100); motorista de ve\u00edculos pesados (10); operador de equipamentos leves (3); operador de p\u00e1 mec\u00e2nica (2); mec\u00e2nico de ve\u00edculos e m\u00e1quinas (1), e agente de fiscaliza\u00e7\u00e3o (1).<\/p><p>N\u00edvel M\u00e9dio: agente de vigil\u00e2ncia sanit\u00e1ria (2); agente de vigil\u00e2ncia epidemiol\u00f3gica (1); agente de combate a endemias (5); agente administrativo (30); fiscal de tributos (1); t\u00e9cnico em enfermagem (10), t\u00e9cnico em inform\u00e1tica (1), t\u00e9cnico em sa\u00fade bucal (03) e agente comunit\u00e1rio de sa\u00fade (17).\u00a0<\/p><p>N\u00edvel Superior: assistente social (4); enfermeiro (3); m\u00e9dico cl\u00ednico geral (2); m\u00e9dico veterin\u00e1rio (1); odont\u00f3logo (2); psic\u00f3logo (2); administrador de empresas (2); analista ambiental (1); professor (127).<\/p><p><strong>Remunera\u00e7\u00e3o &#8211;\u00a0<\/strong>de\u00a0R$ 788,00 a R$ 5 mil.<\/p><p><strong>Inscri\u00e7\u00f5es &#8211;\u00a0<\/strong>29\/12\/15 a\u00a003\/02\/16<\/p><p><strong>Taxa &#8211;\u00a0R$ 45,00 \u00a0<\/strong>(n\u00edveis Fundamental Completo e Incompleto).<\/p><p>\u00a0 \u00a0 \u00a0 \u00a0 \u00a0 \u00a0\u00a0<strong>R$ 50,00\u00a0<\/strong>(n\u00edvel M\u00e9dio)<\/p><p><strong>\u00a0 \u00a0 \u00a0 \u00a0 \u00a0 \u00a0R$ 70,00<\/strong>\u00a0(n\u00edvel Superior)<\/p><p>&#8230;&#8230;&#8230;&#8230;&#8230;&#8230;&#8230;&#8230;&#8230;&#8230;&#8230;&#8230;&#8230;&#8230;&#8230;&#8230;&#8230;&#8230;.. \u00a0 \u00a0 \u00a0 \u00a0 \u00a0\u00a0<\/p><p><strong>Datas importantes<\/strong>:<\/p><p>Per\u00edodo de inscri\u00e7\u00e3o\u00a0<strong>&#8211; 29\/12\/15 a\u00a003\/02\/16<\/strong><\/p><p>Pagamento da taxa de inscri\u00e7\u00e3o &#8211;<strong>\u00a0at\u00e9 03\/02\/16<\/strong><\/p><p>Cart\u00e3o de inscri\u00e7\u00e3o &#8211;<strong>\u00a005 a 12\/02\/16<\/strong><\/p><p>Prova objetiva &#8211;<strong> 14\/02\/16 &#8211;<\/strong><\/p><p><strong>Manh\u00e3, das 8h \u00e0s 12h, para os cargos de n\u00edveis Superior e Fundamental incompleto.<\/strong><\/p><p><strong>Tarde, das 14h30 \u00e0s 18h30, para os cargos de n\u00edvel M\u00e9dio.<\/strong><\/p><p><strong>21\/02\/16 &#8211; <\/strong><strong>Manh\u00e3, das 8h \u00e0s 12h, para o cargo de n\u00edvel Fundamental completo de Auxiliar de Servi\u00e7os Gerais (Polo I, II, III e IV).<\/strong><\/p><p><strong>Tarde, das 14h30 \u00e0s 18h30, para todos os demais cargos de n\u00edvel Fundamental completo.<\/strong><\/p>\t\t\t\t\t\t\t\t<\/div>\n\t\t\t\t<\/div>\n\t\t\t\t\t<\/div>\n\t\t<\/div>\n\t\t\t\t<div class=\"elementor-column elementor-col-50 elementor-inner-column elementor-element elementor-element-f4f7677\" data-id=\"f4f7677\" data-element_type=\"column\">\n\t\t\t<div class=\"elementor-widget-wrap elementor-element-populated\">\n\t\t\t\t\t\t<div class=\"elementor-element elementor-element-7f7cbf4 elementor-widget elementor-widget-text-editor\" data-id=\"7f7cbf4\" data-element_type=\"widget\" data-widget_type=\"text-editor.default\">\n\t\t\t\t<div class=\"elementor-widget-container\">\n\t\t\t\t\t\t\t\t\t<p style=\"text-align: center;\"><strong><span style=\"color: #ffffff;\">Avisos<\/span><\/strong><\/p>\t\t\t\t\t\t\t\t<\/div>\n\t\t\t\t<\/div>\n\t\t\t\t<div class=\"elementor-element elementor-element-b8853ea elementor-widget elementor-widget-text-editor\" data-id=\"b8853ea\" data-element_type=\"widget\" data-widget_type=\"text-editor.default\">\n\t\t\t\t<div class=\"elementor-widget-container\">\n\t\t\t\t\t\t\t\t\t<p style=\"text-align: center;\"><span style=\"color: #000000;\">Convoca\u00e7\u00e3o de candidatos classificados no concurso somente no site da Prefeitura Municipal.<\/span><\/p>\t\t\t\t\t\t\t\t<\/div>\n\t\t\t\t<\/div>\n\t\t\t\t<div class=\"elementor-element elementor-element-320c5b8b elementor-widget elementor-widget-text-editor\" data-id=\"320c5b8b\" data-element_type=\"widget\" data-widget_type=\"text-editor.default\">\n\t\t\t\t<div class=\"elementor-widget-container\">\n\t\t\t\t\t\t\t\t\t<p style=\"text-align: center;\"><span style=\"color: #ffffff;\"><strong>Editais<\/strong><\/span><\/p>\t\t\t\t\t\t\t\t<\/div>\n\t\t\t\t<\/div>\n\t\t\t\t<div class=\"elementor-element elementor-element-79db6746 elementor-widget elementor-widget-text-editor\" data-id=\"79db6746\" data-element_type=\"widget\" data-widget_type=\"text-editor.default\">\n\t\t\t\t<div class=\"elementor-widget-container\">\n\t\t\t\t\t\t\t\t\t<table width=\"72\">\n<tbody>\n<tr>\n<td width=\"72\"><strong><a href=\"http:\/\/www.cachoeiradopiria.pa.gov.br\/node\/298\">2\u00aa convoca\u00e7\u00e3o\u00a0\u00a0\u00a0<\/a><\/strong><\/td>\n<\/tr>\n<tr>\n<td width=\"72\"><strong><a href=\"..\/midias\/anexos\/450_edital_n_08_2016_pmcp_homologacao_somente_para_os_cargos_de_acs_ace_e_de_professores.pdf\">Edital n\u00ba 8 &#8211; Homologa\u00e7\u00e3o do resultado final dos cargos de professores e ACS e ACE<\/a><\/strong><\/td>\n<\/tr>\n<tr>\n<td width=\"72\"><strong><a href=\"http:\/\/concursos.fadesp.org.br\/pmcp2015\/arquivos\/Resultado%20Final%20dos%20Cargos%20de%20ACS%20e%20ACE.pdf\">Resultado Final dos Cargos de ACS e ACE<\/a><\/strong><\/td>\n<\/tr>\n<tr>\n<td width=\"72\"><strong><a href=\"http:\/\/concursos.fadesp.org.br\/pmcp2015\/arquivos\/Resultado%20Final%20dos%20Cargos%20de%20Professores.pdf\">Resultado Final dos Cargos de Professores<\/a><\/strong><\/td>\n<\/tr>\n<tr>\n<td width=\"72\"><strong><a href=\"http:\/\/concursos.fadesp.org.br\/pmcp2015\/arquivos\/Retifica%C3%A7%C3%A3o%20de%20notas%20da%20prova%20de%20t%C3%ADtulos.pdf\">Retifica\u00e7\u00e3o de notas da prova de t\u00edtulos<\/a><\/strong><\/td>\n<\/tr>\n<tr>\n<td width=\"72\"><strong><a href=\"http:\/\/concursos.fadesp.org.br\/pmcp2015\/arquivos\/GABARITOS%20OFICIAL%20DEFINITIVO_ACS_%20ACE_2%C2%AA%20ETAPA.pdf\">GABARITO OFICIAL DEFINITIVO_ACS_ ACE_2\u00aa ETAPA<\/a><\/strong><\/td>\n<\/tr>\n<tr>\n<td width=\"72\"><strong><a href=\"http:\/\/www.cachoeiradopiria.pa.gov.br\/node\/291\">1\u00aa convoca\u00e7\u00e3o<\/a><\/strong><\/td>\n<\/tr>\n<tr>\n<td width=\"72\"><strong><a href=\"http:\/\/concursos.fadesp.org.br\/pmcp2015\/arquivos\/GABARITOS%20OFICIAL%20PRELIMINAR_ACS_%20ACE_2%C2%AA%20ETAPA.pdf\">\u00a0Gabarito Oficial Preliminar ACS\/ACE &#8211; 2\u00aa Etapa<\/a><\/strong><\/td>\n<\/tr>\n<tr>\n<td width=\"72\"><strong><a href=\"http:\/\/concursos.fadesp.org.br\/pmcp2015\/arquivos\/PROVA%20DE%20AGENTE%20DE%20COMBATE%20AS%20ENDEMIAS%20%202%20ETAPA.pdf\">\u00a0Prova de Agente de Combate as Edemias &#8211; 2\u00aa Etapa<\/a><\/strong><\/td>\n<\/tr>\n<tr>\n<td width=\"72\"><strong><a href=\"http:\/\/concursos.fadesp.org.br\/pmcp2015\/arquivos\/PROVA%20DE%20AGENTE%20COMUNITARIO%20DE%20SAUDE%20%202%20ETAPA.pdf\">Prova de Agente Comunit\u00e1rio de Sa\u00fade &#8211; 2\u00aa Etapa<\/a><\/strong><\/td>\n<\/tr>\n<tr>\n<td width=\"72\"><strong><a href=\"http:\/\/concursos.fadesp.org.br\/pmcp2015\/arquivos\/Resultado%20da%20Prova%20de%20T%C3%ADtulos.pdf\">Resultado da Prova de T\u00edtulos<\/a><\/strong><\/td>\n<\/tr>\n<tr>\n<td width=\"72\"><strong><a href=\"..\/midias\/anexos\/450_edital_n_07_2016_pmcp_homologacao_exceto_para_os_cargos_de_acs_ace_e_de_professores.pdf\">Edital n\u00ba 07 &#8211; Homologa\u00e7\u00e3o do resultado final, exceto os cargos de professores, ACS e ACE<\/a><\/strong><\/td>\n<\/tr>\n<tr>\n<td width=\"72\"><strong><a href=\"..\/midias\/anexos\/450_nivel_superior_-_resultado_das_provas_objetivas.pdf\">Resultado da Prova Objetiva &#8211; N\u00edvel Superior<\/a><\/strong><\/td>\n<\/tr>\n<tr>\n<td width=\"72\"><strong><a href=\"..\/midias\/anexos\/450_nivel_medio_-_resultado_das_provas_objetivas.pdf\">Resultado da Prova Objetiva &#8211; N\u00edvel M\u00e9dio<\/a><\/strong><\/td>\n<\/tr>\n<tr>\n<td width=\"72\"><strong><a href=\"..\/midias\/anexos\/450_nivel_fundamental_-_resultado_das_provas_objetivas.pdf\">Resultado da Prova Objetiva &#8211; N\u00edvel Fundamental\u00a0<\/a><\/strong><\/td>\n<\/tr>\n<tr>\n<td width=\"72\"><strong><a href=\"http:\/\/concursos.fadesp.org.br\/pmcp2015\/arquivos\/ACS_ACE%20-%20Convoca%C3%A7%C3%A3o%20ao%20Curso%20Introdut%C3%B3rio.pdf\">\u00a0ACS_ACE &#8211; Convoca\u00e7\u00e3o ao Curso Introdut\u00f3rio<\/a><\/strong><\/td>\n<\/tr>\n<tr>\n<td width=\"72\"><strong><a href=\"http:\/\/concursos.fadesp.org.br\/pmcp2015\/arquivos\/Edital%20n%C2%B0%2006_2016_Convoca%C3%A7%C3%A3o%20a%20Prova%20de%20T%C3%ADtulos.pdf\">Edital n\u00b0 06_2016 Convoca\u00e7\u00e3o a Prova de T\u00edtulos<\/a><\/strong><\/td>\n<\/tr>\n<tr>\n<td width=\"72\"><strong><a href=\"http:\/\/concursos.fadesp.org.br\/pmcp2015\/arquivos\/Formul%C3%A1rio%20de%20Entrega%20de%20T%C3%ADtulos.pdf\">\u00a0Formul\u00e1rio de Entrega de T\u00edtulos<\/a><\/strong><\/td>\n<\/tr>\n<tr>\n<td><strong><a href=\"http:\/\/concursos.fadesp.org.br\/pmcp2015\/arquivos\/GABARITO%20OFICIAL%20DEFINITIVO%20-%20Dia%2021.02.2016%20-%20Manh%C3%A3%20e%20Tarde.pdf\">GABARITO OFICIAL DEFINITIVO &#8211; Dia 21.02.2016 &#8211; Manh\u00e3 e Tarde<\/a><\/strong><\/td>\n<\/tr>\n<tr>\n<td width=\"72\"><strong><a href=\"http:\/\/concursos.fadesp.org.br\/pmcp2015\/arquivos\/GABARITO%20OFICIAL%20DEFINITIVO%20-%20Dia%2014.02.2016%20-%20Manh%C3%A3%20e%20Tarde.pdf\">GABARITO OFICIAL DEFINITIVO &#8211; Dia 14.02.2016 &#8211; Manh\u00e3 e Tarde<\/a><\/strong><\/td>\n<\/tr>\n<tr>\n<td width=\"72\"><strong><a href=\"http:\/\/concursos.fadesp.org.br\/pmcp2015\/arquivos\/GABARITO%20OFICIAL%20PRELIMINAR%20-%20Dia%2021.02.2016%20-%20Manh%C3%A3%20e%20Tarde.pdf\">GABARITO OFICIAL PRELIMINAR &#8211; Dia 21.02.2016 &#8211; Manh\u00e3 e Tarde<\/a><\/strong><\/td>\n<\/tr>\n<tr>\n<td width=\"72\"><strong><a href=\"http:\/\/concursos.fadesp.org.br\/pmcp2015\/arquivos\/provas\/Provas21.html\">\u00a0Provas do dia 21\/02\/2016<\/a><\/strong><\/td>\n<\/tr>\n<tr>\n<td width=\"72\"><strong><a href=\"http:\/\/concursos.fadesp.org.br\/pmcp2015\/arquivos\/GABARITO%20OFICIAL%20PRELIMINAR%20-%20Dia%2014.02.2016%20-%20Manh%C3%A3%20e%20Tarde.pdf\">GABARITO OFICIAL PRELIMINAR &#8211; Dia 14.02.2016 &#8211; Manh\u00e3 e Tarde<\/a><\/strong><\/td>\n<\/tr>\n<tr>\n<td width=\"72\"><strong><a href=\"http:\/\/concursos.fadesp.org.br\/pmcp2015\/arquivos\/provas\/provas.html\">\u00a0\u00a0Provas do dia 14\/02\/2016<\/a><\/strong><\/td>\n<\/tr>\n<tr>\n<td width=\"72\"><strong><a href=\"..\/midias\/anexos\/450_aviso_sobre_as_datas_de_provas.pdf\">Aviso sobre as datas das provas\u00a0<\/a><\/strong><\/td>\n<\/tr>\n<tr>\n<td width=\"72\"><strong><a href=\"..\/midias\/anexos\/450_edital_05.pdf\">\u00a0Edital n\u00ba 05 &#8211; Datas das provas<\/a><\/strong><\/td>\n<\/tr>\n<tr>\n<td width=\"72\"><strong><a href=\"..\/midias\/anexos\/450_edital_04_-_retificacao_da_data_da_prova_e_periodo_de_inscricao.pdf\">\u00a0Edital n\u00ba 04 &#8211; Retifica\u00e7\u00e3o de data da prova e per\u00edodo de inscri\u00e7\u00e3o<\/a><\/strong><\/td>\n<\/tr>\n<tr>\n<td width=\"72\"><strong><a href=\"..\/midias\/anexos\/450_edital_n_03_2016_pmcp_-_prorrogacao_no_periodo_de_inscricoes.pdf\">\u00a0Edital n\u00ba 3 &#8211; Prorroga\u00e7\u00e3o do per\u00edodo de inscri\u00e7\u00f5es<\/a><\/strong><\/td>\n<\/tr>\n<tr>\n<td width=\"72\"><strong><a href=\"..\/midias\/anexos\/450_edital_n2.pdf\">\u00a0Edital n\u00ba 2 &#8211; retifica\u00e7\u00e3o de datas<\/a><\/strong><\/td>\n<\/tr>\n<tr>\n<td width=\"72\"><strong><a href=\"..\/midias\/anexos\/450_rsenha_de_livro.pdf\">\u00a0Resenha<\/a><\/strong><\/td>\n<\/tr>\n<tr>\n<td width=\"72\"><strong><a href=\"..\/midias\/anexos\/450_lei_de_plano_de_cargos_2.pdf\">\u00a0Lei de Plano de Cargos &#8211; II<\/a><\/strong><\/td>\n<\/tr>\n<tr>\n<td width=\"72\"><strong><a href=\"..\/midias\/anexos\/450_lei_de_plano_de_cargos.pdf\">Lei de Plano de Cargos &#8211; I\u00a0<\/a><\/strong><\/td>\n<\/tr>\n<tr>\n<td width=\"72\"><strong><a href=\"..\/midias\/anexos\/Copia(01)_450_tabela_de_cargo.pdf\">Tabela de cargos<\/a><\/strong><\/td>\n<\/tr>\n<tr>\n<td width=\"72\"><strong><a href=\"..\/midias\/anexos\/450_formulario_pcd.pdf\">Formul\u00e1rio PcD<\/a><\/strong><\/td>\n<\/tr>\n<tr>\n<td width=\"72\"><strong><a href=\"..\/midias\/anexos\/450_edital_n_01_de_abertura.pdf\">Edital n\u00ba 01 de abertura<\/a><\/strong><\/td>\n<\/tr>\n<\/tbody>\n<\/table>\t\t\t\t\t\t\t\t<\/div>\n\t\t\t\t<\/div>\n\t\t\t\t\t<\/div>\n\t\t<\/div>\n\t\t\t\t\t<\/div>\n\t\t<\/section>\n\t\t\t\t\t<\/div>\n\t\t<\/div>\n\t\t\t\t\t<\/div>\n\t\t<\/section>\n\t\t\t\t<\/div>\n\t\t","protected":false},"excerpt":{"rendered":"<p>Prefeitura de Cachoeira do Piri\u00e1 &#8211; 2015 A Prefeitura Municipal de Cachoeira do Piri\u00e1-PA, no uso de suas atribui\u00e7\u00f5es, torna p\u00fablica a realiza\u00e7\u00e3o de Concurso P\u00fablico destinado ao preenchimento de vagas do quadro de pessoal efetivo de n\u00edvel superior, n\u00edvel m\u00e9dio, n\u00edvel fundamental completo e n\u00edvel fundamental incompleto, mediante as condi\u00e7\u00f5es estabelecidas neste edital.\u00a0 Vagas [&hellip;]<\/p>\n","protected":false},"author":9,"featured_media":0,"parent":329,"menu_order":54,"comment_status":"closed","ping_status":"closed","template":"","meta":{"_monsterinsights_skip_tracking":false,"_monsterinsights_sitenote_active":false,"_monsterinsights_sitenote_note":"","_monsterinsights_sitenote_category":0,"footnotes":""},"class_list":["post-1558","page","type-page","status-publish","hentry","entry"],"yoast_head":"<!-- This site is optimized with the Yoast SEO plugin v25.1 - https:\/\/yoast.com\/wordpress\/plugins\/seo\/ -->\n<title>Prefeitura de Cachoeira do Piri\u00e1 - 2015 - FADESP<\/title>\n<meta name=\"robots\" content=\"index, follow, max-snippet:-1, max-image-preview:large, max-video-preview:-1\" \/>\n<link rel=\"canonical\" href=\"https:\/\/portalfadesp.org.br\/?page_id=1558\" \/>\n<meta property=\"og:locale\" content=\"pt_BR\" \/>\n<meta property=\"og:type\" content=\"article\" \/>\n<meta property=\"og:title\" content=\"Prefeitura de Cachoeira do Piri\u00e1 - 2015 - FADESP\" \/>\n<meta property=\"og:description\" content=\"Prefeitura de Cachoeira do Piri\u00e1 &#8211; 2015 A Prefeitura Municipal de Cachoeira do Piri\u00e1-PA, no uso de suas atribui\u00e7\u00f5es, torna p\u00fablica a realiza\u00e7\u00e3o de Concurso P\u00fablico destinado ao preenchimento de vagas do quadro de pessoal efetivo de n\u00edvel superior, n\u00edvel m\u00e9dio, n\u00edvel fundamental completo e n\u00edvel fundamental incompleto, mediante as condi\u00e7\u00f5es estabelecidas neste edital.\u00a0 Vagas [&hellip;]\" \/>\n<meta property=\"og:url\" content=\"https:\/\/portalfadesp.org.br\/?page_id=1558\" \/>\n<meta property=\"og:site_name\" content=\"FADESP\" \/>\n<meta property=\"article:publisher\" content=\"https:\/\/www.facebook.com\/Fadesp-138351949524662\/\" \/>\n<meta property=\"article:modified_time\" content=\"2022-12-20T15:20:05+00:00\" \/>\n<meta name=\"twitter:card\" content=\"summary_large_image\" \/>\n<meta name=\"twitter:site\" content=\"@Fadesp\" \/>\n<meta name=\"twitter:label1\" content=\"Est. tempo de leitura\" \/>\n\t<meta name=\"twitter:data1\" content=\"3 minutos\" \/>\n<script type=\"application\/ld+json\" class=\"yoast-schema-graph\">{\"@context\":\"https:\/\/schema.org\",\"@graph\":[{\"@type\":\"WebPage\",\"@id\":\"https:\/\/portalfadesp.org.br\/?page_id=1558\",\"url\":\"https:\/\/portalfadesp.org.br\/?page_id=1558\",\"name\":\"Prefeitura de Cachoeira do Piri\u00e1 - 2015 - FADESP\",\"isPartOf\":{\"@id\":\"https:\/\/portalfadesp.org.br\/#website\"},\"datePublished\":\"2015-05-22T08:44:00+00:00\",\"dateModified\":\"2022-12-20T15:20:05+00:00\",\"breadcrumb\":{\"@id\":\"https:\/\/portalfadesp.org.br\/?page_id=1558#breadcrumb\"},\"inLanguage\":\"pt-BR\",\"potentialAction\":[{\"@type\":\"ReadAction\",\"target\":[\"https:\/\/portalfadesp.org.br\/?page_id=1558\"]}]},{\"@type\":\"BreadcrumbList\",\"@id\":\"https:\/\/portalfadesp.org.br\/?page_id=1558#breadcrumb\",\"itemListElement\":[{\"@type\":\"ListItem\",\"position\":1,\"name\":\"In\u00edcio\",\"item\":\"https:\/\/portalfadesp.org.br\/\"},{\"@type\":\"ListItem\",\"position\":2,\"name\":\"Concursos &#8211; Homologados\",\"item\":\"https:\/\/portalfadesp.org.br\/?page_id=329\"},{\"@type\":\"ListItem\",\"position\":3,\"name\":\"Prefeitura de Cachoeira do Piri\u00e1 &#8211; 2015\"}]},{\"@type\":\"WebSite\",\"@id\":\"https:\/\/portalfadesp.org.br\/#website\",\"url\":\"https:\/\/portalfadesp.org.br\/\",\"name\":\"FADESP\",\"description\":\"Funda\u00e7\u00e3o de Amparo e Desenvolvimento da Pesquisa\",\"publisher\":{\"@id\":\"https:\/\/portalfadesp.org.br\/#organization\"},\"potentialAction\":[{\"@type\":\"SearchAction\",\"target\":{\"@type\":\"EntryPoint\",\"urlTemplate\":\"https:\/\/portalfadesp.org.br\/?s={search_term_string}\"},\"query-input\":{\"@type\":\"PropertyValueSpecification\",\"valueRequired\":true,\"valueName\":\"search_term_string\"}}],\"inLanguage\":\"pt-BR\"},{\"@type\":\"Organization\",\"@id\":\"https:\/\/portalfadesp.org.br\/#organization\",\"name\":\"FADESP\",\"url\":\"https:\/\/portalfadesp.org.br\/\",\"logo\":{\"@type\":\"ImageObject\",\"inLanguage\":\"pt-BR\",\"@id\":\"https:\/\/portalfadesp.org.br\/#\/schema\/logo\/image\/\",\"url\":\"https:\/\/portalfadesp.org.br\/wp-content\/uploads\/2024\/01\/NOVOLOGOFADESPlaranjaH.png\",\"contentUrl\":\"https:\/\/portalfadesp.org.br\/wp-content\/uploads\/2024\/01\/NOVOLOGOFADESPlaranjaH.png\",\"width\":2742,\"height\":839,\"caption\":\"FADESP\"},\"image\":{\"@id\":\"https:\/\/portalfadesp.org.br\/#\/schema\/logo\/image\/\"},\"sameAs\":[\"https:\/\/www.facebook.com\/Fadesp-138351949524662\/\",\"https:\/\/x.com\/Fadesp\",\"https:\/\/www.instagram.com\/fadesp_ufpa\/\",\"https:\/\/www.youtube.com\/@fundacaodeamparoedesenvolv1903\",\"https:\/\/www.threads.net\/@fadesp_ufpa\"]}]}<\/script>\n<!-- \/ Yoast SEO plugin. -->","yoast_head_json":{"title":"Prefeitura de Cachoeira do Piri\u00e1 - 2015 - FADESP","robots":{"index":"index","follow":"follow","max-snippet":"max-snippet:-1","max-image-preview":"max-image-preview:large","max-video-preview":"max-video-preview:-1"},"canonical":"https:\/\/portalfadesp.org.br\/?page_id=1558","og_locale":"pt_BR","og_type":"article","og_title":"Prefeitura de Cachoeira do Piri\u00e1 - 2015 - FADESP","og_description":"Prefeitura de Cachoeira do Piri\u00e1 &#8211; 2015 A Prefeitura Municipal de Cachoeira do Piri\u00e1-PA, no uso de suas atribui\u00e7\u00f5es, torna p\u00fablica a realiza\u00e7\u00e3o de Concurso P\u00fablico destinado ao preenchimento de vagas do quadro de pessoal efetivo de n\u00edvel superior, n\u00edvel m\u00e9dio, n\u00edvel fundamental completo e n\u00edvel fundamental incompleto, mediante as condi\u00e7\u00f5es estabelecidas neste edital.\u00a0 Vagas [&hellip;]","og_url":"https:\/\/portalfadesp.org.br\/?page_id=1558","og_site_name":"FADESP","article_publisher":"https:\/\/www.facebook.com\/Fadesp-138351949524662\/","article_modified_time":"2022-12-20T15:20:05+00:00","twitter_card":"summary_large_image","twitter_site":"@Fadesp","twitter_misc":{"Est. tempo de leitura":"3 minutos"},"schema":{"@context":"https:\/\/schema.org","@graph":[{"@type":"WebPage","@id":"https:\/\/portalfadesp.org.br\/?page_id=1558","url":"https:\/\/portalfadesp.org.br\/?page_id=1558","name":"Prefeitura de Cachoeira do Piri\u00e1 - 2015 - FADESP","isPartOf":{"@id":"https:\/\/portalfadesp.org.br\/#website"},"datePublished":"2015-05-22T08:44:00+00:00","dateModified":"2022-12-20T15:20:05+00:00","breadcrumb":{"@id":"https:\/\/portalfadesp.org.br\/?page_id=1558#breadcrumb"},"inLanguage":"pt-BR","potentialAction":[{"@type":"ReadAction","target":["https:\/\/portalfadesp.org.br\/?page_id=1558"]}]},{"@type":"BreadcrumbList","@id":"https:\/\/portalfadesp.org.br\/?page_id=1558#breadcrumb","itemListElement":[{"@type":"ListItem","position":1,"name":"In\u00edcio","item":"https:\/\/portalfadesp.org.br\/"},{"@type":"ListItem","position":2,"name":"Concursos &#8211; Homologados","item":"https:\/\/portalfadesp.org.br\/?page_id=329"},{"@type":"ListItem","position":3,"name":"Prefeitura de Cachoeira do Piri\u00e1 &#8211; 2015"}]},{"@type":"WebSite","@id":"https:\/\/portalfadesp.org.br\/#website","url":"https:\/\/portalfadesp.org.br\/","name":"FADESP","description":"Funda\u00e7\u00e3o de Amparo e Desenvolvimento da Pesquisa","publisher":{"@id":"https:\/\/portalfadesp.org.br\/#organization"},"potentialAction":[{"@type":"SearchAction","target":{"@type":"EntryPoint","urlTemplate":"https:\/\/portalfadesp.org.br\/?s={search_term_string}"},"query-input":{"@type":"PropertyValueSpecification","valueRequired":true,"valueName":"search_term_string"}}],"inLanguage":"pt-BR"},{"@type":"Organization","@id":"https:\/\/portalfadesp.org.br\/#organization","name":"FADESP","url":"https:\/\/portalfadesp.org.br\/","logo":{"@type":"ImageObject","inLanguage":"pt-BR","@id":"https:\/\/portalfadesp.org.br\/#\/schema\/logo\/image\/","url":"https:\/\/portalfadesp.org.br\/wp-content\/uploads\/2024\/01\/NOVOLOGOFADESPlaranjaH.png","contentUrl":"https:\/\/portalfadesp.org.br\/wp-content\/uploads\/2024\/01\/NOVOLOGOFADESPlaranjaH.png","width":2742,"height":839,"caption":"FADESP"},"image":{"@id":"https:\/\/portalfadesp.org.br\/#\/schema\/logo\/image\/"},"sameAs":["https:\/\/www.facebook.com\/Fadesp-138351949524662\/","https:\/\/x.com\/Fadesp","https:\/\/www.instagram.com\/fadesp_ufpa\/","https:\/\/www.youtube.com\/@fundacaodeamparoedesenvolv1903","https:\/\/www.threads.net\/@fadesp_ufpa"]}]}},"_links":{"self":[{"href":"https:\/\/portalfadesp.org.br\/index.php?rest_route=\/wp\/v2\/pages\/1558","targetHints":{"allow":["GET"]}}],"collection":[{"href":"https:\/\/portalfadesp.org.br\/index.php?rest_route=\/wp\/v2\/pages"}],"about":[{"href":"https:\/\/portalfadesp.org.br\/index.php?rest_route=\/wp\/v2\/types\/page"}],"author":[{"embeddable":true,"href":"https:\/\/portalfadesp.org.br\/index.php?rest_route=\/wp\/v2\/users\/9"}],"replies":[{"embeddable":true,"href":"https:\/\/portalfadesp.org.br\/index.php?rest_route=%2Fwp%2Fv2%2Fcomments&post=1558"}],"version-history":[{"count":28,"href":"https:\/\/portalfadesp.org.br\/index.php?rest_route=\/wp\/v2\/pages\/1558\/revisions"}],"predecessor-version":[{"id":36562,"href":"https:\/\/portalfadesp.org.br\/index.php?rest_route=\/wp\/v2\/pages\/1558\/revisions\/36562"}],"up":[{"embeddable":true,"href":"https:\/\/portalfadesp.org.br\/index.php?rest_route=\/wp\/v2\/pages\/329"}],"wp:attachment":[{"href":"https:\/\/portalfadesp.org.br\/index.php?rest_route=%2Fwp%2Fv2%2Fmedia&parent=1558"}],"curies":[{"name":"wp","href":"https:\/\/api.w.org\/{rel}","templated":true}]}}