{"id":1552,"date":"2015-05-22T05:43:14","date_gmt":"2015-05-22T08:43:14","guid":{"rendered":"https:\/\/162.215.13.167?page_id=1552"},"modified":"2022-12-20T12:22:39","modified_gmt":"2022-12-20T15:22:39","slug":"processo-seletivo-ao-mestrado-prof-gestao-e-servicos-de-saude-na-amazonia-da-santa-casa-2015","status":"publish","type":"page","link":"https:\/\/portalfadesp.org.br\/?page_id=1552","title":{"rendered":"Processo Seletivo ao Mestrado Prof. Gest\u00e3o e Servi\u00e7os de Sa\u00fade na Amaz\u00f4nia da Santa Casa &#8211; 2015"},"content":{"rendered":"\t\t<div data-elementor-type=\"wp-post\" data-elementor-id=\"1552\" class=\"elementor elementor-1552\" data-elementor-post-type=\"page\">\n\t\t\t\t\t\t<section class=\"elementor-section elementor-top-section elementor-element elementor-element-2f98581d elementor-section-boxed elementor-section-height-default elementor-section-height-default\" data-id=\"2f98581d\" data-element_type=\"section\">\n\t\t\t\t\t\t<div class=\"elementor-container elementor-column-gap-default\">\n\t\t\t\t\t<div class=\"elementor-column elementor-col-100 elementor-top-column elementor-element elementor-element-63e5cab4\" data-id=\"63e5cab4\" data-element_type=\"column\">\n\t\t\t<div class=\"elementor-widget-wrap elementor-element-populated\">\n\t\t\t\t\t\t<div class=\"elementor-element elementor-element-56915c6d elementor-widget elementor-widget-heading\" data-id=\"56915c6d\" data-element_type=\"widget\" data-widget_type=\"heading.default\">\n\t\t\t\t<div class=\"elementor-widget-container\">\n\t\t\t\t\t<h1 class=\"elementor-heading-title elementor-size-default\">Processo Seletivo ao Mestrado Prof. Gest\u00e3o e Servi\u00e7os de Sa\u00fade na Amaz\u00f4nia da Santa Casa - 2015\n<\/h1>\t\t\t\t<\/div>\n\t\t\t\t<\/div>\n\t\t\t\t<section class=\"elementor-section elementor-inner-section elementor-element elementor-element-74a6a2a0 elementor-section-boxed elementor-section-height-default elementor-section-height-default\" data-id=\"74a6a2a0\" data-element_type=\"section\">\n\t\t\t\t\t\t<div class=\"elementor-container elementor-column-gap-default\">\n\t\t\t\t\t<div class=\"elementor-column elementor-col-50 elementor-inner-column elementor-element elementor-element-25d4c847\" data-id=\"25d4c847\" data-element_type=\"column\">\n\t\t\t<div class=\"elementor-widget-wrap elementor-element-populated\">\n\t\t\t\t\t\t<div class=\"elementor-element elementor-element-59d6595f elementor-widget elementor-widget-text-editor\" data-id=\"59d6595f\" data-element_type=\"widget\" data-widget_type=\"text-editor.default\">\n\t\t\t\t<div class=\"elementor-widget-container\">\n\t\t\t\t\t\t\t\t\t<p>A Funda\u00e7\u00e3o Santa Casa de Miseric\u00f3rdia do Par\u00e1 (FSCMPA) torna p\u00fablico aos interessados que estar\u00e3o abertas as inscri\u00e7\u00f5es, no per\u00edodo de 03\/08\/2015 a 04\/09\/2015, para o Processo Seletivo ao Curso de Mestrado Profissional Gest\u00e3o e Servi\u00e7os de Sa\u00fade na Amaz\u00f4nia (MPGSSA), nas datas e demais condi\u00e7\u00f5es especificadas no Edital.<\/p><p><strong>Vagas &#8211;\u00a0<\/strong>14 (das 14, sete ser\u00e3o destinadas \u00e0 ampla concorr\u00eancia, sendo tr\u00eas vagas para a linha de pesquisa &#8220;Sa\u00fade-adoecimento e seus Agravos&#8221; e quatro vagas para a linha de pesquisa &#8220;Gest\u00e3o e Planejamento em Sa\u00fade&#8221;. As sete vagas restantes ser\u00e3o destinadas aos servidores da Funda\u00e7\u00e3o Santa Casa, sendo quatro para a linha de pesquisa &#8220;Sa\u00fade-adoecimento e seus agravos&#8221; e as outras tr\u00eas para &#8220;Gest\u00e3o e Planejamento em Sa\u00fade&#8221;).<\/p><p><strong>Inscri\u00e7\u00f5es &#8211;\u00a0<\/strong>03\/08\/15 a 04\/09\/15<\/p><p><strong>Taxa &#8211;\u00a0<\/strong>R$ 200,00<\/p><p><strong>Datas importantes<\/strong>:<\/p><p><strong>Per\u00edodo de inscri\u00e7\u00e3o &#8211;<\/strong>\u00a0 03\/08\/15 a 04\/09\/15<\/p><p><strong>Cart\u00e3o de inscri\u00e7\u00e3o &#8211;<\/strong>\u00a0de 08 a 11\/09\/15<\/p><p><strong>1\u00aa etapa: Prova escrita &#8211;<\/strong>\u00a020\/09\/15<\/p><p><strong>2\u00aa etapa: Apresenta\u00e7\u00e3o de documentos &#8211;<\/strong>\u00a016 a 19\/10\/15 (para os candidatos aprovados na 1\u00aa etapa)<\/p><p><strong>Resultado final do processo seletivo &#8211;<\/strong>\u00a013\/11\/15<\/p>\t\t\t\t\t\t\t\t<\/div>\n\t\t\t\t<\/div>\n\t\t\t\t\t<\/div>\n\t\t<\/div>\n\t\t\t\t<div class=\"elementor-column elementor-col-50 elementor-inner-column elementor-element elementor-element-5413e809\" data-id=\"5413e809\" data-element_type=\"column\">\n\t\t\t<div class=\"elementor-widget-wrap elementor-element-populated\">\n\t\t\t\t\t\t<div class=\"elementor-element elementor-element-65ec3a38 elementor-widget elementor-widget-text-editor\" data-id=\"65ec3a38\" data-element_type=\"widget\" data-widget_type=\"text-editor.default\">\n\t\t\t\t<div class=\"elementor-widget-container\">\n\t\t\t\t\t\t\t\t\t<p style=\"text-align: center;\"><span style=\"color: #ffffff;\"><strong>Editais e Avisos<\/strong><\/span><\/p>\t\t\t\t\t\t\t\t<\/div>\n\t\t\t\t<\/div>\n\t\t\t\t<div class=\"elementor-element elementor-element-1a9f0d0b elementor-widget elementor-widget-text-editor\" data-id=\"1a9f0d0b\" data-element_type=\"widget\" data-widget_type=\"text-editor.default\">\n\t\t\t\t<div class=\"elementor-widget-container\">\n\t\t\t\t\t\t\t\t\t<table width=\"72\">\n<tbody>\n<tr>\n<td width=\"72\"><strong><a href=\"..\/midias\/anexos\/427_resultado_final.pdf\">Resultado final<\/a><\/strong><\/td>\n<\/tr>\n<tr>\n<td><strong><a href=\"..\/midias\/anexos\/427_retificacao_de_notas_da_prova_de_titulos.pdf\">Retifica\u00e7\u00e3o de notas da prova de t\u00edtulos\u00a0<\/a><\/strong><\/td>\n<\/tr>\n<tr>\n<td><strong><a href=\"..\/midias\/anexos\/427_resultado_da_2a_etapa.pdf\">\u00a0Resultado da 2\u00aa etapa<\/a><\/strong><\/td>\n<\/tr>\n<tr>\n<td><strong><a href=\"..\/midias\/anexos\/427_resultado_da_1a_etapa.pdf\">Resultado\/ 1\u00aa etapa<\/a><\/strong><\/td>\n<\/tr>\n<tr>\n<td><strong><a href=\"http:\/\/concursos.fadesp.org.br\/santacasa2015\/arquivos\/PROVA%20PROCESSO%20SELETIVO%20MESTRADO.pdf\">\u00a0PROVA PROCESSO SELETIVO MESTRADO<\/a><\/strong><\/td>\n<\/tr>\n<tr>\n<td><strong><a href=\"..\/midias\/anexos\/427_segunda_retificacao_no_edital_de_abertura.pdf\">2\u00aa retifica\u00e7\u00e3o do edital de abertura &#8211; prorroga\u00e7\u00e3o<\/a><\/strong><\/td>\n<\/tr>\n<tr>\n<td><strong><a href=\"..\/midias\/anexos\/427_retificacao_do_edital__de_abertura.pdf\">Retifica\u00e7\u00e3o do edital de abertura\u00a0<\/a><\/strong><\/td>\n<\/tr>\n<tr>\n<td><strong><a href=\"..\/midias\/anexos\/427_edital_de_abertura1.pdf\">Edital de Abertura<\/a><\/strong><\/td>\n<\/tr>\n<\/tbody>\n<\/table>\n<p style=\"text-align: center;\"><strong>\u00a0Informa\u00e7\u00f5es no setor de Concursos<\/strong><\/p>\n<p style=\"text-align: center;\"><strong>das 8h \u00e0s 17h<\/strong>\n<strong>(91) 4005-7446 \/ 7433 concursos@fadesp.org.br\u00a0<\/strong><\/p>\t\t\t\t\t\t\t\t<\/div>\n\t\t\t\t<\/div>\n\t\t\t\t\t<\/div>\n\t\t<\/div>\n\t\t\t\t\t<\/div>\n\t\t<\/section>\n\t\t\t\t\t<\/div>\n\t\t<\/div>\n\t\t\t\t\t<\/div>\n\t\t<\/section>\n\t\t\t\t<\/div>\n\t\t","protected":false},"excerpt":{"rendered":"<p>Processo Seletivo ao Mestrado Prof. Gest\u00e3o e Servi\u00e7os de Sa\u00fade na Amaz\u00f4nia da Santa Casa &#8211; 2015 A Funda\u00e7\u00e3o Santa Casa de Miseric\u00f3rdia do Par\u00e1 (FSCMPA) torna p\u00fablico aos interessados que estar\u00e3o abertas as inscri\u00e7\u00f5es, no per\u00edodo de 03\/08\/2015 a 04\/09\/2015, para o Processo Seletivo ao Curso de Mestrado Profissional Gest\u00e3o e Servi\u00e7os de Sa\u00fade [&hellip;]<\/p>\n","protected":false},"author":9,"featured_media":0,"parent":329,"menu_order":54,"comment_status":"closed","ping_status":"closed","template":"","meta":{"_monsterinsights_skip_tracking":false,"_monsterinsights_sitenote_active":false,"_monsterinsights_sitenote_note":"","_monsterinsights_sitenote_category":0,"footnotes":""},"class_list":["post-1552","page","type-page","status-publish","hentry","entry"],"yoast_head":"<!-- This site is optimized with the Yoast SEO plugin v25.1 - https:\/\/yoast.com\/wordpress\/plugins\/seo\/ -->\n<title>Processo Seletivo ao Mestrado Prof. Gest\u00e3o e Servi\u00e7os de Sa\u00fade na Amaz\u00f4nia da Santa Casa - 2015 - FADESP<\/title>\n<meta name=\"robots\" content=\"index, follow, max-snippet:-1, max-image-preview:large, max-video-preview:-1\" \/>\n<link rel=\"canonical\" href=\"https:\/\/portalfadesp.org.br\/?page_id=1552\" \/>\n<meta property=\"og:locale\" content=\"pt_BR\" \/>\n<meta property=\"og:type\" content=\"article\" \/>\n<meta property=\"og:title\" content=\"Processo Seletivo ao Mestrado Prof. Gest\u00e3o e Servi\u00e7os de Sa\u00fade na Amaz\u00f4nia da Santa Casa - 2015 - FADESP\" \/>\n<meta property=\"og:description\" content=\"Processo Seletivo ao Mestrado Prof. Gest\u00e3o e Servi\u00e7os de Sa\u00fade na Amaz\u00f4nia da Santa Casa &#8211; 2015 A Funda\u00e7\u00e3o Santa Casa de Miseric\u00f3rdia do Par\u00e1 (FSCMPA) torna p\u00fablico aos interessados que estar\u00e3o abertas as inscri\u00e7\u00f5es, no per\u00edodo de 03\/08\/2015 a 04\/09\/2015, para o Processo Seletivo ao Curso de Mestrado Profissional Gest\u00e3o e Servi\u00e7os de Sa\u00fade [&hellip;]\" \/>\n<meta property=\"og:url\" content=\"https:\/\/portalfadesp.org.br\/?page_id=1552\" \/>\n<meta property=\"og:site_name\" content=\"FADESP\" \/>\n<meta property=\"article:publisher\" content=\"https:\/\/www.facebook.com\/Fadesp-138351949524662\/\" \/>\n<meta property=\"article:modified_time\" content=\"2022-12-20T15:22:39+00:00\" \/>\n<meta name=\"twitter:card\" content=\"summary_large_image\" \/>\n<meta name=\"twitter:site\" content=\"@Fadesp\" \/>\n<meta name=\"twitter:label1\" content=\"Est. tempo de leitura\" \/>\n\t<meta name=\"twitter:data1\" content=\"1 minuto\" \/>\n<script type=\"application\/ld+json\" class=\"yoast-schema-graph\">{\"@context\":\"https:\/\/schema.org\",\"@graph\":[{\"@type\":\"WebPage\",\"@id\":\"https:\/\/portalfadesp.org.br\/?page_id=1552\",\"url\":\"https:\/\/portalfadesp.org.br\/?page_id=1552\",\"name\":\"Processo Seletivo ao Mestrado Prof. Gest\u00e3o e Servi\u00e7os de Sa\u00fade na Amaz\u00f4nia da Santa Casa - 2015 - FADESP\",\"isPartOf\":{\"@id\":\"https:\/\/portalfadesp.org.br\/#website\"},\"datePublished\":\"2015-05-22T08:43:14+00:00\",\"dateModified\":\"2022-12-20T15:22:39+00:00\",\"breadcrumb\":{\"@id\":\"https:\/\/portalfadesp.org.br\/?page_id=1552#breadcrumb\"},\"inLanguage\":\"pt-BR\",\"potentialAction\":[{\"@type\":\"ReadAction\",\"target\":[\"https:\/\/portalfadesp.org.br\/?page_id=1552\"]}]},{\"@type\":\"BreadcrumbList\",\"@id\":\"https:\/\/portalfadesp.org.br\/?page_id=1552#breadcrumb\",\"itemListElement\":[{\"@type\":\"ListItem\",\"position\":1,\"name\":\"In\u00edcio\",\"item\":\"https:\/\/portalfadesp.org.br\/\"},{\"@type\":\"ListItem\",\"position\":2,\"name\":\"Concursos &#8211; Homologados\",\"item\":\"https:\/\/portalfadesp.org.br\/?page_id=329\"},{\"@type\":\"ListItem\",\"position\":3,\"name\":\"Processo Seletivo ao Mestrado Prof. Gest\u00e3o e Servi\u00e7os de Sa\u00fade na Amaz\u00f4nia da Santa Casa &#8211; 2015\"}]},{\"@type\":\"WebSite\",\"@id\":\"https:\/\/portalfadesp.org.br\/#website\",\"url\":\"https:\/\/portalfadesp.org.br\/\",\"name\":\"FADESP\",\"description\":\"Funda\u00e7\u00e3o de Amparo e Desenvolvimento da Pesquisa\",\"publisher\":{\"@id\":\"https:\/\/portalfadesp.org.br\/#organization\"},\"potentialAction\":[{\"@type\":\"SearchAction\",\"target\":{\"@type\":\"EntryPoint\",\"urlTemplate\":\"https:\/\/portalfadesp.org.br\/?s={search_term_string}\"},\"query-input\":{\"@type\":\"PropertyValueSpecification\",\"valueRequired\":true,\"valueName\":\"search_term_string\"}}],\"inLanguage\":\"pt-BR\"},{\"@type\":\"Organization\",\"@id\":\"https:\/\/portalfadesp.org.br\/#organization\",\"name\":\"FADESP\",\"url\":\"https:\/\/portalfadesp.org.br\/\",\"logo\":{\"@type\":\"ImageObject\",\"inLanguage\":\"pt-BR\",\"@id\":\"https:\/\/portalfadesp.org.br\/#\/schema\/logo\/image\/\",\"url\":\"https:\/\/portalfadesp.org.br\/wp-content\/uploads\/2024\/01\/NOVOLOGOFADESPlaranjaH.png\",\"contentUrl\":\"https:\/\/portalfadesp.org.br\/wp-content\/uploads\/2024\/01\/NOVOLOGOFADESPlaranjaH.png\",\"width\":2742,\"height\":839,\"caption\":\"FADESP\"},\"image\":{\"@id\":\"https:\/\/portalfadesp.org.br\/#\/schema\/logo\/image\/\"},\"sameAs\":[\"https:\/\/www.facebook.com\/Fadesp-138351949524662\/\",\"https:\/\/x.com\/Fadesp\",\"https:\/\/www.instagram.com\/fadesp_ufpa\/\",\"https:\/\/www.youtube.com\/@fundacaodeamparoedesenvolv1903\",\"https:\/\/www.threads.net\/@fadesp_ufpa\"]}]}<\/script>\n<!-- \/ Yoast SEO plugin. -->","yoast_head_json":{"title":"Processo Seletivo ao Mestrado Prof. Gest\u00e3o e Servi\u00e7os de Sa\u00fade na Amaz\u00f4nia da Santa Casa - 2015 - FADESP","robots":{"index":"index","follow":"follow","max-snippet":"max-snippet:-1","max-image-preview":"max-image-preview:large","max-video-preview":"max-video-preview:-1"},"canonical":"https:\/\/portalfadesp.org.br\/?page_id=1552","og_locale":"pt_BR","og_type":"article","og_title":"Processo Seletivo ao Mestrado Prof. Gest\u00e3o e Servi\u00e7os de Sa\u00fade na Amaz\u00f4nia da Santa Casa - 2015 - FADESP","og_description":"Processo Seletivo ao Mestrado Prof. Gest\u00e3o e Servi\u00e7os de Sa\u00fade na Amaz\u00f4nia da Santa Casa &#8211; 2015 A Funda\u00e7\u00e3o Santa Casa de Miseric\u00f3rdia do Par\u00e1 (FSCMPA) torna p\u00fablico aos interessados que estar\u00e3o abertas as inscri\u00e7\u00f5es, no per\u00edodo de 03\/08\/2015 a 04\/09\/2015, para o Processo Seletivo ao Curso de Mestrado Profissional Gest\u00e3o e Servi\u00e7os de Sa\u00fade [&hellip;]","og_url":"https:\/\/portalfadesp.org.br\/?page_id=1552","og_site_name":"FADESP","article_publisher":"https:\/\/www.facebook.com\/Fadesp-138351949524662\/","article_modified_time":"2022-12-20T15:22:39+00:00","twitter_card":"summary_large_image","twitter_site":"@Fadesp","twitter_misc":{"Est. tempo de leitura":"1 minuto"},"schema":{"@context":"https:\/\/schema.org","@graph":[{"@type":"WebPage","@id":"https:\/\/portalfadesp.org.br\/?page_id=1552","url":"https:\/\/portalfadesp.org.br\/?page_id=1552","name":"Processo Seletivo ao Mestrado Prof. Gest\u00e3o e Servi\u00e7os de Sa\u00fade na Amaz\u00f4nia da Santa Casa - 2015 - FADESP","isPartOf":{"@id":"https:\/\/portalfadesp.org.br\/#website"},"datePublished":"2015-05-22T08:43:14+00:00","dateModified":"2022-12-20T15:22:39+00:00","breadcrumb":{"@id":"https:\/\/portalfadesp.org.br\/?page_id=1552#breadcrumb"},"inLanguage":"pt-BR","potentialAction":[{"@type":"ReadAction","target":["https:\/\/portalfadesp.org.br\/?page_id=1552"]}]},{"@type":"BreadcrumbList","@id":"https:\/\/portalfadesp.org.br\/?page_id=1552#breadcrumb","itemListElement":[{"@type":"ListItem","position":1,"name":"In\u00edcio","item":"https:\/\/portalfadesp.org.br\/"},{"@type":"ListItem","position":2,"name":"Concursos &#8211; Homologados","item":"https:\/\/portalfadesp.org.br\/?page_id=329"},{"@type":"ListItem","position":3,"name":"Processo Seletivo ao Mestrado Prof. Gest\u00e3o e Servi\u00e7os de Sa\u00fade na Amaz\u00f4nia da Santa Casa &#8211; 2015"}]},{"@type":"WebSite","@id":"https:\/\/portalfadesp.org.br\/#website","url":"https:\/\/portalfadesp.org.br\/","name":"FADESP","description":"Funda\u00e7\u00e3o de Amparo e Desenvolvimento da Pesquisa","publisher":{"@id":"https:\/\/portalfadesp.org.br\/#organization"},"potentialAction":[{"@type":"SearchAction","target":{"@type":"EntryPoint","urlTemplate":"https:\/\/portalfadesp.org.br\/?s={search_term_string}"},"query-input":{"@type":"PropertyValueSpecification","valueRequired":true,"valueName":"search_term_string"}}],"inLanguage":"pt-BR"},{"@type":"Organization","@id":"https:\/\/portalfadesp.org.br\/#organization","name":"FADESP","url":"https:\/\/portalfadesp.org.br\/","logo":{"@type":"ImageObject","inLanguage":"pt-BR","@id":"https:\/\/portalfadesp.org.br\/#\/schema\/logo\/image\/","url":"https:\/\/portalfadesp.org.br\/wp-content\/uploads\/2024\/01\/NOVOLOGOFADESPlaranjaH.png","contentUrl":"https:\/\/portalfadesp.org.br\/wp-content\/uploads\/2024\/01\/NOVOLOGOFADESPlaranjaH.png","width":2742,"height":839,"caption":"FADESP"},"image":{"@id":"https:\/\/portalfadesp.org.br\/#\/schema\/logo\/image\/"},"sameAs":["https:\/\/www.facebook.com\/Fadesp-138351949524662\/","https:\/\/x.com\/Fadesp","https:\/\/www.instagram.com\/fadesp_ufpa\/","https:\/\/www.youtube.com\/@fundacaodeamparoedesenvolv1903","https:\/\/www.threads.net\/@fadesp_ufpa"]}]}},"_links":{"self":[{"href":"https:\/\/portalfadesp.org.br\/index.php?rest_route=\/wp\/v2\/pages\/1552","targetHints":{"allow":["GET"]}}],"collection":[{"href":"https:\/\/portalfadesp.org.br\/index.php?rest_route=\/wp\/v2\/pages"}],"about":[{"href":"https:\/\/portalfadesp.org.br\/index.php?rest_route=\/wp\/v2\/types\/page"}],"author":[{"embeddable":true,"href":"https:\/\/portalfadesp.org.br\/index.php?rest_route=\/wp\/v2\/users\/9"}],"replies":[{"embeddable":true,"href":"https:\/\/portalfadesp.org.br\/index.php?rest_route=%2Fwp%2Fv2%2Fcomments&post=1552"}],"version-history":[{"count":24,"href":"https:\/\/portalfadesp.org.br\/index.php?rest_route=\/wp\/v2\/pages\/1552\/revisions"}],"predecessor-version":[{"id":36589,"href":"https:\/\/portalfadesp.org.br\/index.php?rest_route=\/wp\/v2\/pages\/1552\/revisions\/36589"}],"up":[{"embeddable":true,"href":"https:\/\/portalfadesp.org.br\/index.php?rest_route=\/wp\/v2\/pages\/329"}],"wp:attachment":[{"href":"https:\/\/portalfadesp.org.br\/index.php?rest_route=%2Fwp%2Fv2%2Fmedia&parent=1552"}],"curies":[{"name":"wp","href":"https:\/\/api.w.org\/{rel}","templated":true}]}}