{"id":1550,"date":"2015-05-22T05:43:02","date_gmt":"2015-05-22T08:43:02","guid":{"rendered":"https:\/\/162.215.13.167?page_id=1550"},"modified":"2022-12-20T12:22:58","modified_gmt":"2022-12-20T15:22:58","slug":"processo-seletivo-do-conselho-municipal-da-crianca-e-do-adolescente-comdica-2015","status":"publish","type":"page","link":"https:\/\/portalfadesp.org.br\/?page_id=1550","title":{"rendered":"Processo Seletivo do Conselho Municipal da Crian\u00e7a e do Adolescente (COMDICA) &#8211; 2015"},"content":{"rendered":"\t\t<div data-elementor-type=\"wp-post\" data-elementor-id=\"1550\" class=\"elementor elementor-1550\" data-elementor-post-type=\"page\">\n\t\t\t\t\t\t<section class=\"elementor-section elementor-top-section elementor-element elementor-element-155b5b88 elementor-section-boxed elementor-section-height-default elementor-section-height-default\" data-id=\"155b5b88\" data-element_type=\"section\">\n\t\t\t\t\t\t<div class=\"elementor-container elementor-column-gap-default\">\n\t\t\t\t\t<div class=\"elementor-column elementor-col-100 elementor-top-column elementor-element elementor-element-2acf56e2\" data-id=\"2acf56e2\" data-element_type=\"column\">\n\t\t\t<div class=\"elementor-widget-wrap elementor-element-populated\">\n\t\t\t\t\t\t<div class=\"elementor-element elementor-element-7e257c4a elementor-widget elementor-widget-heading\" data-id=\"7e257c4a\" data-element_type=\"widget\" data-widget_type=\"heading.default\">\n\t\t\t\t<div class=\"elementor-widget-container\">\n\t\t\t\t\t<h1 class=\"elementor-heading-title elementor-size-default\">Processo Seletivo do Conselho Municipal da Crian\u00e7a e do Adolescente (COMDICA) - 2015\n<\/h1>\t\t\t\t<\/div>\n\t\t\t\t<\/div>\n\t\t\t\t<section class=\"elementor-section elementor-inner-section elementor-element elementor-element-164a3d1d elementor-section-boxed elementor-section-height-default elementor-section-height-default\" data-id=\"164a3d1d\" data-element_type=\"section\">\n\t\t\t\t\t\t<div class=\"elementor-container elementor-column-gap-default\">\n\t\t\t\t\t<div class=\"elementor-column elementor-col-50 elementor-inner-column elementor-element elementor-element-692c6e12\" data-id=\"692c6e12\" data-element_type=\"column\">\n\t\t\t<div class=\"elementor-widget-wrap elementor-element-populated\">\n\t\t\t\t\t\t<div class=\"elementor-element elementor-element-5f66e007 elementor-widget elementor-widget-text-editor\" data-id=\"5f66e007\" data-element_type=\"widget\" data-widget_type=\"text-editor.default\">\n\t\t\t\t<div class=\"elementor-widget-container\">\n\t\t\t\t\t\t\t\t\t<p>O Conselho Municipal dos Direitos da Crian\u00e7a e do Adolescente (COMDICA) lan\u00e7a processo de inscri\u00e7\u00e3o para candidatos a conselheiros tutelares. Tamb\u00e9m instrui a organiza\u00e7\u00e3o das elei\u00e7\u00f5es diretas. As vagas s\u00e3o para os Conselhos Tutelares I, II, III e IV de Ananindeua..<\/p><p><strong>Vagas &#8211;\u00a0<\/strong>20<\/p><p><strong>Cargos &#8211;\u00a0<\/strong>Conselheiro Tutelar de Ananindeua.<\/p><p><strong>Remunera\u00e7\u00e3o &#8211;\u00a0<\/strong>n\u00e3o informada no edital.<\/p><p><strong>Inscri\u00e7\u00f5es &#8211;\u00a0<\/strong>encerradas em 28\/05\/2015<\/p><p><strong>Taxa &#8211;\u00a0\u00a0<\/strong>gratuita<\/p><p><strong>Datas importantes<\/strong>:<\/p><p><strong>Divulga\u00e7\u00e3o dos locais de prova:<\/strong>\u00a0de 01 a 05 de julho.<\/p><p><strong>Provas Objetiva e de Reda\u00e7\u00e3o:<\/strong>\u00a0 05 de julho de2015, das 8h \u00e0s 12h (hor\u00e1rio local), na E.E.E.F. M Prof.\u00aa ZULIMA VERGOLINO DIAS, localizada no Conjunto Cidade Nova II, Tv. SN 02, Coqueiro, no per\u00edmetro entre Tv. WE 13 e Tv. WE 16, Ananindeua-PA<strong>.<\/strong><\/p><p><strong>Prazo para recursos:\u00a0<\/strong>06 a 08 de julho.<\/p><p><strong>Divulga\u00e7\u00e3o do resultado das provas objetiva e de Reda\u00e7\u00e3o, com convoca\u00e7\u00e3o para a avalia\u00e7\u00e3o psicol\u00f3gica:<\/strong>\u00a014 de julho.<\/p><p><strong>Prova Psicol\u00f3gica:\u00a0<\/strong>26\/07\/2015, no munic\u00edpio de Ananindeua, em local, data e hor\u00e1rio a serem divulgados na publica\u00e7\u00e3o da convoca\u00e7\u00e3o para esta etapa.<\/p><p><strong>Resultado da Avalia\u00e7\u00e3o Psicol\u00f3gica:<\/strong>\u00a028\/07\/2015.<\/p><p><strong>Prazo para recurso:<\/strong>\u00a029 a 31 de julho.<\/p><p><strong>Resultado final da sele\u00e7\u00e3o:<\/strong>\u00a004 de agosto.\u00a0<\/p><p><strong>Divulga\u00e7\u00e3o dos locais da elei\u00e7\u00e3o:<\/strong>\u00a028 de agosto.<\/p><p><strong>Realiza\u00e7\u00e3o da elei\u00e7\u00e3o:<\/strong>\u00a004 de outubro.<\/p><p><strong>Resultado da elei\u00e7\u00e3o:<\/strong>\u00a004 de outubro.<\/p><p><strong>Curso de forma\u00e7\u00e3o para os eleitos:<\/strong>\u00a009 a 27 de novembro.<\/p>\t\t\t\t\t\t\t\t<\/div>\n\t\t\t\t<\/div>\n\t\t\t\t\t<\/div>\n\t\t<\/div>\n\t\t\t\t<div class=\"elementor-column elementor-col-50 elementor-inner-column elementor-element elementor-element-693a404c\" data-id=\"693a404c\" data-element_type=\"column\">\n\t\t\t<div class=\"elementor-widget-wrap elementor-element-populated\">\n\t\t\t\t\t\t<div class=\"elementor-element elementor-element-133928c elementor-widget elementor-widget-text-editor\" data-id=\"133928c\" data-element_type=\"widget\" data-widget_type=\"text-editor.default\">\n\t\t\t\t<div class=\"elementor-widget-container\">\n\t\t\t\t\t\t\t\t\t<p style=\"text-align: center;\"><span style=\"color: #ffffff;\"><strong>Editais e Avisos<\/strong><\/span><\/p>\t\t\t\t\t\t\t\t<\/div>\n\t\t\t\t<\/div>\n\t\t\t\t<div class=\"elementor-element elementor-element-5d4b1dd8 elementor-widget elementor-widget-text-editor\" data-id=\"5d4b1dd8\" data-element_type=\"widget\" data-widget_type=\"text-editor.default\">\n\t\t\t\t<div class=\"elementor-widget-container\">\n\t\t\t\t\t\t\t\t\t<table width=\"80\">\n<tbody>\n<tr>\n<td width=\"80\"><strong><a href=\"..\/midias\/anexos\/425_edital_de_convocacao_ao_curso_de_formacao_para_conselheiro_tutelar.pdf\">Edital de convoca\u00e7\u00e3o ao curso de forma\u00e7\u00e3o<\/a><\/strong><\/td>\n<\/tr>\n<tr>\n<td><strong><a href=\"http:\/\/concursos.fadesp.org.br\/comdica2015\/arquivos\/Resultado%20Final.pdf\">Resultado Final<\/a><\/strong><\/td>\n<\/tr>\n<tr>\n<td><strong><a href=\"http:\/\/concursos.fadesp.org.br\/comdica2015\/arquivos\/Resultado%20da%20Avalia%C3%A7%C3%A3o%20Psicol%C3%B3gica.pdf\">Resultado da Avalia\u00e7\u00e3o Psicol\u00f3gica\u00a0<\/a><\/strong><\/td>\n<\/tr>\n<tr>\n<td><strong><a href=\"..\/midias\/anexos\/425_convocacao_a_avaliacao_psicologica.pdf\">Convoca\u00e7\u00e3o a avalia\u00e7\u00e3o psicol\u00f3gica<\/a><\/strong><\/td>\n<\/tr>\n<tr>\n<td><strong><a href=\"..\/midias\/anexos\/425_resultado_da_prova_objetiva_e_de_redacao.pdf\">Resultado das provas objetiva e de reda\u00e7\u00e3o<\/a><\/strong><\/td>\n<\/tr>\n<tr>\n<td><strong><a href=\"http:\/\/concursos.fadesp.org.br\/comdica2015\/arquivos\/Gabarito%20Oficial%20Definitivo_DIA%2005.07.2015.pdf\">Gabarito Oficial Definitivo DIA 05\/07\/2015\u00a0<\/a><\/strong><\/td>\n<\/tr>\n<tr>\n<td><strong><a href=\"http:\/\/concursos.fadesp.org.br\/comdica2015\/arquivos\/Grade%20de%20Corre%C3%A7%C3%A3o%20da%20Reda%C3%A7%C3%A3o.pdf\">Grade de Corre\u00e7\u00e3o da Reda\u00e7\u00e3o\u00a0<\/a><\/strong><\/td>\n<\/tr>\n<tr>\n<td><strong><a href=\"http:\/\/concursos.fadesp.org.br\/comdica2015\/arquivos\/Gabarito%20Oficial%20Preliminar%20-%20DIA%2005.07.2015.pdf\">Gabarito Oficial Preliminar &#8211; DIA 05\/07\/2015<\/a><\/strong><\/td>\n<\/tr>\n<tr>\n<td><strong><a href=\"http:\/\/concursos.fadesp.org.br\/comdica2015\/arquivos\/PROVA%20CONSELHEIRO%20TUTELAR.pdf\">PROVA CONSELHEIRO TUTELAR<\/a><\/strong><\/td>\n<\/tr>\n<tr>\n<td><strong><a href=\"..\/midias\/anexos\/425_errata_de_03072015_-_avaliacao_psicologica.pdf\">Errata &#8211; Avalia\u00e7\u00e3o Psicol\u00f3gica &#8211; 03.07.2015<\/a><\/strong><\/td>\n<\/tr>\n<tr>\n<td><strong><a href=\"..\/midias\/anexos\/425_local_data_e_horario_da_provas_objetiva_redacao.pdf\">Local e hor\u00e1rio de provas objetivo e de reda\u00e7\u00e3o<\/a><\/strong><\/td>\n<\/tr>\n<tr>\n<td><strong><a href=\"..\/midias\/anexos\/425_formulario_de_pessoa_com_deficiencia.pdf\">Formul\u00e1rio PcD<\/a><\/strong><\/td>\n<\/tr>\n<tr>\n<td><strong><a href=\"..\/midias\/anexos\/425_edital_003_publicado_no_do_de_ananindeua.pdf\">Edital 003 &#8211; Lista de inscritos e informa\u00e7\u00f5es gerais<\/a><\/strong><\/td>\n<\/tr>\n<tr>\n<td><strong><a href=\"..\/midias\/anexos\/425_comunicado_de_19062015.pdf\">Comunicado de 19.06.2015<\/a><\/strong><\/td>\n<\/tr>\n<tr>\n<td><strong><a href=\"..\/midias\/anexos\/425_errata_de_25062015.pdf\">Errata de 25.05.2015<\/a><\/strong><\/td>\n<\/tr>\n<tr>\n<td><strong><a href=\"..\/midias\/anexos\/425_errata_de_20052015.pdf\">Errata de 20.05.2015<\/a><\/strong><\/td>\n<\/tr>\n<tr>\n<td><strong><a href=\"..\/midias\/anexos\/425_resolucao_de_18052015.pdf\">Resolu\u00e7\u00e3o de 18.05.2015<\/a><\/strong><\/td>\n<\/tr>\n<tr>\n<td><strong><a href=\"..\/midias\/anexos\/425_errata_de_30042015.pdf\">Errata de 30.04.2015<\/a><\/strong><\/td>\n<\/tr>\n<tr>\n<td><strong><a href=\"..\/midias\/anexos\/425_resolucao_de_10042015.pdf\">Resolu\u00e7\u00e3o de 10.04.2015<\/a><\/strong><\/td>\n<\/tr>\n<\/tbody>\n<\/table>\t\t\t\t\t\t\t\t<\/div>\n\t\t\t\t<\/div>\n\t\t\t\t\t<\/div>\n\t\t<\/div>\n\t\t\t\t\t<\/div>\n\t\t<\/section>\n\t\t\t\t\t<\/div>\n\t\t<\/div>\n\t\t\t\t\t<\/div>\n\t\t<\/section>\n\t\t\t\t<\/div>\n\t\t","protected":false},"excerpt":{"rendered":"<p>Processo Seletivo do Conselho Municipal da Crian\u00e7a e do Adolescente (COMDICA) &#8211; 2015 O Conselho Municipal dos Direitos da Crian\u00e7a e do Adolescente (COMDICA) lan\u00e7a processo de inscri\u00e7\u00e3o para candidatos a conselheiros tutelares. Tamb\u00e9m instrui a organiza\u00e7\u00e3o das elei\u00e7\u00f5es diretas. As vagas s\u00e3o para os Conselhos Tutelares I, II, III e IV de Ananindeua.. Vagas [&hellip;]<\/p>\n","protected":false},"author":9,"featured_media":0,"parent":329,"menu_order":54,"comment_status":"closed","ping_status":"closed","template":"","meta":{"_monsterinsights_skip_tracking":false,"_monsterinsights_sitenote_active":false,"_monsterinsights_sitenote_note":"","_monsterinsights_sitenote_category":0,"footnotes":""},"class_list":["post-1550","page","type-page","status-publish","hentry","entry"],"yoast_head":"<!-- This site is optimized with the Yoast SEO plugin v25.1 - https:\/\/yoast.com\/wordpress\/plugins\/seo\/ -->\n<title>Processo Seletivo do Conselho Municipal da Crian\u00e7a e do Adolescente (COMDICA) - 2015 - FADESP<\/title>\n<meta name=\"robots\" content=\"index, follow, max-snippet:-1, max-image-preview:large, max-video-preview:-1\" \/>\n<link rel=\"canonical\" href=\"https:\/\/portalfadesp.org.br\/?page_id=1550\" \/>\n<meta property=\"og:locale\" content=\"pt_BR\" \/>\n<meta property=\"og:type\" content=\"article\" \/>\n<meta property=\"og:title\" content=\"Processo Seletivo do Conselho Municipal da Crian\u00e7a e do Adolescente (COMDICA) - 2015 - FADESP\" \/>\n<meta property=\"og:description\" content=\"Processo Seletivo do Conselho Municipal da Crian\u00e7a e do Adolescente (COMDICA) &#8211; 2015 O Conselho Municipal dos Direitos da Crian\u00e7a e do Adolescente (COMDICA) lan\u00e7a processo de inscri\u00e7\u00e3o para candidatos a conselheiros tutelares. Tamb\u00e9m instrui a organiza\u00e7\u00e3o das elei\u00e7\u00f5es diretas. As vagas s\u00e3o para os Conselhos Tutelares I, II, III e IV de Ananindeua.. Vagas [&hellip;]\" \/>\n<meta property=\"og:url\" content=\"https:\/\/portalfadesp.org.br\/?page_id=1550\" \/>\n<meta property=\"og:site_name\" content=\"FADESP\" \/>\n<meta property=\"article:publisher\" content=\"https:\/\/www.facebook.com\/Fadesp-138351949524662\/\" \/>\n<meta property=\"article:modified_time\" content=\"2022-12-20T15:22:58+00:00\" \/>\n<meta name=\"twitter:card\" content=\"summary_large_image\" \/>\n<meta name=\"twitter:site\" content=\"@Fadesp\" \/>\n<meta name=\"twitter:label1\" content=\"Est. tempo de leitura\" \/>\n\t<meta name=\"twitter:data1\" content=\"2 minutos\" \/>\n<script type=\"application\/ld+json\" class=\"yoast-schema-graph\">{\"@context\":\"https:\/\/schema.org\",\"@graph\":[{\"@type\":\"WebPage\",\"@id\":\"https:\/\/portalfadesp.org.br\/?page_id=1550\",\"url\":\"https:\/\/portalfadesp.org.br\/?page_id=1550\",\"name\":\"Processo Seletivo do Conselho Municipal da Crian\u00e7a e do Adolescente (COMDICA) - 2015 - FADESP\",\"isPartOf\":{\"@id\":\"https:\/\/portalfadesp.org.br\/#website\"},\"datePublished\":\"2015-05-22T08:43:02+00:00\",\"dateModified\":\"2022-12-20T15:22:58+00:00\",\"breadcrumb\":{\"@id\":\"https:\/\/portalfadesp.org.br\/?page_id=1550#breadcrumb\"},\"inLanguage\":\"pt-BR\",\"potentialAction\":[{\"@type\":\"ReadAction\",\"target\":[\"https:\/\/portalfadesp.org.br\/?page_id=1550\"]}]},{\"@type\":\"BreadcrumbList\",\"@id\":\"https:\/\/portalfadesp.org.br\/?page_id=1550#breadcrumb\",\"itemListElement\":[{\"@type\":\"ListItem\",\"position\":1,\"name\":\"In\u00edcio\",\"item\":\"https:\/\/portalfadesp.org.br\/\"},{\"@type\":\"ListItem\",\"position\":2,\"name\":\"Concursos &#8211; Homologados\",\"item\":\"https:\/\/portalfadesp.org.br\/?page_id=329\"},{\"@type\":\"ListItem\",\"position\":3,\"name\":\"Processo Seletivo do Conselho Municipal da Crian\u00e7a e do Adolescente (COMDICA) &#8211; 2015\"}]},{\"@type\":\"WebSite\",\"@id\":\"https:\/\/portalfadesp.org.br\/#website\",\"url\":\"https:\/\/portalfadesp.org.br\/\",\"name\":\"FADESP\",\"description\":\"Funda\u00e7\u00e3o de Amparo e Desenvolvimento da Pesquisa\",\"publisher\":{\"@id\":\"https:\/\/portalfadesp.org.br\/#organization\"},\"potentialAction\":[{\"@type\":\"SearchAction\",\"target\":{\"@type\":\"EntryPoint\",\"urlTemplate\":\"https:\/\/portalfadesp.org.br\/?s={search_term_string}\"},\"query-input\":{\"@type\":\"PropertyValueSpecification\",\"valueRequired\":true,\"valueName\":\"search_term_string\"}}],\"inLanguage\":\"pt-BR\"},{\"@type\":\"Organization\",\"@id\":\"https:\/\/portalfadesp.org.br\/#organization\",\"name\":\"FADESP\",\"url\":\"https:\/\/portalfadesp.org.br\/\",\"logo\":{\"@type\":\"ImageObject\",\"inLanguage\":\"pt-BR\",\"@id\":\"https:\/\/portalfadesp.org.br\/#\/schema\/logo\/image\/\",\"url\":\"https:\/\/portalfadesp.org.br\/wp-content\/uploads\/2024\/01\/NOVOLOGOFADESPlaranjaH.png\",\"contentUrl\":\"https:\/\/portalfadesp.org.br\/wp-content\/uploads\/2024\/01\/NOVOLOGOFADESPlaranjaH.png\",\"width\":2742,\"height\":839,\"caption\":\"FADESP\"},\"image\":{\"@id\":\"https:\/\/portalfadesp.org.br\/#\/schema\/logo\/image\/\"},\"sameAs\":[\"https:\/\/www.facebook.com\/Fadesp-138351949524662\/\",\"https:\/\/x.com\/Fadesp\",\"https:\/\/www.instagram.com\/fadesp_ufpa\/\",\"https:\/\/www.youtube.com\/@fundacaodeamparoedesenvolv1903\",\"https:\/\/www.threads.net\/@fadesp_ufpa\"]}]}<\/script>\n<!-- \/ Yoast SEO plugin. -->","yoast_head_json":{"title":"Processo Seletivo do Conselho Municipal da Crian\u00e7a e do Adolescente (COMDICA) - 2015 - FADESP","robots":{"index":"index","follow":"follow","max-snippet":"max-snippet:-1","max-image-preview":"max-image-preview:large","max-video-preview":"max-video-preview:-1"},"canonical":"https:\/\/portalfadesp.org.br\/?page_id=1550","og_locale":"pt_BR","og_type":"article","og_title":"Processo Seletivo do Conselho Municipal da Crian\u00e7a e do Adolescente (COMDICA) - 2015 - FADESP","og_description":"Processo Seletivo do Conselho Municipal da Crian\u00e7a e do Adolescente (COMDICA) &#8211; 2015 O Conselho Municipal dos Direitos da Crian\u00e7a e do Adolescente (COMDICA) lan\u00e7a processo de inscri\u00e7\u00e3o para candidatos a conselheiros tutelares. Tamb\u00e9m instrui a organiza\u00e7\u00e3o das elei\u00e7\u00f5es diretas. As vagas s\u00e3o para os Conselhos Tutelares I, II, III e IV de Ananindeua.. Vagas [&hellip;]","og_url":"https:\/\/portalfadesp.org.br\/?page_id=1550","og_site_name":"FADESP","article_publisher":"https:\/\/www.facebook.com\/Fadesp-138351949524662\/","article_modified_time":"2022-12-20T15:22:58+00:00","twitter_card":"summary_large_image","twitter_site":"@Fadesp","twitter_misc":{"Est. tempo de leitura":"2 minutos"},"schema":{"@context":"https:\/\/schema.org","@graph":[{"@type":"WebPage","@id":"https:\/\/portalfadesp.org.br\/?page_id=1550","url":"https:\/\/portalfadesp.org.br\/?page_id=1550","name":"Processo Seletivo do Conselho Municipal da Crian\u00e7a e do Adolescente (COMDICA) - 2015 - FADESP","isPartOf":{"@id":"https:\/\/portalfadesp.org.br\/#website"},"datePublished":"2015-05-22T08:43:02+00:00","dateModified":"2022-12-20T15:22:58+00:00","breadcrumb":{"@id":"https:\/\/portalfadesp.org.br\/?page_id=1550#breadcrumb"},"inLanguage":"pt-BR","potentialAction":[{"@type":"ReadAction","target":["https:\/\/portalfadesp.org.br\/?page_id=1550"]}]},{"@type":"BreadcrumbList","@id":"https:\/\/portalfadesp.org.br\/?page_id=1550#breadcrumb","itemListElement":[{"@type":"ListItem","position":1,"name":"In\u00edcio","item":"https:\/\/portalfadesp.org.br\/"},{"@type":"ListItem","position":2,"name":"Concursos &#8211; Homologados","item":"https:\/\/portalfadesp.org.br\/?page_id=329"},{"@type":"ListItem","position":3,"name":"Processo Seletivo do Conselho Municipal da Crian\u00e7a e do Adolescente (COMDICA) &#8211; 2015"}]},{"@type":"WebSite","@id":"https:\/\/portalfadesp.org.br\/#website","url":"https:\/\/portalfadesp.org.br\/","name":"FADESP","description":"Funda\u00e7\u00e3o de Amparo e Desenvolvimento da Pesquisa","publisher":{"@id":"https:\/\/portalfadesp.org.br\/#organization"},"potentialAction":[{"@type":"SearchAction","target":{"@type":"EntryPoint","urlTemplate":"https:\/\/portalfadesp.org.br\/?s={search_term_string}"},"query-input":{"@type":"PropertyValueSpecification","valueRequired":true,"valueName":"search_term_string"}}],"inLanguage":"pt-BR"},{"@type":"Organization","@id":"https:\/\/portalfadesp.org.br\/#organization","name":"FADESP","url":"https:\/\/portalfadesp.org.br\/","logo":{"@type":"ImageObject","inLanguage":"pt-BR","@id":"https:\/\/portalfadesp.org.br\/#\/schema\/logo\/image\/","url":"https:\/\/portalfadesp.org.br\/wp-content\/uploads\/2024\/01\/NOVOLOGOFADESPlaranjaH.png","contentUrl":"https:\/\/portalfadesp.org.br\/wp-content\/uploads\/2024\/01\/NOVOLOGOFADESPlaranjaH.png","width":2742,"height":839,"caption":"FADESP"},"image":{"@id":"https:\/\/portalfadesp.org.br\/#\/schema\/logo\/image\/"},"sameAs":["https:\/\/www.facebook.com\/Fadesp-138351949524662\/","https:\/\/x.com\/Fadesp","https:\/\/www.instagram.com\/fadesp_ufpa\/","https:\/\/www.youtube.com\/@fundacaodeamparoedesenvolv1903","https:\/\/www.threads.net\/@fadesp_ufpa"]}]}},"_links":{"self":[{"href":"https:\/\/portalfadesp.org.br\/index.php?rest_route=\/wp\/v2\/pages\/1550","targetHints":{"allow":["GET"]}}],"collection":[{"href":"https:\/\/portalfadesp.org.br\/index.php?rest_route=\/wp\/v2\/pages"}],"about":[{"href":"https:\/\/portalfadesp.org.br\/index.php?rest_route=\/wp\/v2\/types\/page"}],"author":[{"embeddable":true,"href":"https:\/\/portalfadesp.org.br\/index.php?rest_route=\/wp\/v2\/users\/9"}],"replies":[{"embeddable":true,"href":"https:\/\/portalfadesp.org.br\/index.php?rest_route=%2Fwp%2Fv2%2Fcomments&post=1550"}],"version-history":[{"count":25,"href":"https:\/\/portalfadesp.org.br\/index.php?rest_route=\/wp\/v2\/pages\/1550\/revisions"}],"predecessor-version":[{"id":36593,"href":"https:\/\/portalfadesp.org.br\/index.php?rest_route=\/wp\/v2\/pages\/1550\/revisions\/36593"}],"up":[{"embeddable":true,"href":"https:\/\/portalfadesp.org.br\/index.php?rest_route=\/wp\/v2\/pages\/329"}],"wp:attachment":[{"href":"https:\/\/portalfadesp.org.br\/index.php?rest_route=%2Fwp%2Fv2%2Fmedia&parent=1550"}],"curies":[{"name":"wp","href":"https:\/\/api.w.org\/{rel}","templated":true}]}}