{"id":1525,"date":"2014-05-22T05:18:27","date_gmt":"2014-05-22T08:18:27","guid":{"rendered":"https:\/\/162.215.13.167?page_id=1525"},"modified":"2022-12-20T12:23:12","modified_gmt":"2022-12-20T15:23:12","slug":"conselho-regional-de-engenharia-e-agronomia-do-para-crea-pa-2014","status":"publish","type":"page","link":"https:\/\/portalfadesp.org.br\/?page_id=1525","title":{"rendered":"Conselho Regional de Engenharia e Agronomia do Par\u00e1 (CREA-PA) &#8211; 2014"},"content":{"rendered":"\t\t<div data-elementor-type=\"wp-post\" data-elementor-id=\"1525\" class=\"elementor elementor-1525\" data-elementor-post-type=\"page\">\n\t\t\t\t\t\t<section class=\"elementor-section elementor-top-section elementor-element elementor-element-42849c35 elementor-section-boxed elementor-section-height-default elementor-section-height-default\" data-id=\"42849c35\" data-element_type=\"section\">\n\t\t\t\t\t\t<div class=\"elementor-container elementor-column-gap-default\">\n\t\t\t\t\t<div class=\"elementor-column elementor-col-100 elementor-top-column elementor-element elementor-element-698a7b83\" data-id=\"698a7b83\" data-element_type=\"column\">\n\t\t\t<div class=\"elementor-widget-wrap elementor-element-populated\">\n\t\t\t\t\t\t<div class=\"elementor-element elementor-element-66ba69fd elementor-widget elementor-widget-heading\" data-id=\"66ba69fd\" data-element_type=\"widget\" data-widget_type=\"heading.default\">\n\t\t\t\t<div class=\"elementor-widget-container\">\n\t\t\t\t\t<h1 class=\"elementor-heading-title elementor-size-default\">Conselho Regional de Engenharia e Agronomia do Par\u00e1 (CREA-PA) - 2014\n<\/h1>\t\t\t\t<\/div>\n\t\t\t\t<\/div>\n\t\t\t\t<section class=\"elementor-section elementor-inner-section elementor-element elementor-element-5bec0c14 elementor-section-boxed elementor-section-height-default elementor-section-height-default\" data-id=\"5bec0c14\" data-element_type=\"section\">\n\t\t\t\t\t\t<div class=\"elementor-container elementor-column-gap-default\">\n\t\t\t\t\t<div class=\"elementor-column elementor-col-50 elementor-inner-column elementor-element elementor-element-1615e059\" data-id=\"1615e059\" data-element_type=\"column\">\n\t\t\t<div class=\"elementor-widget-wrap elementor-element-populated\">\n\t\t\t\t\t\t<div class=\"elementor-element elementor-element-32f0b3ab elementor-widget elementor-widget-text-editor\" data-id=\"32f0b3ab\" data-element_type=\"widget\" data-widget_type=\"text-editor.default\">\n\t\t\t\t<div class=\"elementor-widget-container\">\n\t\t\t\t\t\t\t\t\t<p>O Conselho Regional de Engenharia e Agronomia (CREA\/PA)<strong>\u00a0<\/strong>torna p\u00fablica a abertura de inscri\u00e7\u00e3o ao concurso p\u00fablico para provimento de vagas do quadro de pessoal e cadastro de reserva nos n\u00edveis Fundamental, M\u00e9dio e Superior.<\/p><p><strong>Vagas &#8211;\u00a0<\/strong>20<\/p><p><strong>Cargos &#8211;\u00a0<\/strong>Auxiliar administrativo, auxiliar t\u00e9cnico, agente de fiscaliza\u00e7\u00e3o e analista t\u00e9cnico.<\/p><p><strong>Remunera\u00e7\u00e3o &#8211;\u00a0<\/strong>R$ 678,00 a R$ 1774,26<\/p><p><strong>Inscri\u00e7\u00f5es &#8211;\u00a0\u00a0<\/strong>das 16h de 23\/01\/2014 \u00e0s 16h de 24\/03\/2014<\/p><p><strong>Taxa &#8211;\u00a0<\/strong>R$ 45,00 a R$ 70,00<\/p><p><strong>Datas importantes<\/strong><\/p><p>-Inscri\u00e7\u00e3o: de 23\/01\/14 a 24\/03\/14. Para quem pediu, mas n\u00e3o obteve isen\u00e7\u00e3o, a inscri\u00e7\u00e3o vai at\u00e9 25\/03\/14.<\/p><p>-Pagamento da taxa: at\u00e9 dia 25\/03\/14.<\/p><p>-Impress\u00e3o do cart\u00e3o de confirma\u00e7\u00e3o: de 27\/03\/14 a 31\/03\/14.<\/p><p>-Prova: 06\/04\/14, das 8h \u00e0s 12h (hor\u00e1rio de Bras\u00edlia), nas cidades de\u00a0Altamira, Bel\u00e9m, Castanhal, Marab\u00e1, Parauapebas, Reden\u00e7\u00e3o e Santar\u00e9m.<\/p>\t\t\t\t\t\t\t\t<\/div>\n\t\t\t\t<\/div>\n\t\t\t\t\t<\/div>\n\t\t<\/div>\n\t\t\t\t<div class=\"elementor-column elementor-col-50 elementor-inner-column elementor-element elementor-element-376bec7a\" data-id=\"376bec7a\" data-element_type=\"column\">\n\t\t\t<div class=\"elementor-widget-wrap elementor-element-populated\">\n\t\t\t\t\t\t<div class=\"elementor-element elementor-element-6a5e2be3 elementor-widget elementor-widget-text-editor\" data-id=\"6a5e2be3\" data-element_type=\"widget\" data-widget_type=\"text-editor.default\">\n\t\t\t\t<div class=\"elementor-widget-container\">\n\t\t\t\t\t\t\t\t\t<p style=\"text-align: center;\"><span style=\"color: #ffffff;\"><strong>Editais e Avisos<\/strong><\/span><\/p>\t\t\t\t\t\t\t\t<\/div>\n\t\t\t\t<\/div>\n\t\t\t\t<div class=\"elementor-element elementor-element-18d0acb elementor-widget elementor-widget-text-editor\" data-id=\"18d0acb\" data-element_type=\"widget\" data-widget_type=\"text-editor.default\">\n\t\t\t\t<div class=\"elementor-widget-container\">\n\t\t\t\t\t\t\t\t\t<table width=\"80\">\n<tbody>\n<tr>\n<td width=\"80\"><strong><a href=\"http:\/\/concursos.fadesp.org.br\/crea2014\/arquivos\/Edital%20n%C2%B0%2003_2014_Crea-PA_Homologa%C3%A7%C3%A3o.pdf\">\u00a0Edital de Homologa\u00e7\u00e3o<\/a><\/strong><\/td>\n<\/tr>\n<tr>\n<td><strong><a href=\"http:\/\/concursos.fadesp.org.br\/crea2014\/arquivos\/Resultado%20da%20Prova%20Objetiva%20do%20CREA-PA.pdf\">Resultado da Prova Objetiva<\/a><\/strong><\/td>\n<\/tr>\n<tr>\n<td><strong><a href=\"http:\/\/concursos.fadesp.org.br\/crea2014\/arquivos\/Gabarito%20Oficial%20Definitivo%20-%20DIA%2006.04.2014.pdf\">\u00a0Gabarito Oficial Definitivo &#8211; DIA 06.04.2014\u00a0<\/a><\/strong><\/td>\n<\/tr>\n<tr>\n<td><strong><a href=\"http:\/\/concursos.fadesp.org.br\/crea2014\/arquivos\/Gabarito%20Oficial%20Preliminar%20-%20DIA%2006.04.2014.pdf\">\u00a0Gabarito Oficial Preliminar &#8211; DIA 06.04.2014<\/a><\/strong><\/td>\n<\/tr>\n<tr>\n<td><strong><a href=\"http:\/\/concursos.fadesp.org.br\/crea2014\/arquivos\/Demanda.pdf\">\u00a0Demanda<\/a><\/strong><\/td>\n<\/tr>\n<tr>\n<td><strong><a href=\"http:\/\/concursos.fadesp.org.br\/crea2014\/arquivos\/Resultado%20do%20Processo%20de%20%20%20%20%20%20Isen%C3%A7%C3%A3o.pdf\">Resultado do Processo de Isen\u00e7\u00e3o<\/a><\/strong><\/td>\n<\/tr>\n<tr>\n<td><strong><a href=\"http:\/\/concursos.fadesp.org.br\/crea2014\/arquivos\/Edital%20n%C2%B0%2002_2014_Prorroga%C3%A7%C3%A3o%20das%20Inscri%C3%A7%C3%B5es.pdf\">Edital n\u00ba02\/2014 &#8211; Prorroga\u00e7\u00e3o das Inscri\u00e7\u00f5es<\/a><\/strong><\/td>\n<\/tr>\n<tr>\n<td><strong><a href=\"http:\/\/concursos.fadesp.org.br\/crea2014\/arquivos\/Formul%C3%A1rio%20de%20Portador%20de%20Defici%C3%AAncia.pdf\">Formul\u00e1rio de Portador de Defici\u00eancia<\/a><\/strong><\/td>\n<\/tr>\n<tr>\n<td><strong><a href=\"http:\/\/concursos.fadesp.org.br\/crea2014\/arquivos\/Tabela%20de%20Cargos.pdf\">Tabela de Cargos<\/a><\/strong><\/td>\n<\/tr>\n<tr>\n<td><strong><a href=\"http:\/\/concursos.fadesp.org.br\/crea2014\/arquivos\/Edital%20n%C2%B0%2001_2014_CREAPA.pdf\">\u00a0Edital n\u00ba01\/2014<\/a><\/strong><\/td>\n<\/tr>\n<\/tbody>\n<\/table>\t\t\t\t\t\t\t\t<\/div>\n\t\t\t\t<\/div>\n\t\t\t\t\t<\/div>\n\t\t<\/div>\n\t\t\t\t\t<\/div>\n\t\t<\/section>\n\t\t\t\t\t<\/div>\n\t\t<\/div>\n\t\t\t\t\t<\/div>\n\t\t<\/section>\n\t\t\t\t<\/div>\n\t\t","protected":false},"excerpt":{"rendered":"<p>Conselho Regional de Engenharia e Agronomia do Par\u00e1 (CREA-PA) &#8211; 2014 O Conselho Regional de Engenharia e Agronomia (CREA\/PA)\u00a0torna p\u00fablica a abertura de inscri\u00e7\u00e3o ao concurso p\u00fablico para provimento de vagas do quadro de pessoal e cadastro de reserva nos n\u00edveis Fundamental, M\u00e9dio e Superior. Vagas &#8211;\u00a020 Cargos &#8211;\u00a0Auxiliar administrativo, auxiliar t\u00e9cnico, agente de fiscaliza\u00e7\u00e3o [&hellip;]<\/p>\n","protected":false},"author":9,"featured_media":0,"parent":329,"menu_order":55,"comment_status":"closed","ping_status":"closed","template":"","meta":{"_monsterinsights_skip_tracking":false,"_monsterinsights_sitenote_active":false,"_monsterinsights_sitenote_note":"","_monsterinsights_sitenote_category":0,"footnotes":""},"class_list":["post-1525","page","type-page","status-publish","hentry","entry"],"yoast_head":"<!-- This site is optimized with the Yoast SEO plugin v25.1 - https:\/\/yoast.com\/wordpress\/plugins\/seo\/ -->\n<title>Conselho Regional de Engenharia e Agronomia do Par\u00e1 (CREA-PA) - 2014 - FADESP<\/title>\n<meta name=\"robots\" content=\"index, follow, max-snippet:-1, max-image-preview:large, max-video-preview:-1\" \/>\n<link rel=\"canonical\" href=\"https:\/\/portalfadesp.org.br\/?page_id=1525\" \/>\n<meta property=\"og:locale\" content=\"pt_BR\" \/>\n<meta property=\"og:type\" content=\"article\" \/>\n<meta property=\"og:title\" content=\"Conselho Regional de Engenharia e Agronomia do Par\u00e1 (CREA-PA) - 2014 - FADESP\" \/>\n<meta property=\"og:description\" content=\"Conselho Regional de Engenharia e Agronomia do Par\u00e1 (CREA-PA) &#8211; 2014 O Conselho Regional de Engenharia e Agronomia (CREA\/PA)\u00a0torna p\u00fablica a abertura de inscri\u00e7\u00e3o ao concurso p\u00fablico para provimento de vagas do quadro de pessoal e cadastro de reserva nos n\u00edveis Fundamental, M\u00e9dio e Superior. Vagas &#8211;\u00a020 Cargos &#8211;\u00a0Auxiliar administrativo, auxiliar t\u00e9cnico, agente de fiscaliza\u00e7\u00e3o [&hellip;]\" \/>\n<meta property=\"og:url\" content=\"https:\/\/portalfadesp.org.br\/?page_id=1525\" \/>\n<meta property=\"og:site_name\" content=\"FADESP\" \/>\n<meta property=\"article:publisher\" content=\"https:\/\/www.facebook.com\/Fadesp-138351949524662\/\" \/>\n<meta property=\"article:modified_time\" content=\"2022-12-20T15:23:12+00:00\" \/>\n<meta name=\"twitter:card\" content=\"summary_large_image\" \/>\n<meta name=\"twitter:site\" content=\"@Fadesp\" \/>\n<meta name=\"twitter:label1\" content=\"Est. tempo de leitura\" \/>\n\t<meta name=\"twitter:data1\" content=\"1 minuto\" \/>\n<script type=\"application\/ld+json\" class=\"yoast-schema-graph\">{\"@context\":\"https:\/\/schema.org\",\"@graph\":[{\"@type\":\"WebPage\",\"@id\":\"https:\/\/portalfadesp.org.br\/?page_id=1525\",\"url\":\"https:\/\/portalfadesp.org.br\/?page_id=1525\",\"name\":\"Conselho Regional de Engenharia e Agronomia do Par\u00e1 (CREA-PA) - 2014 - FADESP\",\"isPartOf\":{\"@id\":\"https:\/\/portalfadesp.org.br\/#website\"},\"datePublished\":\"2014-05-22T08:18:27+00:00\",\"dateModified\":\"2022-12-20T15:23:12+00:00\",\"breadcrumb\":{\"@id\":\"https:\/\/portalfadesp.org.br\/?page_id=1525#breadcrumb\"},\"inLanguage\":\"pt-BR\",\"potentialAction\":[{\"@type\":\"ReadAction\",\"target\":[\"https:\/\/portalfadesp.org.br\/?page_id=1525\"]}]},{\"@type\":\"BreadcrumbList\",\"@id\":\"https:\/\/portalfadesp.org.br\/?page_id=1525#breadcrumb\",\"itemListElement\":[{\"@type\":\"ListItem\",\"position\":1,\"name\":\"In\u00edcio\",\"item\":\"https:\/\/portalfadesp.org.br\/\"},{\"@type\":\"ListItem\",\"position\":2,\"name\":\"Concursos &#8211; Homologados\",\"item\":\"https:\/\/portalfadesp.org.br\/?page_id=329\"},{\"@type\":\"ListItem\",\"position\":3,\"name\":\"Conselho Regional de Engenharia e Agronomia do Par\u00e1 (CREA-PA) &#8211; 2014\"}]},{\"@type\":\"WebSite\",\"@id\":\"https:\/\/portalfadesp.org.br\/#website\",\"url\":\"https:\/\/portalfadesp.org.br\/\",\"name\":\"FADESP\",\"description\":\"Funda\u00e7\u00e3o de Amparo e Desenvolvimento da Pesquisa\",\"publisher\":{\"@id\":\"https:\/\/portalfadesp.org.br\/#organization\"},\"potentialAction\":[{\"@type\":\"SearchAction\",\"target\":{\"@type\":\"EntryPoint\",\"urlTemplate\":\"https:\/\/portalfadesp.org.br\/?s={search_term_string}\"},\"query-input\":{\"@type\":\"PropertyValueSpecification\",\"valueRequired\":true,\"valueName\":\"search_term_string\"}}],\"inLanguage\":\"pt-BR\"},{\"@type\":\"Organization\",\"@id\":\"https:\/\/portalfadesp.org.br\/#organization\",\"name\":\"FADESP\",\"url\":\"https:\/\/portalfadesp.org.br\/\",\"logo\":{\"@type\":\"ImageObject\",\"inLanguage\":\"pt-BR\",\"@id\":\"https:\/\/portalfadesp.org.br\/#\/schema\/logo\/image\/\",\"url\":\"https:\/\/portalfadesp.org.br\/wp-content\/uploads\/2024\/01\/NOVOLOGOFADESPlaranjaH.png\",\"contentUrl\":\"https:\/\/portalfadesp.org.br\/wp-content\/uploads\/2024\/01\/NOVOLOGOFADESPlaranjaH.png\",\"width\":2742,\"height\":839,\"caption\":\"FADESP\"},\"image\":{\"@id\":\"https:\/\/portalfadesp.org.br\/#\/schema\/logo\/image\/\"},\"sameAs\":[\"https:\/\/www.facebook.com\/Fadesp-138351949524662\/\",\"https:\/\/x.com\/Fadesp\",\"https:\/\/www.instagram.com\/fadesp_ufpa\/\",\"https:\/\/www.youtube.com\/@fundacaodeamparoedesenvolv1903\",\"https:\/\/www.threads.net\/@fadesp_ufpa\"]}]}<\/script>\n<!-- \/ Yoast SEO plugin. -->","yoast_head_json":{"title":"Conselho Regional de Engenharia e Agronomia do Par\u00e1 (CREA-PA) - 2014 - FADESP","robots":{"index":"index","follow":"follow","max-snippet":"max-snippet:-1","max-image-preview":"max-image-preview:large","max-video-preview":"max-video-preview:-1"},"canonical":"https:\/\/portalfadesp.org.br\/?page_id=1525","og_locale":"pt_BR","og_type":"article","og_title":"Conselho Regional de Engenharia e Agronomia do Par\u00e1 (CREA-PA) - 2014 - FADESP","og_description":"Conselho Regional de Engenharia e Agronomia do Par\u00e1 (CREA-PA) &#8211; 2014 O Conselho Regional de Engenharia e Agronomia (CREA\/PA)\u00a0torna p\u00fablica a abertura de inscri\u00e7\u00e3o ao concurso p\u00fablico para provimento de vagas do quadro de pessoal e cadastro de reserva nos n\u00edveis Fundamental, M\u00e9dio e Superior. Vagas &#8211;\u00a020 Cargos &#8211;\u00a0Auxiliar administrativo, auxiliar t\u00e9cnico, agente de fiscaliza\u00e7\u00e3o [&hellip;]","og_url":"https:\/\/portalfadesp.org.br\/?page_id=1525","og_site_name":"FADESP","article_publisher":"https:\/\/www.facebook.com\/Fadesp-138351949524662\/","article_modified_time":"2022-12-20T15:23:12+00:00","twitter_card":"summary_large_image","twitter_site":"@Fadesp","twitter_misc":{"Est. tempo de leitura":"1 minuto"},"schema":{"@context":"https:\/\/schema.org","@graph":[{"@type":"WebPage","@id":"https:\/\/portalfadesp.org.br\/?page_id=1525","url":"https:\/\/portalfadesp.org.br\/?page_id=1525","name":"Conselho Regional de Engenharia e Agronomia do Par\u00e1 (CREA-PA) - 2014 - FADESP","isPartOf":{"@id":"https:\/\/portalfadesp.org.br\/#website"},"datePublished":"2014-05-22T08:18:27+00:00","dateModified":"2022-12-20T15:23:12+00:00","breadcrumb":{"@id":"https:\/\/portalfadesp.org.br\/?page_id=1525#breadcrumb"},"inLanguage":"pt-BR","potentialAction":[{"@type":"ReadAction","target":["https:\/\/portalfadesp.org.br\/?page_id=1525"]}]},{"@type":"BreadcrumbList","@id":"https:\/\/portalfadesp.org.br\/?page_id=1525#breadcrumb","itemListElement":[{"@type":"ListItem","position":1,"name":"In\u00edcio","item":"https:\/\/portalfadesp.org.br\/"},{"@type":"ListItem","position":2,"name":"Concursos &#8211; Homologados","item":"https:\/\/portalfadesp.org.br\/?page_id=329"},{"@type":"ListItem","position":3,"name":"Conselho Regional de Engenharia e Agronomia do Par\u00e1 (CREA-PA) &#8211; 2014"}]},{"@type":"WebSite","@id":"https:\/\/portalfadesp.org.br\/#website","url":"https:\/\/portalfadesp.org.br\/","name":"FADESP","description":"Funda\u00e7\u00e3o de Amparo e Desenvolvimento da Pesquisa","publisher":{"@id":"https:\/\/portalfadesp.org.br\/#organization"},"potentialAction":[{"@type":"SearchAction","target":{"@type":"EntryPoint","urlTemplate":"https:\/\/portalfadesp.org.br\/?s={search_term_string}"},"query-input":{"@type":"PropertyValueSpecification","valueRequired":true,"valueName":"search_term_string"}}],"inLanguage":"pt-BR"},{"@type":"Organization","@id":"https:\/\/portalfadesp.org.br\/#organization","name":"FADESP","url":"https:\/\/portalfadesp.org.br\/","logo":{"@type":"ImageObject","inLanguage":"pt-BR","@id":"https:\/\/portalfadesp.org.br\/#\/schema\/logo\/image\/","url":"https:\/\/portalfadesp.org.br\/wp-content\/uploads\/2024\/01\/NOVOLOGOFADESPlaranjaH.png","contentUrl":"https:\/\/portalfadesp.org.br\/wp-content\/uploads\/2024\/01\/NOVOLOGOFADESPlaranjaH.png","width":2742,"height":839,"caption":"FADESP"},"image":{"@id":"https:\/\/portalfadesp.org.br\/#\/schema\/logo\/image\/"},"sameAs":["https:\/\/www.facebook.com\/Fadesp-138351949524662\/","https:\/\/x.com\/Fadesp","https:\/\/www.instagram.com\/fadesp_ufpa\/","https:\/\/www.youtube.com\/@fundacaodeamparoedesenvolv1903","https:\/\/www.threads.net\/@fadesp_ufpa"]}]}},"_links":{"self":[{"href":"https:\/\/portalfadesp.org.br\/index.php?rest_route=\/wp\/v2\/pages\/1525","targetHints":{"allow":["GET"]}}],"collection":[{"href":"https:\/\/portalfadesp.org.br\/index.php?rest_route=\/wp\/v2\/pages"}],"about":[{"href":"https:\/\/portalfadesp.org.br\/index.php?rest_route=\/wp\/v2\/types\/page"}],"author":[{"embeddable":true,"href":"https:\/\/portalfadesp.org.br\/index.php?rest_route=\/wp\/v2\/users\/9"}],"replies":[{"embeddable":true,"href":"https:\/\/portalfadesp.org.br\/index.php?rest_route=%2Fwp%2Fv2%2Fcomments&post=1525"}],"version-history":[{"count":25,"href":"https:\/\/portalfadesp.org.br\/index.php?rest_route=\/wp\/v2\/pages\/1525\/revisions"}],"predecessor-version":[{"id":36596,"href":"https:\/\/portalfadesp.org.br\/index.php?rest_route=\/wp\/v2\/pages\/1525\/revisions\/36596"}],"up":[{"embeddable":true,"href":"https:\/\/portalfadesp.org.br\/index.php?rest_route=\/wp\/v2\/pages\/329"}],"wp:attachment":[{"href":"https:\/\/portalfadesp.org.br\/index.php?rest_route=%2Fwp%2Fv2%2Fmedia&parent=1525"}],"curies":[{"name":"wp","href":"https:\/\/api.w.org\/{rel}","templated":true}]}}