{"id":1523,"date":"2014-05-22T05:18:17","date_gmt":"2014-05-22T08:18:17","guid":{"rendered":"https:\/\/162.215.13.167?page_id=1523"},"modified":"2022-12-20T12:26:13","modified_gmt":"2022-12-20T15:26:13","slug":"prefeitura-de-santa-izabel-do-para-2014","status":"publish","type":"page","link":"https:\/\/portalfadesp.org.br\/?page_id=1523","title":{"rendered":"Prefeitura de Santa Izabel do Par\u00e1 &#8211; 2014"},"content":{"rendered":"\t\t<div data-elementor-type=\"wp-post\" data-elementor-id=\"1523\" class=\"elementor elementor-1523\" data-elementor-post-type=\"page\">\n\t\t\t\t\t\t<section class=\"elementor-section elementor-top-section elementor-element elementor-element-204c4c3 elementor-section-boxed elementor-section-height-default elementor-section-height-default\" data-id=\"204c4c3\" data-element_type=\"section\">\n\t\t\t\t\t\t<div class=\"elementor-container elementor-column-gap-default\">\n\t\t\t\t\t<div class=\"elementor-column elementor-col-100 elementor-top-column elementor-element elementor-element-3c484e47\" data-id=\"3c484e47\" data-element_type=\"column\">\n\t\t\t<div class=\"elementor-widget-wrap elementor-element-populated\">\n\t\t\t\t\t\t<div class=\"elementor-element elementor-element-1a767aec elementor-widget elementor-widget-heading\" data-id=\"1a767aec\" data-element_type=\"widget\" data-widget_type=\"heading.default\">\n\t\t\t\t<div class=\"elementor-widget-container\">\n\t\t\t\t\t<h1 class=\"elementor-heading-title elementor-size-default\">Prefeitura de Santa Izabel do Par\u00e1 - 2014\n<\/h1>\t\t\t\t<\/div>\n\t\t\t\t<\/div>\n\t\t\t\t<section class=\"elementor-section elementor-inner-section elementor-element elementor-element-3053df70 elementor-section-boxed elementor-section-height-default elementor-section-height-default\" data-id=\"3053df70\" data-element_type=\"section\">\n\t\t\t\t\t\t<div class=\"elementor-container elementor-column-gap-default\">\n\t\t\t\t\t<div class=\"elementor-column elementor-col-50 elementor-inner-column elementor-element elementor-element-1b131d93\" data-id=\"1b131d93\" data-element_type=\"column\">\n\t\t\t<div class=\"elementor-widget-wrap elementor-element-populated\">\n\t\t\t\t\t\t<div class=\"elementor-element elementor-element-25691015 elementor-widget elementor-widget-text-editor\" data-id=\"25691015\" data-element_type=\"widget\" data-widget_type=\"text-editor.default\">\n\t\t\t\t<div class=\"elementor-widget-container\">\n\t\t\t\t\t\t\t\t\t<p>A Prefeitura Municipal de Santa Izabel do Par\u00e1 (PMSIP), atrav\u00e9s da Secretaria Municipal de Sa\u00fade, supervisionado pela Secretaria Municipal de Administra\u00e7\u00e3o, torna p\u00fablica a Abertura do Concurso P\u00fablico, Edital n\u00b0 01\/2014\/PMSIP\/SEMSA \u2013 ACS\/ACE, para o preenchimento de vagas para os cargos de Agente Comunit\u00e1rio de Sa\u00fade (ACS) e Agentes de Combates \u00e0s Endemias (ACE).<br \/><strong><br \/>Vagas &#8211;\u00a0<\/strong>44 vagas imediatas, sendo 25 para o cargo de ACS (\u00e1rea urbana e rural) e 19 para o de ACE.<\/p><p>\u00a0 \u00a0 \u00a0 \u00a0 \u00a0 \u00a0 \u00a0-157 vagas para cadastro de reserva.\u00a0<\/p><p><strong>Cargos &#8211;\u00a0<\/strong>Agente Comunit\u00e1rio de Sa\u00fade (ACS) e Agentes de Combates \u00e0s Endemias (ACE).<\/p><p><strong>Remunera\u00e7\u00e3o &#8211;\u00a0<\/strong>R$ 1.014,00 mais 10% de adicional de insalubridade.<\/p><p><strong>Escolaridade exigida<\/strong>\u00a0&#8211; N\u00edvel Fundamental.\u00a0<\/p><p><strong>Inscri\u00e7\u00f5es &#8211;\u00a0<\/strong>15\/09\/14 a 20\/10\/14<\/p><p><strong>Taxa &#8211;\u00a0<\/strong>R$ 40,00<\/p><p><strong>Datas importantes<\/strong>:<\/p><p>Per\u00edodo de Inscri\u00e7\u00e3o &#8211; 15\/09\/14 a 20\/10\/14<\/p><p>Pedido de isen\u00e7\u00e3o da taxa para Pessoa com Defici\u00eancia &#8211; 15\/09\/14 a 30\/09\/14\u00a0\u00a0<\/p><p>Pagamento do boleto banc\u00e1rio &#8211; at\u00e9 21\/10\/14<\/p><p>Cart\u00e3o de Inscri\u00e7\u00e3o\u00a0 1\u00aa\u00a0 etapa &#8211; 23 a 27\/10\/14<\/p><p>\u00a0 \u00a0 \u00a0 \u00a0 \u00a0 \u00a0 \u00a0 \u00a0 \u00a0 \u00a0 \u00a0 \u00a0 \u00a0 \u00a0 \u00a0 \u00a0 \u00a0 2\u00aa etapa 25 a 28\/11\/14<\/p><p>Data da prova objetiva (aplicada em Santa Izabel)<br \/>&#8211; 1\u00aa\u00a0 etapa &#8211; 02\/11\/14 (das 8h \u00e0s 12h, hor\u00e1rio local, para cargo de ACE,\u00a0 e das 14h30 \u00e0s 18h30 para cargo de ACS, hor\u00e1rio local).<br \/>&#8211; 2\u00aa etapa &#8211; 14\/12\/14 (das 8h \u00e0s 12h, hor\u00e1rio local).<\/p>\t\t\t\t\t\t\t\t<\/div>\n\t\t\t\t<\/div>\n\t\t\t\t\t<\/div>\n\t\t<\/div>\n\t\t\t\t<div class=\"elementor-column elementor-col-50 elementor-inner-column elementor-element elementor-element-e6c5114\" data-id=\"e6c5114\" data-element_type=\"column\">\n\t\t\t<div class=\"elementor-widget-wrap elementor-element-populated\">\n\t\t\t\t\t\t<div class=\"elementor-element elementor-element-106cd6a8 elementor-widget elementor-widget-text-editor\" data-id=\"106cd6a8\" data-element_type=\"widget\" data-widget_type=\"text-editor.default\">\n\t\t\t\t<div class=\"elementor-widget-container\">\n\t\t\t\t\t\t\t\t\t<p style=\"text-align: center;\"><span style=\"color: #ffffff;\"><strong>Editais e Avisos<\/strong><\/span><\/p>\t\t\t\t\t\t\t\t<\/div>\n\t\t\t\t<\/div>\n\t\t\t\t<div class=\"elementor-element elementor-element-53f0b29e elementor-widget elementor-widget-text-editor\" data-id=\"53f0b29e\" data-element_type=\"widget\" data-widget_type=\"text-editor.default\">\n\t\t\t\t<div class=\"elementor-widget-container\">\n\t\t\t\t\t\t\t\t\t<table width=\"72\">\n<tbody>\n<tr>\n<td width=\"72\"><strong><a href=\"http:\/\/concursos.fadesp.org.br\/pmsi2014\/arquivos\/Homologa%C3%A7%C3%A3o.pdf\">Homologa\u00e7\u00e3o<\/a><\/strong><\/td>\n<\/tr>\n<tr>\n<td><strong><a href=\"http:\/\/concursos.fadesp.org.br\/pmsi2014\/arquivos\/Resultado%20Final.pdf\">Resultado Final\u00a0<\/a><\/strong><\/td>\n<\/tr>\n<tr>\n<td><strong><a href=\"http:\/\/concursos.fadesp.org.br\/pmsi2014\/arquivos\/Resultado%20Geral%20da%202a%20Etapa.pdf\">Resultado Geral da 2\u00aa Etapa\u00a0<\/a><\/strong><\/td>\n<\/tr>\n<tr>\n<td><strong><a href=\"http:\/\/concursos.fadesp.org.br\/pmsi2014\/arquivos\/Gabarito%20Oficial%20Definitivo%202aEtapa.pdf\">Gabarito Oficial Definitivo &#8211; 2\u00aa ETAPA &#8211; DIA 14\/12\/2014<\/a><\/strong><\/td>\n<\/tr>\n<tr>\n<td><strong><a href=\"http:\/\/concursos.fadesp.org.br\/pmsi2014\/arquivos\/Gabarito%20Oficial%20Preliminar%20-%202%C2%AA%20ETAPA%20-%20DIA%2014.12.2014.pdf\">Gabarito Oficial Preliminar &#8211; 2\u00aa ETAPA &#8211; DIA 14\/12\/2014\u00a0<\/a><\/strong><\/td>\n<\/tr>\n<tr>\n<td><strong><a href=\"http:\/\/concursos.fadesp.org.br\/pmsi2014\/arquivos\/Formul%C3%A1rio%20de%20Sabadista.pdf\">Formul\u00e1rio de Sabadista<\/a><\/strong><\/td>\n<\/tr>\n<tr>\n<td><strong><a href=\"http:\/\/concursos.fadesp.org.br\/pmsi2014\/arquivos\/Convoca%C3%A7%C3%A3o%20a%202a%20Etapa.pdf\">Convoca\u00e7\u00e3o a 2\u00aa Etapa &#8211; Retificado<\/a><\/strong><\/td>\n<\/tr>\n<tr>\n<td><strong><a href=\"http:\/\/concursos.fadesp.org.br\/pmsi2014\/arquivos\/Resultado%20Geral%20da%201a%20Etapa.pdf\">Resultado Geral da 1\u00aa Etapa<\/a><\/strong><\/td>\n<\/tr>\n<tr>\n<td><strong><a href=\"http:\/\/concursos.fadesp.org.br\/pmsi2014\/arquivos\/Edital%20n%C2%B0%2003_2014%20-%20Data%20da%20segunda%20prova%20objetiva.pdf\">Edital 03\/2014 &#8211; Data da Segunda Prova Objetiva<\/a><\/strong><\/td>\n<\/tr>\n<tr>\n<td><strong><a href=\"http:\/\/concursos.fadesp.org.br\/pmsi2014\/arquivos\/Gabarito%20Oficial%20Definitivo.pdf\">Gabarito Oficial Definitivo\u00a0<\/a><\/strong><\/td>\n<\/tr>\n<tr>\n<td><strong><a href=\"http:\/\/concursos.fadesp.org.br\/pmsi2014\/arquivos\/Gabarito%20Oficial%20Preliminar%20-%20DIA%2002.11.2014.pdf\">Gabarito Oficial Preliminar &#8211; DIA 02.11.2014<\/a><\/strong><\/td>\n<\/tr>\n<tr>\n<td><strong><a href=\"..\/midias\/anexos\/409_aviso_-__horario_da_prova_objetiva_do_dia_02_11_2014.pdf\">Aviso Hor\u00e1rio das Provas\u00a0<\/a><\/strong><\/td>\n<\/tr>\n<tr>\n<td><strong><span style=\"color: #000000;\">Edital 02\/2014 &#8211; Retifica\u00e7\u00e3o Hor\u00e1rio da Prova<\/span><\/strong><\/td>\n<\/tr>\n<tr>\n<td><strong><span style=\"color: #000000;\">Requisitos de investidura nos cargos<\/span><\/strong><\/td>\n<\/tr>\n<tr>\n<td><strong><a href=\"http:\/\/concursos.fadesp.org.br\/pmsi2014\/arquivos\/Tabela%20de%20Cargos.pdf\">Tabela de cargos &#8211; Retificada<\/a><\/strong><\/td>\n<\/tr>\n<tr>\n<td><strong><a href=\"..\/midias\/anexos\/409_pcd.pdf\">Formul\u00e1rio PcD<\/a><\/strong><\/td>\n<\/tr>\n<tr>\n<td><strong><a href=\"http:\/\/concursos.fadesp.org.br\/pmsi2014\/arquivos\/Anexo%20sem%20t%C3%ADtulo%2000016.pdf\">Edital 01\/2014 &#8211; Retificado<\/a><\/strong><\/td>\n<\/tr>\n<\/tbody>\n<\/table>\t\t\t\t\t\t\t\t<\/div>\n\t\t\t\t<\/div>\n\t\t\t\t\t<\/div>\n\t\t<\/div>\n\t\t\t\t\t<\/div>\n\t\t<\/section>\n\t\t\t\t\t<\/div>\n\t\t<\/div>\n\t\t\t\t\t<\/div>\n\t\t<\/section>\n\t\t\t\t<\/div>\n\t\t","protected":false},"excerpt":{"rendered":"<p>Prefeitura de Santa Izabel do Par\u00e1 &#8211; 2014 A Prefeitura Municipal de Santa Izabel do Par\u00e1 (PMSIP), atrav\u00e9s da Secretaria Municipal de Sa\u00fade, supervisionado pela Secretaria Municipal de Administra\u00e7\u00e3o, torna p\u00fablica a Abertura do Concurso P\u00fablico, Edital n\u00b0 01\/2014\/PMSIP\/SEMSA \u2013 ACS\/ACE, para o preenchimento de vagas para os cargos de Agente Comunit\u00e1rio de Sa\u00fade (ACS) [&hellip;]<\/p>\n","protected":false},"author":9,"featured_media":0,"parent":329,"menu_order":55,"comment_status":"closed","ping_status":"closed","template":"","meta":{"_monsterinsights_skip_tracking":false,"_monsterinsights_sitenote_active":false,"_monsterinsights_sitenote_note":"","_monsterinsights_sitenote_category":0,"footnotes":""},"class_list":["post-1523","page","type-page","status-publish","hentry","entry"],"yoast_head":"<!-- This site is optimized with the Yoast SEO plugin v25.1 - https:\/\/yoast.com\/wordpress\/plugins\/seo\/ -->\n<title>Prefeitura de Santa Izabel do Par\u00e1 - 2014 - FADESP<\/title>\n<meta name=\"robots\" content=\"index, follow, max-snippet:-1, max-image-preview:large, max-video-preview:-1\" \/>\n<link rel=\"canonical\" href=\"https:\/\/portalfadesp.org.br\/?page_id=1523\" \/>\n<meta property=\"og:locale\" content=\"pt_BR\" \/>\n<meta property=\"og:type\" content=\"article\" \/>\n<meta property=\"og:title\" content=\"Prefeitura de Santa Izabel do Par\u00e1 - 2014 - FADESP\" \/>\n<meta property=\"og:description\" content=\"Prefeitura de Santa Izabel do Par\u00e1 &#8211; 2014 A Prefeitura Municipal de Santa Izabel do Par\u00e1 (PMSIP), atrav\u00e9s da Secretaria Municipal de Sa\u00fade, supervisionado pela Secretaria Municipal de Administra\u00e7\u00e3o, torna p\u00fablica a Abertura do Concurso P\u00fablico, Edital n\u00b0 01\/2014\/PMSIP\/SEMSA \u2013 ACS\/ACE, para o preenchimento de vagas para os cargos de Agente Comunit\u00e1rio de Sa\u00fade (ACS) [&hellip;]\" \/>\n<meta property=\"og:url\" content=\"https:\/\/portalfadesp.org.br\/?page_id=1523\" \/>\n<meta property=\"og:site_name\" content=\"FADESP\" \/>\n<meta property=\"article:publisher\" content=\"https:\/\/www.facebook.com\/Fadesp-138351949524662\/\" \/>\n<meta property=\"article:modified_time\" content=\"2022-12-20T15:26:13+00:00\" \/>\n<meta name=\"twitter:card\" content=\"summary_large_image\" \/>\n<meta name=\"twitter:site\" content=\"@Fadesp\" \/>\n<meta name=\"twitter:label1\" content=\"Est. tempo de leitura\" \/>\n\t<meta name=\"twitter:data1\" content=\"1 minuto\" \/>\n<script type=\"application\/ld+json\" class=\"yoast-schema-graph\">{\"@context\":\"https:\/\/schema.org\",\"@graph\":[{\"@type\":\"WebPage\",\"@id\":\"https:\/\/portalfadesp.org.br\/?page_id=1523\",\"url\":\"https:\/\/portalfadesp.org.br\/?page_id=1523\",\"name\":\"Prefeitura de Santa Izabel do Par\u00e1 - 2014 - FADESP\",\"isPartOf\":{\"@id\":\"https:\/\/portalfadesp.org.br\/#website\"},\"datePublished\":\"2014-05-22T08:18:17+00:00\",\"dateModified\":\"2022-12-20T15:26:13+00:00\",\"breadcrumb\":{\"@id\":\"https:\/\/portalfadesp.org.br\/?page_id=1523#breadcrumb\"},\"inLanguage\":\"pt-BR\",\"potentialAction\":[{\"@type\":\"ReadAction\",\"target\":[\"https:\/\/portalfadesp.org.br\/?page_id=1523\"]}]},{\"@type\":\"BreadcrumbList\",\"@id\":\"https:\/\/portalfadesp.org.br\/?page_id=1523#breadcrumb\",\"itemListElement\":[{\"@type\":\"ListItem\",\"position\":1,\"name\":\"In\u00edcio\",\"item\":\"https:\/\/portalfadesp.org.br\/\"},{\"@type\":\"ListItem\",\"position\":2,\"name\":\"Concursos &#8211; Homologados\",\"item\":\"https:\/\/portalfadesp.org.br\/?page_id=329\"},{\"@type\":\"ListItem\",\"position\":3,\"name\":\"Prefeitura de Santa Izabel do Par\u00e1 &#8211; 2014\"}]},{\"@type\":\"WebSite\",\"@id\":\"https:\/\/portalfadesp.org.br\/#website\",\"url\":\"https:\/\/portalfadesp.org.br\/\",\"name\":\"FADESP\",\"description\":\"Funda\u00e7\u00e3o de Amparo e Desenvolvimento da Pesquisa\",\"publisher\":{\"@id\":\"https:\/\/portalfadesp.org.br\/#organization\"},\"potentialAction\":[{\"@type\":\"SearchAction\",\"target\":{\"@type\":\"EntryPoint\",\"urlTemplate\":\"https:\/\/portalfadesp.org.br\/?s={search_term_string}\"},\"query-input\":{\"@type\":\"PropertyValueSpecification\",\"valueRequired\":true,\"valueName\":\"search_term_string\"}}],\"inLanguage\":\"pt-BR\"},{\"@type\":\"Organization\",\"@id\":\"https:\/\/portalfadesp.org.br\/#organization\",\"name\":\"FADESP\",\"url\":\"https:\/\/portalfadesp.org.br\/\",\"logo\":{\"@type\":\"ImageObject\",\"inLanguage\":\"pt-BR\",\"@id\":\"https:\/\/portalfadesp.org.br\/#\/schema\/logo\/image\/\",\"url\":\"https:\/\/portalfadesp.org.br\/wp-content\/uploads\/2024\/01\/NOVOLOGOFADESPlaranjaH.png\",\"contentUrl\":\"https:\/\/portalfadesp.org.br\/wp-content\/uploads\/2024\/01\/NOVOLOGOFADESPlaranjaH.png\",\"width\":2742,\"height\":839,\"caption\":\"FADESP\"},\"image\":{\"@id\":\"https:\/\/portalfadesp.org.br\/#\/schema\/logo\/image\/\"},\"sameAs\":[\"https:\/\/www.facebook.com\/Fadesp-138351949524662\/\",\"https:\/\/x.com\/Fadesp\",\"https:\/\/www.instagram.com\/fadesp_ufpa\/\",\"https:\/\/www.youtube.com\/@fundacaodeamparoedesenvolv1903\",\"https:\/\/www.threads.net\/@fadesp_ufpa\"]}]}<\/script>\n<!-- \/ Yoast SEO plugin. -->","yoast_head_json":{"title":"Prefeitura de Santa Izabel do Par\u00e1 - 2014 - FADESP","robots":{"index":"index","follow":"follow","max-snippet":"max-snippet:-1","max-image-preview":"max-image-preview:large","max-video-preview":"max-video-preview:-1"},"canonical":"https:\/\/portalfadesp.org.br\/?page_id=1523","og_locale":"pt_BR","og_type":"article","og_title":"Prefeitura de Santa Izabel do Par\u00e1 - 2014 - FADESP","og_description":"Prefeitura de Santa Izabel do Par\u00e1 &#8211; 2014 A Prefeitura Municipal de Santa Izabel do Par\u00e1 (PMSIP), atrav\u00e9s da Secretaria Municipal de Sa\u00fade, supervisionado pela Secretaria Municipal de Administra\u00e7\u00e3o, torna p\u00fablica a Abertura do Concurso P\u00fablico, Edital n\u00b0 01\/2014\/PMSIP\/SEMSA \u2013 ACS\/ACE, para o preenchimento de vagas para os cargos de Agente Comunit\u00e1rio de Sa\u00fade (ACS) [&hellip;]","og_url":"https:\/\/portalfadesp.org.br\/?page_id=1523","og_site_name":"FADESP","article_publisher":"https:\/\/www.facebook.com\/Fadesp-138351949524662\/","article_modified_time":"2022-12-20T15:26:13+00:00","twitter_card":"summary_large_image","twitter_site":"@Fadesp","twitter_misc":{"Est. tempo de leitura":"1 minuto"},"schema":{"@context":"https:\/\/schema.org","@graph":[{"@type":"WebPage","@id":"https:\/\/portalfadesp.org.br\/?page_id=1523","url":"https:\/\/portalfadesp.org.br\/?page_id=1523","name":"Prefeitura de Santa Izabel do Par\u00e1 - 2014 - FADESP","isPartOf":{"@id":"https:\/\/portalfadesp.org.br\/#website"},"datePublished":"2014-05-22T08:18:17+00:00","dateModified":"2022-12-20T15:26:13+00:00","breadcrumb":{"@id":"https:\/\/portalfadesp.org.br\/?page_id=1523#breadcrumb"},"inLanguage":"pt-BR","potentialAction":[{"@type":"ReadAction","target":["https:\/\/portalfadesp.org.br\/?page_id=1523"]}]},{"@type":"BreadcrumbList","@id":"https:\/\/portalfadesp.org.br\/?page_id=1523#breadcrumb","itemListElement":[{"@type":"ListItem","position":1,"name":"In\u00edcio","item":"https:\/\/portalfadesp.org.br\/"},{"@type":"ListItem","position":2,"name":"Concursos &#8211; Homologados","item":"https:\/\/portalfadesp.org.br\/?page_id=329"},{"@type":"ListItem","position":3,"name":"Prefeitura de Santa Izabel do Par\u00e1 &#8211; 2014"}]},{"@type":"WebSite","@id":"https:\/\/portalfadesp.org.br\/#website","url":"https:\/\/portalfadesp.org.br\/","name":"FADESP","description":"Funda\u00e7\u00e3o de Amparo e Desenvolvimento da Pesquisa","publisher":{"@id":"https:\/\/portalfadesp.org.br\/#organization"},"potentialAction":[{"@type":"SearchAction","target":{"@type":"EntryPoint","urlTemplate":"https:\/\/portalfadesp.org.br\/?s={search_term_string}"},"query-input":{"@type":"PropertyValueSpecification","valueRequired":true,"valueName":"search_term_string"}}],"inLanguage":"pt-BR"},{"@type":"Organization","@id":"https:\/\/portalfadesp.org.br\/#organization","name":"FADESP","url":"https:\/\/portalfadesp.org.br\/","logo":{"@type":"ImageObject","inLanguage":"pt-BR","@id":"https:\/\/portalfadesp.org.br\/#\/schema\/logo\/image\/","url":"https:\/\/portalfadesp.org.br\/wp-content\/uploads\/2024\/01\/NOVOLOGOFADESPlaranjaH.png","contentUrl":"https:\/\/portalfadesp.org.br\/wp-content\/uploads\/2024\/01\/NOVOLOGOFADESPlaranjaH.png","width":2742,"height":839,"caption":"FADESP"},"image":{"@id":"https:\/\/portalfadesp.org.br\/#\/schema\/logo\/image\/"},"sameAs":["https:\/\/www.facebook.com\/Fadesp-138351949524662\/","https:\/\/x.com\/Fadesp","https:\/\/www.instagram.com\/fadesp_ufpa\/","https:\/\/www.youtube.com\/@fundacaodeamparoedesenvolv1903","https:\/\/www.threads.net\/@fadesp_ufpa"]}]}},"_links":{"self":[{"href":"https:\/\/portalfadesp.org.br\/index.php?rest_route=\/wp\/v2\/pages\/1523","targetHints":{"allow":["GET"]}}],"collection":[{"href":"https:\/\/portalfadesp.org.br\/index.php?rest_route=\/wp\/v2\/pages"}],"about":[{"href":"https:\/\/portalfadesp.org.br\/index.php?rest_route=\/wp\/v2\/types\/page"}],"author":[{"embeddable":true,"href":"https:\/\/portalfadesp.org.br\/index.php?rest_route=\/wp\/v2\/users\/9"}],"replies":[{"embeddable":true,"href":"https:\/\/portalfadesp.org.br\/index.php?rest_route=%2Fwp%2Fv2%2Fcomments&post=1523"}],"version-history":[{"count":39,"href":"https:\/\/portalfadesp.org.br\/index.php?rest_route=\/wp\/v2\/pages\/1523\/revisions"}],"predecessor-version":[{"id":36620,"href":"https:\/\/portalfadesp.org.br\/index.php?rest_route=\/wp\/v2\/pages\/1523\/revisions\/36620"}],"up":[{"embeddable":true,"href":"https:\/\/portalfadesp.org.br\/index.php?rest_route=\/wp\/v2\/pages\/329"}],"wp:attachment":[{"href":"https:\/\/portalfadesp.org.br\/index.php?rest_route=%2Fwp%2Fv2%2Fmedia&parent=1523"}],"curies":[{"name":"wp","href":"https:\/\/api.w.org\/{rel}","templated":true}]}}