{"id":1519,"date":"2014-05-22T05:18:12","date_gmt":"2014-05-22T08:18:12","guid":{"rendered":"https:\/\/162.215.13.167?page_id=1519"},"modified":"2022-12-20T12:26:05","modified_gmt":"2022-12-20T15:26:05","slug":"prefeitura-de-canaa-dos-carajas-acs-e-ace-2014","status":"publish","type":"page","link":"https:\/\/portalfadesp.org.br\/?page_id=1519","title":{"rendered":"Prefeitura de Cana\u00e3 dos Caraj\u00e1s &#8211; ACS e ACE &#8211; 2014"},"content":{"rendered":"\t\t<div data-elementor-type=\"wp-post\" data-elementor-id=\"1519\" class=\"elementor elementor-1519\" data-elementor-post-type=\"page\">\n\t\t\t\t\t\t<section class=\"elementor-section elementor-top-section elementor-element elementor-element-39c15fa elementor-section-boxed elementor-section-height-default elementor-section-height-default\" data-id=\"39c15fa\" data-element_type=\"section\">\n\t\t\t\t\t\t<div class=\"elementor-container elementor-column-gap-default\">\n\t\t\t\t\t<div class=\"elementor-column elementor-col-100 elementor-top-column elementor-element elementor-element-3e53fc0e\" data-id=\"3e53fc0e\" data-element_type=\"column\">\n\t\t\t<div class=\"elementor-widget-wrap elementor-element-populated\">\n\t\t\t\t\t\t<div class=\"elementor-element elementor-element-7468a3be elementor-widget elementor-widget-heading\" data-id=\"7468a3be\" data-element_type=\"widget\" data-widget_type=\"heading.default\">\n\t\t\t\t<div class=\"elementor-widget-container\">\n\t\t\t\t\t<h1 class=\"elementor-heading-title elementor-size-default\">Prefeitura de Cana\u00e3 dos Caraj\u00e1s - ACS e ACE - 2014\n<\/h1>\t\t\t\t<\/div>\n\t\t\t\t<\/div>\n\t\t\t\t<section class=\"elementor-section elementor-inner-section elementor-element elementor-element-1f5284cc elementor-section-boxed elementor-section-height-default elementor-section-height-default\" data-id=\"1f5284cc\" data-element_type=\"section\">\n\t\t\t\t\t\t<div class=\"elementor-container elementor-column-gap-default\">\n\t\t\t\t\t<div class=\"elementor-column elementor-col-50 elementor-inner-column elementor-element elementor-element-6ee5b9dd\" data-id=\"6ee5b9dd\" data-element_type=\"column\">\n\t\t\t<div class=\"elementor-widget-wrap elementor-element-populated\">\n\t\t\t\t\t\t<div class=\"elementor-element elementor-element-45037f21 elementor-widget elementor-widget-text-editor\" data-id=\"45037f21\" data-element_type=\"widget\" data-widget_type=\"text-editor.default\">\n\t\t\t\t<div class=\"elementor-widget-container\">\n\t\t\t\t\t\t\t\t\t<p>A Prefeitura Municipal de Cana\u00e3 dos Caraj\u00e1s, atrav\u00e9s da Secretaria Municipal de Sa\u00fade \u2013 SEMSA, supervisionado pela Secretaria Municipal de Administra\u00e7\u00e3o &#8211; SEMAD, torna p\u00fablico o Edital de Abertura do Concurso P\u00fablico, Edital n\u00b0 01\/2014\/PMCC \u2013 ACS\/ACE, para o preenchimento de vagas para os cargos de Agente Comunit\u00e1rio de Sa\u00fade (ACS) e Agentes de Combates \u00e0s Endemias (ACE), conforme itens, subitens e anexos do Edital de abertura.<\/p><p><strong>Vagas &#8211;\u00a0<\/strong>81 (efetivas)<\/p><p><strong>Cargos &#8211;\u00a0<\/strong>N\u00edvel M\u00e9dio: Agentes Comunit\u00e1rios de Sa\u00fade (ACS) e Agentes de Combate \u00e0s Endemias-ACE,\u00a0<strong><br \/><\/strong><\/p><p><strong>Remunera\u00e7\u00e3o &#8211;\u00a0<\/strong>R$ 977,04<\/p><p><strong>Inscri\u00e7\u00f5es &#8211;\u00a0<\/strong>17\/04\/14 a 19\/05\/14<\/p><p><strong>Taxa &#8211;\u00a0<\/strong>R$ 40,00<\/p><p><strong>Datas importantes<\/strong>:<\/p><p>Per\u00edodo de Inscri\u00e7\u00e3o &#8211;\u00a017\/04\/14 a 19\/05\/14<\/p><p>Pagamento da taxa de inscri\u00e7\u00e3o &#8211; 20\/05\/14<\/p><p>Cart\u00e3o de Inscri\u00e7\u00e3o &#8211; 22 a 26\/05\/14<\/p><p>Data da Prova Objetiva &#8211; 1\u00aa etapa &#8211; 01\/06\/14<\/p><p>\u00a0 \u00a0 \u00a0 \u00a0 \u00a0 \u00a0 \u00a0 \u00a0 \u00a0 \u00a0 \u00a0 \u00a0 \u00a0 \u00a0 \u00a0 \u00a0 \u00a0 \u00a0 \u00a0 \u00a0 \u00a0 3\u00aa etapa 22\/06\/14<\/p><p>\u00a0<\/p><p>Prorroga\u00e7\u00e3o das Inscri\u00e7\u00f5es &#8211; at\u00e9 09\/06\/14<\/p><p>Pagamento da taxa de inscri\u00e7\u00e3o &#8211; at\u00e9 10\/06\/14<\/p><p>Cart\u00e3o de Inscri\u00e7\u00e3o 1\u00aa etapa\u00a0 &#8211; 12\/06\/14 a 16\/06\/14<\/p><p>Cart\u00e3o de Inscri\u00e7\u00e3o 3\u00aa etapa &#8211; 14\/07\/14 a 17\/07\/14<\/p><p>Data da Prova Objetiva &#8211; 1\u00aa etapa &#8211; 22\/06\/14<\/p><p>\u00a0 \u00a0 \u00a0 \u00a0 \u00a0 \u00a0 \u00a0 \u00a0 \u00a0 \u00a0 \u00a0 \u00a0 \u00a0 \u00a0 \u00a0 \u00a0 \u00a0 \u00a0 \u00a0 \u00a0 \u00a0 3\u00aa etapa &#8211; 20\/07\/14\u00a0<\/p>\t\t\t\t\t\t\t\t<\/div>\n\t\t\t\t<\/div>\n\t\t\t\t\t<\/div>\n\t\t<\/div>\n\t\t\t\t<div class=\"elementor-column elementor-col-50 elementor-inner-column elementor-element elementor-element-4b28185d\" data-id=\"4b28185d\" data-element_type=\"column\">\n\t\t\t<div class=\"elementor-widget-wrap elementor-element-populated\">\n\t\t\t\t\t\t<div class=\"elementor-element elementor-element-5651a148 elementor-widget elementor-widget-text-editor\" data-id=\"5651a148\" data-element_type=\"widget\" data-widget_type=\"text-editor.default\">\n\t\t\t\t<div class=\"elementor-widget-container\">\n\t\t\t\t\t\t\t\t\t<p style=\"text-align: center;\"><span style=\"color: #ffffff;\"><strong>Avisos<\/strong><\/span><\/p>\t\t\t\t\t\t\t\t<\/div>\n\t\t\t\t<\/div>\n\t\t\t\t<div class=\"elementor-element elementor-element-dc85916 elementor-widget elementor-widget-text-editor\" data-id=\"dc85916\" data-element_type=\"widget\" data-widget_type=\"text-editor.default\">\n\t\t\t\t<div class=\"elementor-widget-container\">\n\t\t\t\t\t\t\t\t\t<p><span style=\"color: #000000;\">Os certificados do curso introdut\u00f3rio para ACS\/ACE est\u00e3o dispon\u00edveis na Secret\u00e1ria de Sa\u00fade,\u00a0Rua Amazonas n\u00ba 317, Centro, Cana\u00e3 dos Caraj\u00e1s<\/span><\/p>\t\t\t\t\t\t\t\t<\/div>\n\t\t\t\t<\/div>\n\t\t\t\t<div class=\"elementor-element elementor-element-964009f elementor-widget elementor-widget-text-editor\" data-id=\"964009f\" data-element_type=\"widget\" data-widget_type=\"text-editor.default\">\n\t\t\t\t<div class=\"elementor-widget-container\">\n\t\t\t\t\t\t\t\t\t<p style=\"text-align: center;\"><span style=\"color: #ffffff;\"><strong>Editais\u00a0<\/strong><\/span><\/p>\t\t\t\t\t\t\t\t<\/div>\n\t\t\t\t<\/div>\n\t\t\t\t<div class=\"elementor-element elementor-element-de49699 elementor-widget elementor-widget-text-editor\" data-id=\"de49699\" data-element_type=\"widget\" data-widget_type=\"text-editor.default\">\n\t\t\t\t<div class=\"elementor-widget-container\">\n\t\t\t\t\t\t\t\t\t<table width=\"80\"><tbody><tr><td><strong><a href=\"http:\/\/concursos.fadesp.org.br\/pmccacs2014aprovados\/arquivos\/Resultado%20Final.pdf\">Homologa\u00e7\u00e3o do Resultado Final<\/a><\/strong><\/td><\/tr><tr><td><strong><a href=\"http:\/\/concursos.fadesp.org.br\/pmccacs2014aprovados\/arquivos\/Resultado%20Geral%20da%20Segunda%20Prova%20Objetiva.pdf\">Resultado Geral da Segunda Prova Objetiva<\/a><\/strong><\/td><\/tr><tr><td><strong><a href=\"http:\/\/concursos.fadesp.org.br\/pmccacs2014aprovados\/arquivos\/Resultado%20da%20Prova%20de%20%20%20%20%20%20T%C3%ADtulos%20da%20ACE.pdf\">\u00a0Resultado da Prova de T\u00edtulos da ACE<\/a><\/strong><\/td><\/tr><tr><td><strong><a href=\"http:\/\/concursos.fadesp.org.br\/pmccacs2014aprovados\/arquivos\/Gabarito%20Oficial%20Definitivo%20-%202a%20Prova%20Objetiva.pdf\">\u00a0Gabarito Oficial Definitivo &#8211; 2a Prova Objetiva\u00a0<\/a><\/strong><\/td><\/tr><tr><td><strong><a href=\"http:\/\/concursos.fadesp.org.br\/pmccacs2014aprovados\/arquivos\/Gabarito%20Oficial%20Preliminar%20-%203%20ETAPA%20-%20DIA%2020.07.2014.pdf\">Gabarito Oficial Preliminar &#8211; 3 ETAPA &#8211; DIA 20.07.2014\u00a0<\/a><\/strong><\/td><\/tr><tr><td><strong><a href=\"http:\/\/concursos.fadesp.org.br\/pmccacs2014\/arquivos\/5Aviso%20sobre%20o%20local%20da%20Segunda%20Prova%20Objetiva.pdf\">Aviso sobre o local da Segunda Prova Objetiva<\/a><\/strong><\/td><\/tr><tr><td><strong><a href=\"http:\/\/concursos.fadesp.org.br\/pmccacs2014\/arquivos\/4ACS_ACE%20-%20Convoca%C3%A7%C3%A3o%20ao%20Curso%20Introdut%C3%B3rio.pdf\">ACS\/ACE &#8211; Convoca\u00e7\u00e3o ao Curso Introdut\u00f3rio<\/a><\/strong><\/td><\/tr><tr><td><strong><a href=\"http:\/\/concursos.fadesp.org.br\/pmccacs2014\/arquivos\/3Formul%C3%A1rio%20de%20Entrega%20de%20T%C3%ADtulos.pdf\">\u00a0Formul\u00e1rio de Entrega de T\u00edtulos<\/a><\/strong><\/td><\/tr><tr><td><strong><a href=\"http:\/\/concursos.fadesp.org.br\/pmccacs2014\/arquivos\/2ACE%20-%20Convoca%C3%A7%C3%A3o%20a%20Prova%20de%20T%C3%ADtulos.pdf\">ACE &#8211; Convoca\u00e7\u00e3o a Prova de T\u00edtulos<\/a><\/strong><\/td><\/tr><tr><td><strong><a href=\"http:\/\/concursos.fadesp.org.br\/pmccacs2014\/arquivos\/1Resultado%20Geral%20da%20Prova%20Objetiva.pdf\">Resultado Geral da Prova Objetiva<\/a><\/strong><\/td><\/tr><tr><td><strong><a href=\"http:\/\/concursos.fadesp.org.br\/pmccacs2014\/arquivos\/Gabarito%20Oficial%20Definitivo%20-%20DIA%2022.06.2014.pdf\">\u00a0Gabarito Oficial Definitivo- Dia 22\/06\/2014<\/a><\/strong><\/td><\/tr><tr><td><strong><a href=\"http:\/\/concursos.fadesp.org.br\/pmccacs2014\/arquivos\/Gabarito%20Oficial%20Preliminar%20-%20DIA%2022.06.2014.pdf\">Gabarito Oficial Preliminar &#8211; Dia 22\/06\/2014<\/a><\/strong><\/td><\/tr><tr><td><strong><a href=\"http:\/\/concursos.fadesp.org.br\/pmccacs2014\/arquivos\/Edital%20n%C2%B0%2002_2014_Prorroga%C3%A7%C3%A3o%20das%20Inscri%C3%A7%C3%B5esRETIFICADO.pdf\">\u00a0\u00a0Edital N\u00ba02\/2014-Prorroga\u00e7\u00e3o das Inscri\u00e7\u00f5es Retificado\u00a0<\/a><\/strong><\/td><\/tr><tr><td><strong><a href=\"http:\/\/concursos.fadesp.org.br\/pmccacs2014\/arquivos\/06-%C3%81REA%20ABRANG%C3%8ANCIA%20PSF%20NOVO%20HORIZONTE.jpg\">\u00c1rea de Abrang\u00eancia PSF Novo Horizonte<\/a><\/strong><\/td><\/tr><tr><td><strong><a href=\"http:\/\/concursos.fadesp.org.br\/pmccacs2014\/arquivos\/05-%C3%81REA%20ABRANG%C3%8ANCIA%20PSF%20NOVA%20JERUSAL%C3%89M.jpg\">\u00c1rea de Abrang\u00eancia PSF Nova Jerusal\u00e9m<\/a><\/strong><\/td><\/tr><tr><td><strong><a href=\"http:\/\/concursos.fadesp.org.br\/pmccacs2014\/arquivos\/04-%C3%81REA%20ABRANG%C3%8ANCIA%20PSF%20ELIZABETH%20MARIA%20DE%20PAULA.jpg\">\u00c1rea de Abrang\u00eancia PSF Elizabeth Maria de Paula<\/a><\/strong><\/td><\/tr><tr><td><strong><a href=\"http:\/\/concursos.fadesp.org.br\/pmccacs2014\/arquivos\/03-%C3%81REA%20ABRANG%C3%8ANCIA%20PSF%20PARQUE%20SHALON.jpg\">\u00c1rea de Abrang\u00eancia PSF Parque Shalon<\/a><\/strong><\/td><\/tr><tr><td><strong><a href=\"http:\/\/concursos.fadesp.org.br\/pmccacs2014\/arquivos\/02-%C3%81REA%20ABRANG%C3%8ANCIA%20PSF%20REALINO%20PEREIRA%20DA%20SILVA.jpg\">\u00c1rea de Abrang\u00eancia PSF Realino Pereira da Silva<\/a><\/strong><\/td><\/tr><tr><td><strong><a href=\"http:\/\/concursos.fadesp.org.br\/pmccacs2014\/arquivos\/01-%C3%81REA%20ABRANG%C3%8ANCIA%20PSF%20NOVO%20BRASIL.jpg\">\u00c1rea de Abrang\u00eancia PSF Novo Brasil<\/a><\/strong><\/td><\/tr><tr><td><strong><a href=\"http:\/\/concursos.fadesp.org.br\/pmccacs2014\/arquivos\/Formul%C3%A1rio%20de%20Portador%20de%20Defici%C3%AAncia.pdf\">Formul\u00e1rio de Portador de Defici\u00eancia\u00a0<\/a><\/strong><\/td><\/tr><tr><td><strong><a href=\"http:\/\/concursos.fadesp.org.br\/pmccacs2014\/arquivos\/Tabela%20de%20Cargos.pdf\">Tabela de Cargos<\/a><\/strong><\/td><\/tr><tr><td><strong><a href=\"http:\/\/concursos.fadesp.org.br\/pmccacs2014\/arquivos\/Edtal%20%20%20%20%20%20n%C2%B0%2001_2014-%20ACS%20e%20ACE%20-%20SEMSA.pdf\">Edtal n\u00b0 01_2014- ACS e ACE &#8211; SEMSA<\/a><\/strong><\/td><\/tr><\/tbody><\/table>\t\t\t\t\t\t\t\t<\/div>\n\t\t\t\t<\/div>\n\t\t\t\t\t<\/div>\n\t\t<\/div>\n\t\t\t\t\t<\/div>\n\t\t<\/section>\n\t\t\t\t\t<\/div>\n\t\t<\/div>\n\t\t\t\t\t<\/div>\n\t\t<\/section>\n\t\t\t\t<\/div>\n\t\t","protected":false},"excerpt":{"rendered":"<p>Prefeitura de Cana\u00e3 dos Caraj\u00e1s &#8211; ACS e ACE &#8211; 2014 A Prefeitura Municipal de Cana\u00e3 dos Caraj\u00e1s, atrav\u00e9s da Secretaria Municipal de Sa\u00fade \u2013 SEMSA, supervisionado pela Secretaria Municipal de Administra\u00e7\u00e3o &#8211; SEMAD, torna p\u00fablico o Edital de Abertura do Concurso P\u00fablico, Edital n\u00b0 01\/2014\/PMCC \u2013 ACS\/ACE, para o preenchimento de vagas para os [&hellip;]<\/p>\n","protected":false},"author":9,"featured_media":0,"parent":329,"menu_order":55,"comment_status":"closed","ping_status":"closed","template":"","meta":{"_monsterinsights_skip_tracking":false,"_monsterinsights_sitenote_active":false,"_monsterinsights_sitenote_note":"","_monsterinsights_sitenote_category":0,"footnotes":""},"class_list":["post-1519","page","type-page","status-publish","hentry","entry"],"yoast_head":"<!-- This site is optimized with the Yoast SEO plugin v25.1 - https:\/\/yoast.com\/wordpress\/plugins\/seo\/ -->\n<title>Prefeitura de Cana\u00e3 dos Caraj\u00e1s - ACS e ACE - 2014 - FADESP<\/title>\n<meta name=\"robots\" content=\"index, follow, max-snippet:-1, max-image-preview:large, max-video-preview:-1\" \/>\n<link rel=\"canonical\" href=\"https:\/\/portalfadesp.org.br\/?page_id=1519\" \/>\n<meta property=\"og:locale\" content=\"pt_BR\" \/>\n<meta property=\"og:type\" content=\"article\" \/>\n<meta property=\"og:title\" content=\"Prefeitura de Cana\u00e3 dos Caraj\u00e1s - ACS e ACE - 2014 - FADESP\" \/>\n<meta property=\"og:description\" content=\"Prefeitura de Cana\u00e3 dos Caraj\u00e1s &#8211; ACS e ACE &#8211; 2014 A Prefeitura Municipal de Cana\u00e3 dos Caraj\u00e1s, atrav\u00e9s da Secretaria Municipal de Sa\u00fade \u2013 SEMSA, supervisionado pela Secretaria Municipal de Administra\u00e7\u00e3o &#8211; SEMAD, torna p\u00fablico o Edital de Abertura do Concurso P\u00fablico, Edital n\u00b0 01\/2014\/PMCC \u2013 ACS\/ACE, para o preenchimento de vagas para os [&hellip;]\" \/>\n<meta property=\"og:url\" content=\"https:\/\/portalfadesp.org.br\/?page_id=1519\" \/>\n<meta property=\"og:site_name\" content=\"FADESP\" \/>\n<meta property=\"article:publisher\" content=\"https:\/\/www.facebook.com\/Fadesp-138351949524662\/\" \/>\n<meta property=\"article:modified_time\" content=\"2022-12-20T15:26:05+00:00\" \/>\n<meta name=\"twitter:card\" content=\"summary_large_image\" \/>\n<meta name=\"twitter:site\" content=\"@Fadesp\" \/>\n<meta name=\"twitter:label1\" content=\"Est. tempo de leitura\" \/>\n\t<meta name=\"twitter:data1\" content=\"2 minutos\" \/>\n<script type=\"application\/ld+json\" class=\"yoast-schema-graph\">{\"@context\":\"https:\/\/schema.org\",\"@graph\":[{\"@type\":\"WebPage\",\"@id\":\"https:\/\/portalfadesp.org.br\/?page_id=1519\",\"url\":\"https:\/\/portalfadesp.org.br\/?page_id=1519\",\"name\":\"Prefeitura de Cana\u00e3 dos Caraj\u00e1s - ACS e ACE - 2014 - FADESP\",\"isPartOf\":{\"@id\":\"https:\/\/portalfadesp.org.br\/#website\"},\"datePublished\":\"2014-05-22T08:18:12+00:00\",\"dateModified\":\"2022-12-20T15:26:05+00:00\",\"breadcrumb\":{\"@id\":\"https:\/\/portalfadesp.org.br\/?page_id=1519#breadcrumb\"},\"inLanguage\":\"pt-BR\",\"potentialAction\":[{\"@type\":\"ReadAction\",\"target\":[\"https:\/\/portalfadesp.org.br\/?page_id=1519\"]}]},{\"@type\":\"BreadcrumbList\",\"@id\":\"https:\/\/portalfadesp.org.br\/?page_id=1519#breadcrumb\",\"itemListElement\":[{\"@type\":\"ListItem\",\"position\":1,\"name\":\"In\u00edcio\",\"item\":\"https:\/\/portalfadesp.org.br\/\"},{\"@type\":\"ListItem\",\"position\":2,\"name\":\"Concursos &#8211; Homologados\",\"item\":\"https:\/\/portalfadesp.org.br\/?page_id=329\"},{\"@type\":\"ListItem\",\"position\":3,\"name\":\"Prefeitura de Cana\u00e3 dos Caraj\u00e1s &#8211; ACS e ACE &#8211; 2014\"}]},{\"@type\":\"WebSite\",\"@id\":\"https:\/\/portalfadesp.org.br\/#website\",\"url\":\"https:\/\/portalfadesp.org.br\/\",\"name\":\"FADESP\",\"description\":\"Funda\u00e7\u00e3o de Amparo e Desenvolvimento da Pesquisa\",\"publisher\":{\"@id\":\"https:\/\/portalfadesp.org.br\/#organization\"},\"potentialAction\":[{\"@type\":\"SearchAction\",\"target\":{\"@type\":\"EntryPoint\",\"urlTemplate\":\"https:\/\/portalfadesp.org.br\/?s={search_term_string}\"},\"query-input\":{\"@type\":\"PropertyValueSpecification\",\"valueRequired\":true,\"valueName\":\"search_term_string\"}}],\"inLanguage\":\"pt-BR\"},{\"@type\":\"Organization\",\"@id\":\"https:\/\/portalfadesp.org.br\/#organization\",\"name\":\"FADESP\",\"url\":\"https:\/\/portalfadesp.org.br\/\",\"logo\":{\"@type\":\"ImageObject\",\"inLanguage\":\"pt-BR\",\"@id\":\"https:\/\/portalfadesp.org.br\/#\/schema\/logo\/image\/\",\"url\":\"https:\/\/portalfadesp.org.br\/wp-content\/uploads\/2024\/01\/NOVOLOGOFADESPlaranjaH.png\",\"contentUrl\":\"https:\/\/portalfadesp.org.br\/wp-content\/uploads\/2024\/01\/NOVOLOGOFADESPlaranjaH.png\",\"width\":2742,\"height\":839,\"caption\":\"FADESP\"},\"image\":{\"@id\":\"https:\/\/portalfadesp.org.br\/#\/schema\/logo\/image\/\"},\"sameAs\":[\"https:\/\/www.facebook.com\/Fadesp-138351949524662\/\",\"https:\/\/x.com\/Fadesp\",\"https:\/\/www.instagram.com\/fadesp_ufpa\/\",\"https:\/\/www.youtube.com\/@fundacaodeamparoedesenvolv1903\",\"https:\/\/www.threads.net\/@fadesp_ufpa\"]}]}<\/script>\n<!-- \/ Yoast SEO plugin. -->","yoast_head_json":{"title":"Prefeitura de Cana\u00e3 dos Caraj\u00e1s - ACS e ACE - 2014 - FADESP","robots":{"index":"index","follow":"follow","max-snippet":"max-snippet:-1","max-image-preview":"max-image-preview:large","max-video-preview":"max-video-preview:-1"},"canonical":"https:\/\/portalfadesp.org.br\/?page_id=1519","og_locale":"pt_BR","og_type":"article","og_title":"Prefeitura de Cana\u00e3 dos Caraj\u00e1s - ACS e ACE - 2014 - FADESP","og_description":"Prefeitura de Cana\u00e3 dos Caraj\u00e1s &#8211; ACS e ACE &#8211; 2014 A Prefeitura Municipal de Cana\u00e3 dos Caraj\u00e1s, atrav\u00e9s da Secretaria Municipal de Sa\u00fade \u2013 SEMSA, supervisionado pela Secretaria Municipal de Administra\u00e7\u00e3o &#8211; SEMAD, torna p\u00fablico o Edital de Abertura do Concurso P\u00fablico, Edital n\u00b0 01\/2014\/PMCC \u2013 ACS\/ACE, para o preenchimento de vagas para os [&hellip;]","og_url":"https:\/\/portalfadesp.org.br\/?page_id=1519","og_site_name":"FADESP","article_publisher":"https:\/\/www.facebook.com\/Fadesp-138351949524662\/","article_modified_time":"2022-12-20T15:26:05+00:00","twitter_card":"summary_large_image","twitter_site":"@Fadesp","twitter_misc":{"Est. tempo de leitura":"2 minutos"},"schema":{"@context":"https:\/\/schema.org","@graph":[{"@type":"WebPage","@id":"https:\/\/portalfadesp.org.br\/?page_id=1519","url":"https:\/\/portalfadesp.org.br\/?page_id=1519","name":"Prefeitura de Cana\u00e3 dos Caraj\u00e1s - ACS e ACE - 2014 - FADESP","isPartOf":{"@id":"https:\/\/portalfadesp.org.br\/#website"},"datePublished":"2014-05-22T08:18:12+00:00","dateModified":"2022-12-20T15:26:05+00:00","breadcrumb":{"@id":"https:\/\/portalfadesp.org.br\/?page_id=1519#breadcrumb"},"inLanguage":"pt-BR","potentialAction":[{"@type":"ReadAction","target":["https:\/\/portalfadesp.org.br\/?page_id=1519"]}]},{"@type":"BreadcrumbList","@id":"https:\/\/portalfadesp.org.br\/?page_id=1519#breadcrumb","itemListElement":[{"@type":"ListItem","position":1,"name":"In\u00edcio","item":"https:\/\/portalfadesp.org.br\/"},{"@type":"ListItem","position":2,"name":"Concursos &#8211; Homologados","item":"https:\/\/portalfadesp.org.br\/?page_id=329"},{"@type":"ListItem","position":3,"name":"Prefeitura de Cana\u00e3 dos Caraj\u00e1s &#8211; ACS e ACE &#8211; 2014"}]},{"@type":"WebSite","@id":"https:\/\/portalfadesp.org.br\/#website","url":"https:\/\/portalfadesp.org.br\/","name":"FADESP","description":"Funda\u00e7\u00e3o de Amparo e Desenvolvimento da Pesquisa","publisher":{"@id":"https:\/\/portalfadesp.org.br\/#organization"},"potentialAction":[{"@type":"SearchAction","target":{"@type":"EntryPoint","urlTemplate":"https:\/\/portalfadesp.org.br\/?s={search_term_string}"},"query-input":{"@type":"PropertyValueSpecification","valueRequired":true,"valueName":"search_term_string"}}],"inLanguage":"pt-BR"},{"@type":"Organization","@id":"https:\/\/portalfadesp.org.br\/#organization","name":"FADESP","url":"https:\/\/portalfadesp.org.br\/","logo":{"@type":"ImageObject","inLanguage":"pt-BR","@id":"https:\/\/portalfadesp.org.br\/#\/schema\/logo\/image\/","url":"https:\/\/portalfadesp.org.br\/wp-content\/uploads\/2024\/01\/NOVOLOGOFADESPlaranjaH.png","contentUrl":"https:\/\/portalfadesp.org.br\/wp-content\/uploads\/2024\/01\/NOVOLOGOFADESPlaranjaH.png","width":2742,"height":839,"caption":"FADESP"},"image":{"@id":"https:\/\/portalfadesp.org.br\/#\/schema\/logo\/image\/"},"sameAs":["https:\/\/www.facebook.com\/Fadesp-138351949524662\/","https:\/\/x.com\/Fadesp","https:\/\/www.instagram.com\/fadesp_ufpa\/","https:\/\/www.youtube.com\/@fundacaodeamparoedesenvolv1903","https:\/\/www.threads.net\/@fadesp_ufpa"]}]}},"_links":{"self":[{"href":"https:\/\/portalfadesp.org.br\/index.php?rest_route=\/wp\/v2\/pages\/1519","targetHints":{"allow":["GET"]}}],"collection":[{"href":"https:\/\/portalfadesp.org.br\/index.php?rest_route=\/wp\/v2\/pages"}],"about":[{"href":"https:\/\/portalfadesp.org.br\/index.php?rest_route=\/wp\/v2\/types\/page"}],"author":[{"embeddable":true,"href":"https:\/\/portalfadesp.org.br\/index.php?rest_route=\/wp\/v2\/users\/9"}],"replies":[{"embeddable":true,"href":"https:\/\/portalfadesp.org.br\/index.php?rest_route=%2Fwp%2Fv2%2Fcomments&post=1519"}],"version-history":[{"count":25,"href":"https:\/\/portalfadesp.org.br\/index.php?rest_route=\/wp\/v2\/pages\/1519\/revisions"}],"predecessor-version":[{"id":36614,"href":"https:\/\/portalfadesp.org.br\/index.php?rest_route=\/wp\/v2\/pages\/1519\/revisions\/36614"}],"up":[{"embeddable":true,"href":"https:\/\/portalfadesp.org.br\/index.php?rest_route=\/wp\/v2\/pages\/329"}],"wp:attachment":[{"href":"https:\/\/portalfadesp.org.br\/index.php?rest_route=%2Fwp%2Fv2%2Fmedia&parent=1519"}],"curies":[{"name":"wp","href":"https:\/\/api.w.org\/{rel}","templated":true}]}}