{"id":1489,"date":"2013-05-22T04:49:32","date_gmt":"2013-05-22T07:49:32","guid":{"rendered":"https:\/\/162.215.13.167?page_id=1489"},"modified":"2022-12-20T12:32:37","modified_gmt":"2022-12-20T15:32:37","slug":"prefeitura-de-cameta-2013","status":"publish","type":"page","link":"https:\/\/portalfadesp.org.br\/?page_id=1489","title":{"rendered":"Prefeitura Municipal de Camet\u00e1 (PA) &#8211; 2013"},"content":{"rendered":"\t\t<div data-elementor-type=\"wp-post\" data-elementor-id=\"1489\" class=\"elementor elementor-1489\" data-elementor-post-type=\"page\">\n\t\t\t\t\t\t<section class=\"elementor-section elementor-top-section elementor-element elementor-element-6299d328 elementor-section-boxed elementor-section-height-default elementor-section-height-default\" data-id=\"6299d328\" data-element_type=\"section\">\n\t\t\t\t\t\t<div class=\"elementor-container elementor-column-gap-default\">\n\t\t\t\t\t<div class=\"elementor-column elementor-col-100 elementor-top-column elementor-element elementor-element-7b55e2e3\" data-id=\"7b55e2e3\" data-element_type=\"column\">\n\t\t\t<div class=\"elementor-widget-wrap elementor-element-populated\">\n\t\t\t\t\t\t<div class=\"elementor-element elementor-element-67641dbe elementor-widget elementor-widget-heading\" data-id=\"67641dbe\" data-element_type=\"widget\" data-widget_type=\"heading.default\">\n\t\t\t\t<div class=\"elementor-widget-container\">\n\t\t\t\t\t<h1 class=\"elementor-heading-title elementor-size-default\">Prefeitura de Camet\u00e1 - 2013\n<\/h1>\t\t\t\t<\/div>\n\t\t\t\t<\/div>\n\t\t\t\t<section class=\"elementor-section elementor-inner-section elementor-element elementor-element-7487829e elementor-section-boxed elementor-section-height-default elementor-section-height-default\" data-id=\"7487829e\" data-element_type=\"section\">\n\t\t\t\t\t\t<div class=\"elementor-container elementor-column-gap-default\">\n\t\t\t\t\t<div class=\"elementor-column elementor-col-50 elementor-inner-column elementor-element elementor-element-19f327a0\" data-id=\"19f327a0\" data-element_type=\"column\">\n\t\t\t<div class=\"elementor-widget-wrap elementor-element-populated\">\n\t\t\t\t\t\t<div class=\"elementor-element elementor-element-398218b elementor-widget elementor-widget-text-editor\" data-id=\"398218b\" data-element_type=\"widget\" data-widget_type=\"text-editor.default\">\n\t\t\t\t<div class=\"elementor-widget-container\">\n\t\t\t\t\t\t\t\t\t<p>A prefeitura de Camet\u00e1 torna p\u00fablica a realiza\u00e7\u00e3o<br \/>de concurso para o preenchimento de vagas do quadro de pessoal efetivo de n\u00edveis Superior, M\u00e9dio, T\u00e9cnico, Fundamental completo e incompleto.<\/p><p><strong>Vagas &#8211;\u00a0<\/strong>700<\/p><p><strong>Cargos &#8211;\u00a0<\/strong>Agentes de servi\u00e7os gerais, agente de portaria, agente de apoio e seguran\u00e7a, operador de m\u00e1quinas leves, operador de m\u00e1quinas pesadas, agente ambiental, agente de arrecada\u00e7\u00e3o e fiscaliza\u00e7\u00e3o, agente de tr\u00e2nsito, agente de vigil\u00e2ncia em sa\u00fade, cadista, agente administrativo, t\u00e9cnico de inform\u00e1tica, t\u00e9cnico em radiologia, t\u00e9cnico em enfermagem, t\u00e9cnico em agropecu\u00e1ria, t\u00e9cnico em eletricidade, t\u00e9cnico em aquicultura e pesca, t\u00e9cnico em gest\u00e3o escolar, t\u00e9cnico em multimeios did\u00e1ticos, t\u00e9cnico em alimenta\u00e7\u00e3o escolar, arquiteto, assistente social, contador, economista, enfermeiro, engenheiro de pesca, engenheiro sanitarista, engenheiro agr\u00f4nomo, engenheiro ambiental, engenheiro civil, engenheiro florestal, farnac\u00eautico bioqu\u00edmico, fisioterapeuta, fonoaudiol\u00f3go, ge\u00f3grafo, m\u00e9dico ginecologista, m\u00e9dico oftalmologista, m\u00e9dico pediatra, m\u00e9dico psiquiatra, m\u00e9dico cl\u00ednico geral, m\u00e9dico veterin\u00e1rio, nutricionista, odont\u00f3logo, tecn\u00f3logo agroindustrial de alimentos, administrador, pedagogo, psic\u00f3logo, professor de ensino infantil e s\u00e9ries\/anos inciais do Ensino Fundamental, professor licenciado pleno em Educa\u00e7\u00e3o F\u00edsica, professor licenciado pleno em Artes, professor licenciado pleno em Letras\/habilita\u00e7\u00e3o L\u00edngua estrangeira (inlg\u00eas), \u00a0professor licenciado pleno em Letras\/habilita\u00e7\u00e3o em Espanhol, professor licenciado pleno em Letras (l\u00edngua portuguesa), professor licenciado pleno em Geografia, professor licenciado pleno em Hist\u00f3ria, professor licenciado pleno em Matem\u00e1tica, professor licenciado pleno em Ci\u00eancias Naturais,\u00a0<\/p><p><strong>Remunera\u00e7\u00e3o &#8211;\u00a0<\/strong>R$ 678,00 a R$ 1.901,55.<\/p><p><strong>Inscri\u00e7\u00f5es &#8211;\u00a0<\/strong>11\/12\/13 a 06\/01\/14<\/p><p><strong>Taxa &#8211;\u00a0<\/strong>R$ 40,00 \u00a0(n\u00edvel fundamental), R$ 50,00 (n\u00edvel m\u00e9dio) e R$ 70,00 (n\u00edvel Superior)<\/p><p><strong>Datas importantes<\/strong>:<\/p><p>Inscri\u00e7\u00f5es &#8211; 11\/12\/13 a 06\/01\/14.<\/p><p>Impress\u00e3o do cart\u00e3o de confirma\u00e7\u00e3o &#8211; 09\/01\/14 a 13\/01\/14.<\/p><p>Provas &#8211; 19\/01\/14. Manh\u00e3, de 08h \u00e0s 12h (cargos de n\u00edveis Fundamenal completo, M\u00e9dio e Superior). Tarde, de 14h30 \u00e0s 18h30 (cargos de n\u00edvel Fundamental incompleto).<\/p>\t\t\t\t\t\t\t\t<\/div>\n\t\t\t\t<\/div>\n\t\t\t\t\t<\/div>\n\t\t<\/div>\n\t\t\t\t<div class=\"elementor-column elementor-col-50 elementor-inner-column elementor-element elementor-element-71fa7cd2\" data-id=\"71fa7cd2\" data-element_type=\"column\">\n\t\t\t<div class=\"elementor-widget-wrap elementor-element-populated\">\n\t\t\t\t\t\t<div class=\"elementor-element elementor-element-bb4cd68 elementor-widget elementor-widget-text-editor\" data-id=\"bb4cd68\" data-element_type=\"widget\" data-widget_type=\"text-editor.default\">\n\t\t\t\t<div class=\"elementor-widget-container\">\n\t\t\t\t\t\t\t\t\t<p style=\"text-align: center;\"><span style=\"color: #ffffff;\"><strong>Editais e Avisos<\/strong><\/span><\/p>\t\t\t\t\t\t\t\t<\/div>\n\t\t\t\t<\/div>\n\t\t\t\t<div class=\"elementor-element elementor-element-3713e93d elementor-widget elementor-widget-text-editor\" data-id=\"3713e93d\" data-element_type=\"widget\" data-widget_type=\"text-editor.default\">\n\t\t\t\t<div class=\"elementor-widget-container\">\n\t\t\t\t\t\t\t\t\t<table width=\"80\">\n<tbody>\n<tr>\n<td width=\"80\"><strong><a href=\"..\/midias\/anexos\/278_edital_n_15_-_convocacao_2013.pdf\">Edital n\u00ba 15 &#8211; convoca\u00e7\u00e3o<\/a><\/strong><\/td>\n<\/tr>\n<tr>\n<td><strong><a href=\"..\/midias\/anexos\/278_retificacao_do_14_edital_de_convocacao_co_concurso_publico.pdf\">RETIFICA\u00c7\u00c3O 14\u00aa CONVOCA\u00c7\u00c3O CONCURSO 001\/2013<\/a><\/strong><\/td>\n<\/tr>\n<tr>\n<td><strong><a href=\"..\/midias\/anexos\/278_termo_de_retificacao_do_14_edital_de_convocacao_do_concurso_publico.pdf\">TERMO DE RETIFICA\u00c7\u00c3O 14\u00aa CONVOCA\u00c7\u00c3O CONCURSO 001\/2013<\/a><\/strong><\/td>\n<\/tr>\n<tr>\n<td><strong><a href=\"..\/midias\/anexos\/278_edital_de_convocacao.pdf\">14\u00aa CONVOCA\u00c7\u00c3O CONCURSO 001-2013<\/a><\/strong><\/td>\n<\/tr>\n<tr>\n<td><strong><a href=\"http:\/\/concursos.fadesp.org.br\/cameta2013\/arquivos\/13%C2%AA%20CONVOCA%C3%87%C3%83O%20CONCURSO%20001-2013%20FADESP.pdf\">13\u00aa CONVOCA\u00c7\u00c3O CONCURSO 001-2013 FADESP<\/a><\/strong><\/td>\n<\/tr>\n<tr>\n<td><strong><a href=\"http:\/\/concursos.fadesp.org.br\/cameta2013\/arquivos\/12%C2%AA%20CONVOCA%C3%87%C3%83O%20CONCURSO%20001-2013%20FADESP.pdf\">12\u00aa CONVOCA\u00c7\u00c3O CONCURSO 001-2013 FADESP<\/a><\/strong><\/td>\n<\/tr>\n<tr>\n<td><strong><a href=\"http:\/\/concursos.fadesp.org.br\/cameta2013\/arquivos\/11%C2%AA%20CONVOCA%C3%87%C3%83O%20CONCURSO%20001-2013%20FADESP.pdf\">11\u00aa CONVOCA\u00c7\u00c3O CONCURSO 001-2013 FADESP<\/a><\/strong><\/td>\n<\/tr>\n<tr>\n<td><strong><a href=\"http:\/\/concursos.fadesp.org.br\/cameta2013\/arquivos\/10%C2%AA%20CONVOCA%C3%87%C3%83O%20CONCURSO%20001-2013%20FADESP.pdf\">10\u00aa CONVOCA\u00c7\u00c3O CONCURSO 001-2013 FADESP<\/a><\/strong><\/td>\n<\/tr>\n<tr>\n<td><strong><a href=\"http:\/\/concursos.fadesp.org.br\/cameta2013\/arquivos\/Anexo%20sem%20t%C3%ADtulo%2000026.pdf\">9\u00aa CONVOCA\u00c7\u00c3O CONCURSO 001-2013 FADESP<\/a><\/strong><\/td>\n<\/tr>\n<tr>\n<td><strong><a href=\"http:\/\/concursos.fadesp.org.br\/cameta2013\/arquivos\/Anexo%20sem%20t%C3%ADtulo%2000081.pdf\">8\u00aa CONVOCA\u00c7\u00c3O CONCURSO 001-2013 FADESP\u00a0<\/a><\/strong><\/td>\n<\/tr>\n<tr>\n<td><strong><a href=\"http:\/\/concursos.fadesp.org.br\/cameta2013\/arquivos\/7%20edital%20de%20convocacao.pdf\">7\u00aa CONVOCA\u00c7\u00c3O CONCURSO 001-2013 FADESP<\/a><\/strong><\/td>\n<\/tr>\n<tr>\n<td><strong><a href=\"http:\/\/concursos.fadesp.org.br\/cameta2013\/arquivos\/6%C2%AA%20CONVOCA%C3%87%C3%83O%20CONCURSO%20001-2013%20FADESP.pdf\">6\u00aa CONVOCA\u00c7\u00c3O CONCURSO 001-2013 FADESP<\/a><\/strong><\/td>\n<\/tr>\n<tr>\n<td><strong><a href=\"http:\/\/concursos.fadesp.org.br\/cameta2013\/arquivos\/5%C2%AA%20CONVOCA%C3%87%C3%83O%20CONCURSO%20001-2013%20FADESP.pdf\">5\u00aa CONVOCA\u00c7\u00c3O CONCURSO 001-2013 FADESP<\/a><\/strong><\/td>\n<\/tr>\n<tr>\n<td><strong><a href=\"http:\/\/concursos.fadesp.org.br\/cameta2013\/arquivos\/Retifica%C3%A7%C3%A3o%20da%204%C2%AA%20Convoca%C3%A7%C3%A3o%20de%20Concursados.pdf\">Retifica\u00e7\u00e3o da 4\u00aa Convoca\u00e7\u00e3o de Concursados<\/a><\/strong><\/td>\n<\/tr>\n<tr>\n<td><strong><a href=\"http:\/\/concursos.fadesp.org.br\/cameta2013\/arquivos\/Quarta%20Convoca%C3%A7%C3%A3o%20de%20Concursados.pdf\">Quarta Convoca\u00e7\u00e3o de Concursados<\/a><\/strong><\/td>\n<\/tr>\n<tr>\n<td><strong><a href=\"http:\/\/concursos.fadesp.org.br\/cameta2013\/arquivos\/Terceira%20Convoca%C3%A7%C3%A3o%20de%20Concursados.pdf\">Terceira Convoca\u00e7\u00e3o de Concursados<\/a><\/strong><\/td>\n<\/tr>\n<tr>\n<td><strong><a href=\"http:\/\/concursos.fadesp.org.br\/cameta2013\/arquivos\/2%C2%BA%20EDITAL%20CONVOCA%C3%87%C3%83O%20CONCURSO%20001-2013%20FADESP.pdf\">2\u00ba Edital Convoca\u00e7\u00e3o Concurso 001-2013<\/a><\/strong><\/td>\n<\/tr>\n<tr>\n<td><strong><a href=\"http:\/\/concursos.fadesp.org.br\/cameta2013\/arquivos\/Primeira%20Convoca%C3%A7%C3%A3o%20de%20Concursados.pdf\">Primeira Convoca\u00e7\u00e3o de Concursados<\/a><\/strong><\/td>\n<\/tr>\n<tr>\n<td><strong><a href=\"http:\/\/concursos.fadesp.org.br\/cameta2013\/arquivos\/Edital%20n%C2%B0%2004_2014_PMC_Homologa%C3%A7%C3%A3o.pdf\">Edital n\u00ba 04\/2014 &#8211; Homologa\u00e7\u00e3o<\/a><\/strong><\/td>\n<\/tr>\n<tr>\n<td><strong><a href=\"http:\/\/concursos.fadesp.org.br\/cameta2013\/arquivos\/Aviso%20de%20homologa%C3%A7%C3%A3o.pdf\">Aviso de Homologa\u00e7\u00e3o<\/a><\/strong><\/td>\n<\/tr>\n<tr>\n<td><strong><a href=\"http:\/\/concursos.fadesp.org.br\/cameta2013\/arquivos\/Resultado%20dos%20Cargos%20de%20Professores%20-%20Retificado%20cargo%20de%20professor%20%20de%20ingl%C3%AAs%20Distrito%20Torres.pdf\">Resultado dos Cargos de Professore &#8211; Retificado Cargo de Professor de Ingl\u00eas Distrito Torres<\/a><\/strong><\/td>\n<\/tr>\n<tr>\n<td><strong><a href=\"http:\/\/concursos.fadesp.org.br\/cameta2013\/arquivos\/Retifica%C3%A7%C3%A3o%20de%20notas%20da%20prova%20de%20de%20t%C3%ADtulos.pdf\">Retifica\u00e7\u00e3o de Nota da Prova de T\u00edtulos<\/a><\/strong><\/td>\n<\/tr>\n<tr>\n<td><strong><a href=\"http:\/\/concursos.fadesp.org.br\/cameta2013\/arquivos\/Convoca%C3%A7%C3%A3o%20Prova%20de%20T%C3%ADtulos%20-%20Processo%20n%C2%B0%20000100654201481400112%20TJE_PA_Camet%C3%A1.pdf\">Convoca\u00e7\u00e3o a Prova de T\u00edtulos &#8211; Processo n\u00ba 000100654201481400112 &#8211; TJE PA Camet\u00e1<\/a><\/strong><\/td>\n<\/tr>\n<tr>\n<td><strong><a href=\"http:\/\/concursos.fadesp.org.br\/cameta2013\/arquivos\/Retifica%C3%A7%C3%A3o%20de%20resultado%20da%20prova%20objetiva%20do%20cargos%20de%20Professor%20de%20Licenciado%20Pleno%20em%20Hist%C3%B3ria%20Zona%20Rural%20Distrito%20Torres.pdf\">Retifica\u00e7\u00e3o do Resultado da Prova Objetiva do cargo de Professor de Licenciado Pleno em Hist\u00f3ria Zona Rural Distrito Torres<\/a><\/strong><\/td>\n<\/tr>\n<tr>\n<td><strong><a href=\"http:\/\/concursos.fadesp.org.br\/cameta2013\/arquivos\/Retifica%C3%A7%C3%A3o%20do%20Resultado%20Geral%20-%20Cargo%20de%20Enfermeiro.pdf\">Retifica\u00e7\u00e3o do Resultado Geral &#8211; Cargo de Enfermeiro &#8211; Republicado<\/a><\/strong><\/td>\n<\/tr>\n<tr>\n<td><strong><a href=\"http:\/\/concursos.fadesp.org.br\/cameta2013\/arquivos\/Retifica%C3%A7%C3%A3o%20do%20Gabarito%20Oficial%20Definitivo%20-%20Cargo%20de%20Enfermeiro.pdf\">Retifica\u00e7\u00e3o do Gabarito Oficial Definitivo &#8211; Cargo de Enfermeiro<\/a><\/strong><\/td>\n<\/tr>\n<tr>\n<td><strong><a href=\"http:\/\/concursos.fadesp.org.br\/cameta2013\/arquivos\/Resultado%20da%20Prova%20de%20T%C3%ADtulos.pdf\">Resultado Prova de T\u00edtulos<\/a><\/strong><\/td>\n<\/tr>\n<tr>\n<td><strong><a href=\"http:\/\/concursos.fadesp.org.br\/cameta2013\/arquivos\/Resultado%20dos%20cargos%20de%20n%C3%ADvel%20fundamental%20incompleto.pdf\">Resultado Geral da Prova do Dia 02\/02\/2014<\/a><\/strong><\/td>\n<\/tr>\n<tr>\n<td><strong><a href=\"http:\/\/concursos.fadesp.org.br\/cameta2013\/arquivos\/Formul%C3%A1rio%20de%20Entrega%20de%20T%C3%ADtulos.pdf\">Formul\u00e1rio de Entrega de T\u00edtulos<\/a><\/strong><\/td>\n<\/tr>\n<tr>\n<td><strong><a href=\"http:\/\/concursos.fadesp.org.br\/cameta2013\/arquivos\/Edital%20n%C2%B0%2003_2014_Convoca%C3%A7%C3%A3o%20a%20Prova%20de%20T%C3%ADtulos%20-%20Retificado.pdf\">Edital n\u00ba 03\/2014 &#8211; Convoca\u00e7\u00e3o a Prova de T\u00edtulos &#8211; Retificado<\/a><\/strong><\/td>\n<\/tr>\n<tr>\n<td><strong><a href=\"http:\/\/concursos.fadesp.org.br\/cameta2013\/arquivos\/Resultado%20Geral%20da%20Prova%20do%20Dia%2019_01_2014%20-%20Retificado.pdf\">Resultado Geral da Prova do Dia 19\/01\/2014 &#8211; Retificado<\/a><\/strong><\/td>\n<\/tr>\n<tr>\n<td><strong><a href=\"http:\/\/concursos.fadesp.org.br\/cameta2013\/arquivos\/Gabarito%20Oficial%20Definitivo%20-%20DIA%2002.02.2014%20-%20N%C3%8DVEL%20FUN%20DAMENTAL%20INCOMPLETO.pdf\">Gabarito Oficial Definitivo &#8211; Dia 02\/02\/2014<\/a><\/strong><\/td>\n<\/tr>\n<tr>\n<td><strong><a href=\"http:\/\/concursos.fadesp.org.br\/cameta2013\/arquivos\/Nota%20de%20Esclarecimento.pdf\">Nota de Esclarecimento<\/a><\/strong><\/td>\n<\/tr>\n<tr>\n<td><strong><a href=\"http:\/\/concursos.fadesp.org.br\/cameta2013\/arquivos\/Aviso%20de%20Resultados.pdf\">Aviso de Resultados<\/a><\/strong><\/td>\n<\/tr>\n<tr>\n<td><strong><a href=\"http:\/\/concursos.fadesp.org.br\/cameta2013\/arquivos\/Gabarito%20Oficial%20Preliminar%20-%20DIA%2002.02.2014%20-%20NIVEL%20FUNDAMENTAL%20INCOMPLETO.pdf\">Gabarito Oficial Preliminar &#8211; Dia 02\/02\/2014<\/a><\/strong><\/td>\n<\/tr>\n<tr>\n<td><strong><a href=\"http:\/\/concursos.fadesp.org.br\/cameta2013\/arquivos\/Retificacao%20do%20Gabarito%20Oficial%20Definitivo%20-%20DIA%2019.01.2014.pdf\">Retifica\u00e7\u00e3o do Gabarito Oficial Definitivo &#8211; Dia 19\/01\/2014<\/a><\/strong><\/td>\n<\/tr>\n<tr>\n<td><strong><a href=\"http:\/\/concursos.fadesp.org.br\/cameta2013\/arquivos\/Retificacao%20do%20Gabarito%20Oficial%20Definitivo%20-%20DIA%2019.01.2014.pdf\">Retifica\u00e7\u00e3o do Gabarito Oficial Definitivo &#8211; Dia 19\/01\/2014<\/a><\/strong><\/td>\n<\/tr>\n<tr>\n<td><strong><a href=\"http:\/\/concursos.fadesp.org.br\/cameta2013\/arquivos\/Gabarito%20Oficial%20Definitivo%20-%20DIA%2019.01.pdf\">Gabarito Oficial Definitivo &#8211; Dia 19\/01\/2014<\/a><\/strong><\/td>\n<\/tr>\n<tr>\n<td><strong><a href=\"http:\/\/concursos.fadesp.org.br\/cameta2013\/arquivos\/Gabarito%20Oficial%20Preliminar%20-%20DIA%2019.01.2014.pdf\">Gabarito Oficial Preliminar &#8211; Dia 19\/01\/2014<\/a><\/strong><\/td>\n<\/tr>\n<tr>\n<td><strong><a href=\"http:\/\/concursos.fadesp.org.br\/cameta2013\/arquivos\/Edital%20n%C2%B0%2002_2014_PMC%20-%20Data%20das%20Provas.pdf\">Edital n\u00ba 02\/2014 &#8211; Datas das Provas<\/a><\/strong><\/td>\n<\/tr>\n<tr>\n<td><strong><a href=\"http:\/\/concursos.fadesp.org.br\/cameta2013\/arquivos\/Aviso%20-%20Altera%C3%A7%C3%B5es%20de%20datas.pdf\">Aviso &#8211; Altera\u00e7\u00e3o de Datas<\/a><\/strong><\/td>\n<\/tr>\n<tr>\n<td><strong><a href=\"http:\/\/concursos.fadesp.org.br\/cameta2013\/arquivos\/Edital%20n%C2%B0%2002_2013_PMC%20-%20Retificacoes.pdf\">Edital n\u00ba01\/2013- Retifica\u00e7\u00f5es<\/a><\/strong><\/td>\n<\/tr>\n<tr>\n<td><strong><a href=\"http:\/\/concursos.fadesp.org.br\/cameta2013\/arquivos\/Formul%C3%A1rio%20de%20Portador%20de%20Defici%C3%AAncia.pdf\">Formul\u00e1rio de Portador de Defici\u00eancia<\/a><\/strong><\/td>\n<\/tr>\n<tr>\n<td><strong><a href=\"http:\/\/concursos.fadesp.org.br\/cameta2013\/arquivos\/Tabela%20de%20Cargos.pdf\">Tabela de Cargos<\/a><\/strong><\/td>\n<\/tr>\n<tr>\n<td><strong><a href=\"http:\/\/concursos.fadesp.org.br\/cameta2013\/arquivos\/Edital%20n%C2%B0%2001_2013_PMC.pdf\">Edital n\u00ba01\/2013<\/a><\/strong><\/td>\n<\/tr>\n<\/tbody>\n<\/table>\t\t\t\t\t\t\t\t<\/div>\n\t\t\t\t<\/div>\n\t\t\t\t\t<\/div>\n\t\t<\/div>\n\t\t\t\t\t<\/div>\n\t\t<\/section>\n\t\t\t\t\t<\/div>\n\t\t<\/div>\n\t\t\t\t\t<\/div>\n\t\t<\/section>\n\t\t\t\t<\/div>\n\t\t","protected":false},"excerpt":{"rendered":"<p>Prefeitura de Camet\u00e1 &#8211; 2013 A prefeitura de Camet\u00e1 torna p\u00fablica a realiza\u00e7\u00e3ode concurso para o preenchimento de vagas do quadro de pessoal efetivo de n\u00edveis Superior, M\u00e9dio, T\u00e9cnico, Fundamental completo e incompleto. Vagas &#8211;\u00a0700 Cargos &#8211;\u00a0Agentes de servi\u00e7os gerais, agente de portaria, agente de apoio e seguran\u00e7a, operador de m\u00e1quinas leves, operador de m\u00e1quinas [&hellip;]<\/p>\n","protected":false},"author":9,"featured_media":0,"parent":329,"menu_order":56,"comment_status":"closed","ping_status":"closed","template":"","meta":{"_monsterinsights_skip_tracking":false,"_monsterinsights_sitenote_active":false,"_monsterinsights_sitenote_note":"","_monsterinsights_sitenote_category":0,"footnotes":""},"class_list":["post-1489","page","type-page","status-publish","hentry","entry"],"yoast_head":"<!-- This site is optimized with the Yoast SEO plugin v25.1 - https:\/\/yoast.com\/wordpress\/plugins\/seo\/ -->\n<title>Prefeitura Municipal de Camet\u00e1 (PA) - 2013 - FADESP<\/title>\n<meta name=\"robots\" content=\"index, follow, max-snippet:-1, max-image-preview:large, max-video-preview:-1\" \/>\n<link rel=\"canonical\" href=\"https:\/\/portalfadesp.org.br\/?page_id=1489\" \/>\n<meta property=\"og:locale\" content=\"pt_BR\" \/>\n<meta property=\"og:type\" content=\"article\" \/>\n<meta property=\"og:title\" content=\"Prefeitura Municipal de Camet\u00e1 (PA) - 2013 - FADESP\" \/>\n<meta property=\"og:description\" content=\"Prefeitura de Camet\u00e1 &#8211; 2013 A prefeitura de Camet\u00e1 torna p\u00fablica a realiza\u00e7\u00e3ode concurso para o preenchimento de vagas do quadro de pessoal efetivo de n\u00edveis Superior, M\u00e9dio, T\u00e9cnico, Fundamental completo e incompleto. Vagas &#8211;\u00a0700 Cargos &#8211;\u00a0Agentes de servi\u00e7os gerais, agente de portaria, agente de apoio e seguran\u00e7a, operador de m\u00e1quinas leves, operador de m\u00e1quinas [&hellip;]\" \/>\n<meta property=\"og:url\" content=\"https:\/\/portalfadesp.org.br\/?page_id=1489\" \/>\n<meta property=\"og:site_name\" content=\"FADESP\" \/>\n<meta property=\"article:publisher\" content=\"https:\/\/www.facebook.com\/Fadesp-138351949524662\/\" \/>\n<meta property=\"article:modified_time\" content=\"2022-12-20T15:32:37+00:00\" \/>\n<meta name=\"twitter:card\" content=\"summary_large_image\" \/>\n<meta name=\"twitter:site\" content=\"@Fadesp\" \/>\n<meta name=\"twitter:label1\" content=\"Est. tempo de leitura\" \/>\n\t<meta name=\"twitter:data1\" content=\"3 minutos\" \/>\n<script type=\"application\/ld+json\" class=\"yoast-schema-graph\">{\"@context\":\"https:\/\/schema.org\",\"@graph\":[{\"@type\":\"WebPage\",\"@id\":\"https:\/\/portalfadesp.org.br\/?page_id=1489\",\"url\":\"https:\/\/portalfadesp.org.br\/?page_id=1489\",\"name\":\"Prefeitura Municipal de Camet\u00e1 (PA) - 2013 - FADESP\",\"isPartOf\":{\"@id\":\"https:\/\/portalfadesp.org.br\/#website\"},\"datePublished\":\"2013-05-22T07:49:32+00:00\",\"dateModified\":\"2022-12-20T15:32:37+00:00\",\"breadcrumb\":{\"@id\":\"https:\/\/portalfadesp.org.br\/?page_id=1489#breadcrumb\"},\"inLanguage\":\"pt-BR\",\"potentialAction\":[{\"@type\":\"ReadAction\",\"target\":[\"https:\/\/portalfadesp.org.br\/?page_id=1489\"]}]},{\"@type\":\"BreadcrumbList\",\"@id\":\"https:\/\/portalfadesp.org.br\/?page_id=1489#breadcrumb\",\"itemListElement\":[{\"@type\":\"ListItem\",\"position\":1,\"name\":\"In\u00edcio\",\"item\":\"https:\/\/portalfadesp.org.br\/\"},{\"@type\":\"ListItem\",\"position\":2,\"name\":\"Concursos &#8211; Homologados\",\"item\":\"https:\/\/portalfadesp.org.br\/?page_id=329\"},{\"@type\":\"ListItem\",\"position\":3,\"name\":\"Prefeitura Municipal de Camet\u00e1 (PA) &#8211; 2013\"}]},{\"@type\":\"WebSite\",\"@id\":\"https:\/\/portalfadesp.org.br\/#website\",\"url\":\"https:\/\/portalfadesp.org.br\/\",\"name\":\"FADESP\",\"description\":\"Funda\u00e7\u00e3o de Amparo e Desenvolvimento da Pesquisa\",\"publisher\":{\"@id\":\"https:\/\/portalfadesp.org.br\/#organization\"},\"potentialAction\":[{\"@type\":\"SearchAction\",\"target\":{\"@type\":\"EntryPoint\",\"urlTemplate\":\"https:\/\/portalfadesp.org.br\/?s={search_term_string}\"},\"query-input\":{\"@type\":\"PropertyValueSpecification\",\"valueRequired\":true,\"valueName\":\"search_term_string\"}}],\"inLanguage\":\"pt-BR\"},{\"@type\":\"Organization\",\"@id\":\"https:\/\/portalfadesp.org.br\/#organization\",\"name\":\"FADESP\",\"url\":\"https:\/\/portalfadesp.org.br\/\",\"logo\":{\"@type\":\"ImageObject\",\"inLanguage\":\"pt-BR\",\"@id\":\"https:\/\/portalfadesp.org.br\/#\/schema\/logo\/image\/\",\"url\":\"https:\/\/portalfadesp.org.br\/wp-content\/uploads\/2024\/01\/NOVOLOGOFADESPlaranjaH.png\",\"contentUrl\":\"https:\/\/portalfadesp.org.br\/wp-content\/uploads\/2024\/01\/NOVOLOGOFADESPlaranjaH.png\",\"width\":2742,\"height\":839,\"caption\":\"FADESP\"},\"image\":{\"@id\":\"https:\/\/portalfadesp.org.br\/#\/schema\/logo\/image\/\"},\"sameAs\":[\"https:\/\/www.facebook.com\/Fadesp-138351949524662\/\",\"https:\/\/x.com\/Fadesp\",\"https:\/\/www.instagram.com\/fadesp_ufpa\/\",\"https:\/\/www.youtube.com\/@fundacaodeamparoedesenvolv1903\",\"https:\/\/www.threads.net\/@fadesp_ufpa\"]}]}<\/script>\n<!-- \/ Yoast SEO plugin. -->","yoast_head_json":{"title":"Prefeitura Municipal de Camet\u00e1 (PA) - 2013 - FADESP","robots":{"index":"index","follow":"follow","max-snippet":"max-snippet:-1","max-image-preview":"max-image-preview:large","max-video-preview":"max-video-preview:-1"},"canonical":"https:\/\/portalfadesp.org.br\/?page_id=1489","og_locale":"pt_BR","og_type":"article","og_title":"Prefeitura Municipal de Camet\u00e1 (PA) - 2013 - FADESP","og_description":"Prefeitura de Camet\u00e1 &#8211; 2013 A prefeitura de Camet\u00e1 torna p\u00fablica a realiza\u00e7\u00e3ode concurso para o preenchimento de vagas do quadro de pessoal efetivo de n\u00edveis Superior, M\u00e9dio, T\u00e9cnico, Fundamental completo e incompleto. Vagas &#8211;\u00a0700 Cargos &#8211;\u00a0Agentes de servi\u00e7os gerais, agente de portaria, agente de apoio e seguran\u00e7a, operador de m\u00e1quinas leves, operador de m\u00e1quinas [&hellip;]","og_url":"https:\/\/portalfadesp.org.br\/?page_id=1489","og_site_name":"FADESP","article_publisher":"https:\/\/www.facebook.com\/Fadesp-138351949524662\/","article_modified_time":"2022-12-20T15:32:37+00:00","twitter_card":"summary_large_image","twitter_site":"@Fadesp","twitter_misc":{"Est. tempo de leitura":"3 minutos"},"schema":{"@context":"https:\/\/schema.org","@graph":[{"@type":"WebPage","@id":"https:\/\/portalfadesp.org.br\/?page_id=1489","url":"https:\/\/portalfadesp.org.br\/?page_id=1489","name":"Prefeitura Municipal de Camet\u00e1 (PA) - 2013 - FADESP","isPartOf":{"@id":"https:\/\/portalfadesp.org.br\/#website"},"datePublished":"2013-05-22T07:49:32+00:00","dateModified":"2022-12-20T15:32:37+00:00","breadcrumb":{"@id":"https:\/\/portalfadesp.org.br\/?page_id=1489#breadcrumb"},"inLanguage":"pt-BR","potentialAction":[{"@type":"ReadAction","target":["https:\/\/portalfadesp.org.br\/?page_id=1489"]}]},{"@type":"BreadcrumbList","@id":"https:\/\/portalfadesp.org.br\/?page_id=1489#breadcrumb","itemListElement":[{"@type":"ListItem","position":1,"name":"In\u00edcio","item":"https:\/\/portalfadesp.org.br\/"},{"@type":"ListItem","position":2,"name":"Concursos &#8211; Homologados","item":"https:\/\/portalfadesp.org.br\/?page_id=329"},{"@type":"ListItem","position":3,"name":"Prefeitura Municipal de Camet\u00e1 (PA) &#8211; 2013"}]},{"@type":"WebSite","@id":"https:\/\/portalfadesp.org.br\/#website","url":"https:\/\/portalfadesp.org.br\/","name":"FADESP","description":"Funda\u00e7\u00e3o de Amparo e Desenvolvimento da Pesquisa","publisher":{"@id":"https:\/\/portalfadesp.org.br\/#organization"},"potentialAction":[{"@type":"SearchAction","target":{"@type":"EntryPoint","urlTemplate":"https:\/\/portalfadesp.org.br\/?s={search_term_string}"},"query-input":{"@type":"PropertyValueSpecification","valueRequired":true,"valueName":"search_term_string"}}],"inLanguage":"pt-BR"},{"@type":"Organization","@id":"https:\/\/portalfadesp.org.br\/#organization","name":"FADESP","url":"https:\/\/portalfadesp.org.br\/","logo":{"@type":"ImageObject","inLanguage":"pt-BR","@id":"https:\/\/portalfadesp.org.br\/#\/schema\/logo\/image\/","url":"https:\/\/portalfadesp.org.br\/wp-content\/uploads\/2024\/01\/NOVOLOGOFADESPlaranjaH.png","contentUrl":"https:\/\/portalfadesp.org.br\/wp-content\/uploads\/2024\/01\/NOVOLOGOFADESPlaranjaH.png","width":2742,"height":839,"caption":"FADESP"},"image":{"@id":"https:\/\/portalfadesp.org.br\/#\/schema\/logo\/image\/"},"sameAs":["https:\/\/www.facebook.com\/Fadesp-138351949524662\/","https:\/\/x.com\/Fadesp","https:\/\/www.instagram.com\/fadesp_ufpa\/","https:\/\/www.youtube.com\/@fundacaodeamparoedesenvolv1903","https:\/\/www.threads.net\/@fadesp_ufpa"]}]}},"_links":{"self":[{"href":"https:\/\/portalfadesp.org.br\/index.php?rest_route=\/wp\/v2\/pages\/1489","targetHints":{"allow":["GET"]}}],"collection":[{"href":"https:\/\/portalfadesp.org.br\/index.php?rest_route=\/wp\/v2\/pages"}],"about":[{"href":"https:\/\/portalfadesp.org.br\/index.php?rest_route=\/wp\/v2\/types\/page"}],"author":[{"embeddable":true,"href":"https:\/\/portalfadesp.org.br\/index.php?rest_route=\/wp\/v2\/users\/9"}],"replies":[{"embeddable":true,"href":"https:\/\/portalfadesp.org.br\/index.php?rest_route=%2Fwp%2Fv2%2Fcomments&post=1489"}],"version-history":[{"count":25,"href":"https:\/\/portalfadesp.org.br\/index.php?rest_route=\/wp\/v2\/pages\/1489\/revisions"}],"predecessor-version":[{"id":36679,"href":"https:\/\/portalfadesp.org.br\/index.php?rest_route=\/wp\/v2\/pages\/1489\/revisions\/36679"}],"up":[{"embeddable":true,"href":"https:\/\/portalfadesp.org.br\/index.php?rest_route=\/wp\/v2\/pages\/329"}],"wp:attachment":[{"href":"https:\/\/portalfadesp.org.br\/index.php?rest_route=%2Fwp%2Fv2%2Fmedia&parent=1489"}],"curies":[{"name":"wp","href":"https:\/\/api.w.org\/{rel}","templated":true}]}}