{"id":1461,"date":"2013-05-22T04:29:06","date_gmt":"2013-05-22T07:29:06","guid":{"rendered":"https:\/\/162.215.13.167?page_id=1461"},"modified":"2022-12-20T12:39:14","modified_gmt":"2022-12-20T15:39:14","slug":"conselho-municipal-do-direito-da-crianca-e-do-adolescente-comdica-2013","status":"publish","type":"page","link":"https:\/\/portalfadesp.org.br\/?page_id=1461","title":{"rendered":"Conselho Municipal do Direito da Crian\u00e7a e do Adolescente (COMDICA) &#8211; 2013"},"content":{"rendered":"\t\t<div data-elementor-type=\"wp-post\" data-elementor-id=\"1461\" class=\"elementor elementor-1461\" data-elementor-post-type=\"page\">\n\t\t\t\t\t\t<section class=\"elementor-section elementor-top-section elementor-element elementor-element-27af429a elementor-section-boxed elementor-section-height-default elementor-section-height-default\" data-id=\"27af429a\" data-element_type=\"section\">\n\t\t\t\t\t\t<div class=\"elementor-container elementor-column-gap-default\">\n\t\t\t\t\t<div class=\"elementor-column elementor-col-100 elementor-top-column elementor-element elementor-element-321320d5\" data-id=\"321320d5\" data-element_type=\"column\">\n\t\t\t<div class=\"elementor-widget-wrap elementor-element-populated\">\n\t\t\t\t\t\t<div class=\"elementor-element elementor-element-6e6a60ab elementor-widget elementor-widget-heading\" data-id=\"6e6a60ab\" data-element_type=\"widget\" data-widget_type=\"heading.default\">\n\t\t\t\t<div class=\"elementor-widget-container\">\n\t\t\t\t\t<h1 class=\"elementor-heading-title elementor-size-default\">Conselho Municipal do Direito da Crian\u00e7a e do Adolescente (COMDICA) - 2013\n<\/h1>\t\t\t\t<\/div>\n\t\t\t\t<\/div>\n\t\t\t\t<section class=\"elementor-section elementor-inner-section elementor-element elementor-element-27cc5697 elementor-section-boxed elementor-section-height-default elementor-section-height-default\" data-id=\"27cc5697\" data-element_type=\"section\">\n\t\t\t\t\t\t<div class=\"elementor-container elementor-column-gap-default\">\n\t\t\t\t\t<div class=\"elementor-column elementor-col-50 elementor-inner-column elementor-element elementor-element-421c88f8\" data-id=\"421c88f8\" data-element_type=\"column\">\n\t\t\t<div class=\"elementor-widget-wrap elementor-element-populated\">\n\t\t\t\t\t\t<div class=\"elementor-element elementor-element-559618c2 elementor-widget elementor-widget-text-editor\" data-id=\"559618c2\" data-element_type=\"widget\" data-widget_type=\"text-editor.default\">\n\t\t\t\t<div class=\"elementor-widget-container\">\n\t\t\t\t\t\t\t\t\t<p>O Conselho Municipal dos Direitos da Crian\u00e7a e do Adolescente lan\u00e7a processo de inscri\u00e7\u00e3o para candidatos a conselheiros tutelares. Tamb\u00e9m instrui a organiza\u00e7\u00e3o das elei\u00e7\u00f5es diretas. As vagas s\u00e3o para os Conselhos Tutelares I, II, III e IV de Ananindeua.<\/p><p><strong>Vagas &#8211;\u00a0<\/strong>20<\/p><p><strong>Cargos &#8211;<\/strong>\u00a0Conselheiro Tutelar de Ananindeua.<strong><br \/><\/strong><\/p><p><strong>Remunera\u00e7\u00e3o &#8211;\u00a0<\/strong>n\u00e3o informada no edital<strong><br \/><\/strong><\/p><p><strong>Inscri\u00e7\u00f5es &#8211;\u00a0\u00a0<\/strong>26\/09\/2013a 25\/10\/2013<strong><br \/><\/strong><\/p><p><strong>Datas importantes<\/strong>:<\/p><p>Per\u00edodo de Inscri\u00e7\u00e3o: 26\/09\/2013a 25\/10\/2013<\/p><p>Data da Prova Objetiva: 17\/11\/2013<\/p><p>Data da Prova Psicol\u00f3gica: 26\/11\/2013<\/p>\t\t\t\t\t\t\t\t<\/div>\n\t\t\t\t<\/div>\n\t\t\t\t\t<\/div>\n\t\t<\/div>\n\t\t\t\t<div class=\"elementor-column elementor-col-50 elementor-inner-column elementor-element elementor-element-73f5eb1\" data-id=\"73f5eb1\" data-element_type=\"column\">\n\t\t\t<div class=\"elementor-widget-wrap elementor-element-populated\">\n\t\t\t\t\t\t<div class=\"elementor-element elementor-element-fa5ac08 elementor-widget elementor-widget-text-editor\" data-id=\"fa5ac08\" data-element_type=\"widget\" data-widget_type=\"text-editor.default\">\n\t\t\t\t<div class=\"elementor-widget-container\">\n\t\t\t\t\t\t\t\t\t<p style=\"text-align: center;\"><span style=\"color: #ffffff;\"><strong>Editais e Avisos<\/strong><\/span><\/p>\t\t\t\t\t\t\t\t<\/div>\n\t\t\t\t<\/div>\n\t\t\t\t<div class=\"elementor-element elementor-element-2edd57d elementor-widget elementor-widget-text-editor\" data-id=\"2edd57d\" data-element_type=\"widget\" data-widget_type=\"text-editor.default\">\n\t\t\t\t<div class=\"elementor-widget-container\">\n\t\t\t\t\t\t\t\t\t<table width=\"80\">\n<tbody>\n<tr>\n<td width=\"80\"><strong><a href=\"..\/midias\/anexos\/273_resultado_da_avaliacao_psicologica_-_15.pdf\">Resultado da Avalia\u00e7\u00e3o Psicol\u00f3gica &#8211; Resolu\u00e7\u00e3o 015-2013<\/a><\/strong><\/td>\n<\/tr>\n<tr>\n<td width=\"80\"><strong><a href=\"..\/midias\/anexos\/273_convocacao_a_avaliacao_psicologica_-_resolucao_015.pdf\">Lota\u00e7\u00e3o\/local\/sala-Avalia\u00e7\u00e3o Psicol\u00f3gica<\/a><\/strong><\/td>\n<\/tr>\n<tr>\n<td width=\"80\"><strong><a href=\"..\/midias\/anexos\/273_convocacao_a_avaliacao_psicologica_-_resolucao_015.pdf\">Convoca\u00e7\u00e3o a avalia\u00e7\u00e3o psicol\u00f3gica-Resolu\u00e7\u00e3o 015<\/a><\/strong><\/td>\n<\/tr>\n<tr>\n<td width=\"80\"><strong><a href=\"..\/midias\/anexos\/273_resultado_da_prova_objetiva_e_redacao_-_resolucao_015.pdf\">Resultado da Prova Objetiva e Reda\u00e7\u00e3o &#8211; Resolu\u00e7\u00e3o 015<\/a><\/strong><\/td>\n<\/tr>\n<tr>\n<td width=\"80\"><strong><a href=\"..\/midias\/anexos\/273_gabarito_oficial_definitivo_-_dia_12.01.2014.pdf\">Gabarito Oficial Definitivo<\/a><\/strong><\/td>\n<\/tr>\n<tr>\n<td width=\"80\"><strong><a href=\"..\/midias\/anexos\/273_grade_de_correcao_da_redacao2.pdf\">Grade de Corre\u00e7\u00e3o da Reda\u00e7\u00e3o<\/a><\/strong><\/td>\n<\/tr>\n<tr>\n<td width=\"80\"><strong><a href=\"..\/midias\/anexos\/273_gabarito_oficial_preliminar_da_prova_objetiva_-_12.pdf\">Gabarito Oficial Preliminar &#8211; dia 12\/01\/2014<\/a><\/strong><\/td>\n<\/tr>\n<tr>\n<td width=\"80\"><strong><a href=\"..\/midias\/anexos\/273_local_da_prova_objetiva-redacao12.pdf\">Local da Prova Objetiva &#8211; Reda\u00e7\u00e3o do dia 12\/01\/2014<\/a><\/strong><\/td>\n<\/tr>\n<tr>\n<td width=\"80\"><strong><a href=\"..\/midias\/anexos\/273_4convocacao_as_provas_do_dia_12_01_2014.pdf\">Convoca\u00e7\u00e3o as provas do dia 12\/01\/2014<\/a><\/strong><\/td>\n<\/tr>\n<tr>\n<td width=\"80\"><strong><a href=\"..\/midias\/anexos\/273_2comunicado_comissao_eleitoral.pdf\">Comunicado Comiss\u00e3o Eleitoral<\/a><\/strong><\/td>\n<\/tr>\n<tr>\n<td width=\"80\"><strong><a href=\"..\/midias\/anexos\/273_resolucao_n_015_2013_comdica.pdf\">Resolu\u00e7\u00e3o 15\/2013 &#8211; Reabertura do Processo de Inscri\u00e7\u00e3o<\/a><\/strong><\/td>\n<\/tr>\n<tr>\n<td width=\"80\"><strong><a href=\"..\/midias\/anexos\/273_1resolucao_n_13_-_retificacoes.pdf\">Resolu\u00e7\u00e3o 13\/2013 &#8211; Retifica\u00e7\u00f5es<\/a><\/strong><\/td>\n<\/tr>\n<tr>\n<td width=\"80\"><strong><a href=\"..\/midias\/anexos\/273_comunicado_a_comunidade_de_ananindeua.pdf\">Comunicado a Comunidade de Ananindeua<\/a><\/strong><\/td>\n<\/tr>\n<tr>\n<td width=\"80\"><strong><a href=\"..\/midias\/anexos\/Copia(01)_273_resultado_da_avaliacao_psicologica.pdf\">Resultado da Avalia\u00e7\u00e3o Psicol\u00f3gica<\/a><\/strong><\/td>\n<\/tr>\n<tr>\n<td width=\"80\"><strong><a href=\"..\/midias\/anexos\/273_convocacao_a_avaliacao_psicologica.pdf\">Convoca\u00e7\u00e3o a Avalia\u00e7\u00e3o Psicol\u00f3gica<\/a><\/strong><\/td>\n<\/tr>\n<tr>\n<td width=\"80\"><strong><a href=\"..\/midias\/anexos\/273_resultado_da_prova_objetiva_e_redacao.pdf\">Resultado da Prova Objetiva e Reda\u00e7\u00e3o<\/a><\/strong><\/td>\n<\/tr>\n<tr>\n<td width=\"80\"><strong><a href=\"..\/midias\/anexos\/273_grade_de_correcao_da_redacao.pdf\">Grade de Corre\u00e7\u00e3o da Reda\u00e7\u00e3o<\/a><\/strong><\/td>\n<\/tr>\n<tr>\n<td width=\"80\"><strong><a href=\"..\/midias\/anexos\/273_gabarito_oficial_preliminar_-_dia_17.11.2013.pdf\">Gabarito Oficial Preliminar<\/a><\/strong><\/td>\n<\/tr>\n<tr>\n<td width=\"80\"><strong><a href=\"..\/midias\/anexos\/273_convocacao_a_prova_objetiva_e_redacao.pdf\">Convoca\u00e7\u00e3o a Prova Objetiva e Reda\u00e7\u00e3o<\/a><\/strong><\/td>\n<\/tr>\n<tr>\n<td width=\"80\"><strong><a href=\"..\/midias\/anexos\/273_regras_gerais_da_avaliacao_psicologica.pdf\">Regras Gerais da Avalia\u00e7\u00e3o Psicol\u00f3gica<\/a><\/strong><\/td>\n<\/tr>\n<tr>\n<td width=\"80\"><strong><a href=\"..\/midias\/anexos\/273_relacao_de_inscricoes_deferidas_apos_prazo_de__recursos.pdf\">Rela\u00e7\u00e3o de Inscri\u00e7\u00f5es Deferidas Ap\u00f3s Prazos de Recursos<\/a><\/strong><\/td>\n<\/tr>\n<tr>\n<td width=\"80\"><strong><a href=\"..\/midias\/anexos\/273_retificacoes_no_anexo_i_e_iii_da_resolucao013.pdf\">Retifica\u00e7\u00f5es no Anexo I e III da Resolu\u00e7\u00e3o 013\/2013 COMDICA<\/a><\/strong><\/td>\n<\/tr>\n<tr>\n<td width=\"80\"><strong><a href=\"..\/midias\/anexos\/273_2correcoes_de_nomes_na_relacao_de_inscricoes_deferidas.pdf\">Segunda Corre\u00e7\u00e3o de Nomes na Rela\u00e7\u00e3o de Inscri\u00e7\u00f5es Deferidas<\/a><\/strong><\/td>\n<\/tr>\n<tr>\n<td width=\"80\"><strong><a href=\"..\/midias\/anexos\/273_correcoes_de_nomes_na_relacao_de_inscricoes_de_feridas.pdf\">Corre\u00e7\u00f5es de Nomes na Rela\u00e7\u00e3o de Inscri\u00e7\u00f5es Deferidas<\/a><\/strong><\/td>\n<\/tr>\n<tr>\n<td width=\"80\"><strong><a href=\"..\/midias\/anexos\/273_relacao_de_inscricoes_deferidas.pdf\">Rela\u00e7\u00e3o de Inscri\u00e7\u00f5es Deferidas<\/a><\/strong><\/td>\n<\/tr>\n<tr>\n<td width=\"80\"><strong><a href=\"..\/midias\/anexos\/273_formulario_de_portador_de_deficiencia.pdf\">Formul\u00e1rio PCD<\/a><\/strong><\/td>\n<\/tr>\n<tr>\n<td width=\"80\"><strong><a href=\"..\/midias\/anexos\/273_resolucao_n_013_2013_comdica_republicada.pdf\">Resolu\u00e7\u00e3o n\u00ba 013\/2013 COMDICA &#8211; Republicada<\/a><\/strong><\/td>\n<\/tr>\n<\/tbody>\n<\/table>\t\t\t\t\t\t\t\t<\/div>\n\t\t\t\t<\/div>\n\t\t\t\t\t<\/div>\n\t\t<\/div>\n\t\t\t\t\t<\/div>\n\t\t<\/section>\n\t\t\t\t\t<\/div>\n\t\t<\/div>\n\t\t\t\t\t<\/div>\n\t\t<\/section>\n\t\t\t\t<\/div>\n\t\t","protected":false},"excerpt":{"rendered":"<p>Conselho Municipal do Direito da Crian\u00e7a e do Adolescente (COMDICA) &#8211; 2013 O Conselho Municipal dos Direitos da Crian\u00e7a e do Adolescente lan\u00e7a processo de inscri\u00e7\u00e3o para candidatos a conselheiros tutelares. Tamb\u00e9m instrui a organiza\u00e7\u00e3o das elei\u00e7\u00f5es diretas. As vagas s\u00e3o para os Conselhos Tutelares I, II, III e IV de Ananindeua. Vagas &#8211;\u00a020 Cargos [&hellip;]<\/p>\n","protected":false},"author":9,"featured_media":0,"parent":329,"menu_order":56,"comment_status":"closed","ping_status":"closed","template":"","meta":{"_monsterinsights_skip_tracking":false,"_monsterinsights_sitenote_active":false,"_monsterinsights_sitenote_note":"","_monsterinsights_sitenote_category":0,"footnotes":""},"class_list":["post-1461","page","type-page","status-publish","hentry","entry"],"yoast_head":"<!-- This site is optimized with the Yoast SEO plugin v25.1 - https:\/\/yoast.com\/wordpress\/plugins\/seo\/ -->\n<title>Conselho Municipal do Direito da Crian\u00e7a e do Adolescente (COMDICA) - 2013 - FADESP<\/title>\n<meta name=\"robots\" content=\"index, follow, max-snippet:-1, max-image-preview:large, max-video-preview:-1\" \/>\n<link rel=\"canonical\" href=\"https:\/\/portalfadesp.org.br\/?page_id=1461\" \/>\n<meta property=\"og:locale\" content=\"pt_BR\" \/>\n<meta property=\"og:type\" content=\"article\" \/>\n<meta property=\"og:title\" content=\"Conselho Municipal do Direito da Crian\u00e7a e do Adolescente (COMDICA) - 2013 - FADESP\" \/>\n<meta property=\"og:description\" content=\"Conselho Municipal do Direito da Crian\u00e7a e do Adolescente (COMDICA) &#8211; 2013 O Conselho Municipal dos Direitos da Crian\u00e7a e do Adolescente lan\u00e7a processo de inscri\u00e7\u00e3o para candidatos a conselheiros tutelares. Tamb\u00e9m instrui a organiza\u00e7\u00e3o das elei\u00e7\u00f5es diretas. As vagas s\u00e3o para os Conselhos Tutelares I, II, III e IV de Ananindeua. Vagas &#8211;\u00a020 Cargos [&hellip;]\" \/>\n<meta property=\"og:url\" content=\"https:\/\/portalfadesp.org.br\/?page_id=1461\" \/>\n<meta property=\"og:site_name\" content=\"FADESP\" \/>\n<meta property=\"article:publisher\" content=\"https:\/\/www.facebook.com\/Fadesp-138351949524662\/\" \/>\n<meta property=\"article:modified_time\" content=\"2022-12-20T15:39:14+00:00\" \/>\n<meta name=\"twitter:card\" content=\"summary_large_image\" \/>\n<meta name=\"twitter:site\" content=\"@Fadesp\" \/>\n<meta name=\"twitter:label1\" content=\"Est. tempo de leitura\" \/>\n\t<meta name=\"twitter:data1\" content=\"1 minuto\" \/>\n<script type=\"application\/ld+json\" class=\"yoast-schema-graph\">{\"@context\":\"https:\/\/schema.org\",\"@graph\":[{\"@type\":\"WebPage\",\"@id\":\"https:\/\/portalfadesp.org.br\/?page_id=1461\",\"url\":\"https:\/\/portalfadesp.org.br\/?page_id=1461\",\"name\":\"Conselho Municipal do Direito da Crian\u00e7a e do Adolescente (COMDICA) - 2013 - FADESP\",\"isPartOf\":{\"@id\":\"https:\/\/portalfadesp.org.br\/#website\"},\"datePublished\":\"2013-05-22T07:29:06+00:00\",\"dateModified\":\"2022-12-20T15:39:14+00:00\",\"breadcrumb\":{\"@id\":\"https:\/\/portalfadesp.org.br\/?page_id=1461#breadcrumb\"},\"inLanguage\":\"pt-BR\",\"potentialAction\":[{\"@type\":\"ReadAction\",\"target\":[\"https:\/\/portalfadesp.org.br\/?page_id=1461\"]}]},{\"@type\":\"BreadcrumbList\",\"@id\":\"https:\/\/portalfadesp.org.br\/?page_id=1461#breadcrumb\",\"itemListElement\":[{\"@type\":\"ListItem\",\"position\":1,\"name\":\"In\u00edcio\",\"item\":\"https:\/\/portalfadesp.org.br\/\"},{\"@type\":\"ListItem\",\"position\":2,\"name\":\"Concursos &#8211; Homologados\",\"item\":\"https:\/\/portalfadesp.org.br\/?page_id=329\"},{\"@type\":\"ListItem\",\"position\":3,\"name\":\"Conselho Municipal do Direito da Crian\u00e7a e do Adolescente (COMDICA) &#8211; 2013\"}]},{\"@type\":\"WebSite\",\"@id\":\"https:\/\/portalfadesp.org.br\/#website\",\"url\":\"https:\/\/portalfadesp.org.br\/\",\"name\":\"FADESP\",\"description\":\"Funda\u00e7\u00e3o de Amparo e Desenvolvimento da Pesquisa\",\"publisher\":{\"@id\":\"https:\/\/portalfadesp.org.br\/#organization\"},\"potentialAction\":[{\"@type\":\"SearchAction\",\"target\":{\"@type\":\"EntryPoint\",\"urlTemplate\":\"https:\/\/portalfadesp.org.br\/?s={search_term_string}\"},\"query-input\":{\"@type\":\"PropertyValueSpecification\",\"valueRequired\":true,\"valueName\":\"search_term_string\"}}],\"inLanguage\":\"pt-BR\"},{\"@type\":\"Organization\",\"@id\":\"https:\/\/portalfadesp.org.br\/#organization\",\"name\":\"FADESP\",\"url\":\"https:\/\/portalfadesp.org.br\/\",\"logo\":{\"@type\":\"ImageObject\",\"inLanguage\":\"pt-BR\",\"@id\":\"https:\/\/portalfadesp.org.br\/#\/schema\/logo\/image\/\",\"url\":\"https:\/\/portalfadesp.org.br\/wp-content\/uploads\/2024\/01\/NOVOLOGOFADESPlaranjaH.png\",\"contentUrl\":\"https:\/\/portalfadesp.org.br\/wp-content\/uploads\/2024\/01\/NOVOLOGOFADESPlaranjaH.png\",\"width\":2742,\"height\":839,\"caption\":\"FADESP\"},\"image\":{\"@id\":\"https:\/\/portalfadesp.org.br\/#\/schema\/logo\/image\/\"},\"sameAs\":[\"https:\/\/www.facebook.com\/Fadesp-138351949524662\/\",\"https:\/\/x.com\/Fadesp\",\"https:\/\/www.instagram.com\/fadesp_ufpa\/\",\"https:\/\/www.youtube.com\/@fundacaodeamparoedesenvolv1903\",\"https:\/\/www.threads.net\/@fadesp_ufpa\"]}]}<\/script>\n<!-- \/ Yoast SEO plugin. -->","yoast_head_json":{"title":"Conselho Municipal do Direito da Crian\u00e7a e do Adolescente (COMDICA) - 2013 - FADESP","robots":{"index":"index","follow":"follow","max-snippet":"max-snippet:-1","max-image-preview":"max-image-preview:large","max-video-preview":"max-video-preview:-1"},"canonical":"https:\/\/portalfadesp.org.br\/?page_id=1461","og_locale":"pt_BR","og_type":"article","og_title":"Conselho Municipal do Direito da Crian\u00e7a e do Adolescente (COMDICA) - 2013 - FADESP","og_description":"Conselho Municipal do Direito da Crian\u00e7a e do Adolescente (COMDICA) &#8211; 2013 O Conselho Municipal dos Direitos da Crian\u00e7a e do Adolescente lan\u00e7a processo de inscri\u00e7\u00e3o para candidatos a conselheiros tutelares. Tamb\u00e9m instrui a organiza\u00e7\u00e3o das elei\u00e7\u00f5es diretas. As vagas s\u00e3o para os Conselhos Tutelares I, II, III e IV de Ananindeua. Vagas &#8211;\u00a020 Cargos [&hellip;]","og_url":"https:\/\/portalfadesp.org.br\/?page_id=1461","og_site_name":"FADESP","article_publisher":"https:\/\/www.facebook.com\/Fadesp-138351949524662\/","article_modified_time":"2022-12-20T15:39:14+00:00","twitter_card":"summary_large_image","twitter_site":"@Fadesp","twitter_misc":{"Est. tempo de leitura":"1 minuto"},"schema":{"@context":"https:\/\/schema.org","@graph":[{"@type":"WebPage","@id":"https:\/\/portalfadesp.org.br\/?page_id=1461","url":"https:\/\/portalfadesp.org.br\/?page_id=1461","name":"Conselho Municipal do Direito da Crian\u00e7a e do Adolescente (COMDICA) - 2013 - FADESP","isPartOf":{"@id":"https:\/\/portalfadesp.org.br\/#website"},"datePublished":"2013-05-22T07:29:06+00:00","dateModified":"2022-12-20T15:39:14+00:00","breadcrumb":{"@id":"https:\/\/portalfadesp.org.br\/?page_id=1461#breadcrumb"},"inLanguage":"pt-BR","potentialAction":[{"@type":"ReadAction","target":["https:\/\/portalfadesp.org.br\/?page_id=1461"]}]},{"@type":"BreadcrumbList","@id":"https:\/\/portalfadesp.org.br\/?page_id=1461#breadcrumb","itemListElement":[{"@type":"ListItem","position":1,"name":"In\u00edcio","item":"https:\/\/portalfadesp.org.br\/"},{"@type":"ListItem","position":2,"name":"Concursos &#8211; Homologados","item":"https:\/\/portalfadesp.org.br\/?page_id=329"},{"@type":"ListItem","position":3,"name":"Conselho Municipal do Direito da Crian\u00e7a e do Adolescente (COMDICA) &#8211; 2013"}]},{"@type":"WebSite","@id":"https:\/\/portalfadesp.org.br\/#website","url":"https:\/\/portalfadesp.org.br\/","name":"FADESP","description":"Funda\u00e7\u00e3o de Amparo e Desenvolvimento da Pesquisa","publisher":{"@id":"https:\/\/portalfadesp.org.br\/#organization"},"potentialAction":[{"@type":"SearchAction","target":{"@type":"EntryPoint","urlTemplate":"https:\/\/portalfadesp.org.br\/?s={search_term_string}"},"query-input":{"@type":"PropertyValueSpecification","valueRequired":true,"valueName":"search_term_string"}}],"inLanguage":"pt-BR"},{"@type":"Organization","@id":"https:\/\/portalfadesp.org.br\/#organization","name":"FADESP","url":"https:\/\/portalfadesp.org.br\/","logo":{"@type":"ImageObject","inLanguage":"pt-BR","@id":"https:\/\/portalfadesp.org.br\/#\/schema\/logo\/image\/","url":"https:\/\/portalfadesp.org.br\/wp-content\/uploads\/2024\/01\/NOVOLOGOFADESPlaranjaH.png","contentUrl":"https:\/\/portalfadesp.org.br\/wp-content\/uploads\/2024\/01\/NOVOLOGOFADESPlaranjaH.png","width":2742,"height":839,"caption":"FADESP"},"image":{"@id":"https:\/\/portalfadesp.org.br\/#\/schema\/logo\/image\/"},"sameAs":["https:\/\/www.facebook.com\/Fadesp-138351949524662\/","https:\/\/x.com\/Fadesp","https:\/\/www.instagram.com\/fadesp_ufpa\/","https:\/\/www.youtube.com\/@fundacaodeamparoedesenvolv1903","https:\/\/www.threads.net\/@fadesp_ufpa"]}]}},"_links":{"self":[{"href":"https:\/\/portalfadesp.org.br\/index.php?rest_route=\/wp\/v2\/pages\/1461","targetHints":{"allow":["GET"]}}],"collection":[{"href":"https:\/\/portalfadesp.org.br\/index.php?rest_route=\/wp\/v2\/pages"}],"about":[{"href":"https:\/\/portalfadesp.org.br\/index.php?rest_route=\/wp\/v2\/types\/page"}],"author":[{"embeddable":true,"href":"https:\/\/portalfadesp.org.br\/index.php?rest_route=\/wp\/v2\/users\/9"}],"replies":[{"embeddable":true,"href":"https:\/\/portalfadesp.org.br\/index.php?rest_route=%2Fwp%2Fv2%2Fcomments&post=1461"}],"version-history":[{"count":25,"href":"https:\/\/portalfadesp.org.br\/index.php?rest_route=\/wp\/v2\/pages\/1461\/revisions"}],"predecessor-version":[{"id":36718,"href":"https:\/\/portalfadesp.org.br\/index.php?rest_route=\/wp\/v2\/pages\/1461\/revisions\/36718"}],"up":[{"embeddable":true,"href":"https:\/\/portalfadesp.org.br\/index.php?rest_route=\/wp\/v2\/pages\/329"}],"wp:attachment":[{"href":"https:\/\/portalfadesp.org.br\/index.php?rest_route=%2Fwp%2Fv2%2Fmedia&parent=1461"}],"curies":[{"name":"wp","href":"https:\/\/api.w.org\/{rel}","templated":true}]}}