{"id":1397,"date":"2010-05-22T03:28:36","date_gmt":"2010-05-22T06:28:36","guid":{"rendered":"https:\/\/162.215.13.167?page_id=1397"},"modified":"2022-12-20T12:58:14","modified_gmt":"2022-12-20T15:58:14","slug":"conselho-regional-de-engenharia-e-agronomia-do-para-crea-pa-2010","status":"publish","type":"page","link":"https:\/\/portalfadesp.org.br\/?page_id=1397","title":{"rendered":"Conselho Regional de Engenharia e Agronomia do Par\u00e1 (CREA-PA) &#8211; 2010"},"content":{"rendered":"\t\t<div data-elementor-type=\"wp-post\" data-elementor-id=\"1397\" class=\"elementor elementor-1397\" data-elementor-post-type=\"page\">\n\t\t\t\t\t\t<section class=\"elementor-section elementor-top-section elementor-element elementor-element-33812828 elementor-section-full_width elementor-section-height-default elementor-section-height-default\" data-id=\"33812828\" data-element_type=\"section\">\n\t\t\t\t\t\t<div class=\"elementor-container elementor-column-gap-default\">\n\t\t\t\t\t<div class=\"elementor-column elementor-col-100 elementor-top-column elementor-element elementor-element-24716e7b\" data-id=\"24716e7b\" data-element_type=\"column\">\n\t\t\t<div class=\"elementor-widget-wrap elementor-element-populated\">\n\t\t\t\t\t\t<div class=\"elementor-element elementor-element-2c47a3f0 elementor-widget elementor-widget-heading\" data-id=\"2c47a3f0\" data-element_type=\"widget\" data-widget_type=\"heading.default\">\n\t\t\t\t<div class=\"elementor-widget-container\">\n\t\t\t\t\t<h1 class=\"elementor-heading-title elementor-size-default\">Conselho Regional de Engenharia e Agronomia do Par\u00e1 (CREA-PA) - 2010<\/h1>\t\t\t\t<\/div>\n\t\t\t\t<\/div>\n\t\t\t\t<section class=\"elementor-section elementor-inner-section elementor-element elementor-element-2785e990 elementor-section-boxed elementor-section-height-default elementor-section-height-default\" data-id=\"2785e990\" data-element_type=\"section\">\n\t\t\t\t\t\t<div class=\"elementor-container elementor-column-gap-default\">\n\t\t\t\t\t<div class=\"elementor-column elementor-col-50 elementor-inner-column elementor-element elementor-element-6d4eb4a5\" data-id=\"6d4eb4a5\" data-element_type=\"column\">\n\t\t\t<div class=\"elementor-widget-wrap elementor-element-populated\">\n\t\t\t\t\t\t<div class=\"elementor-element elementor-element-4969bc2c elementor-widget elementor-widget-text-editor\" data-id=\"4969bc2c\" data-element_type=\"widget\" data-widget_type=\"text-editor.default\">\n\t\t\t\t<div class=\"elementor-widget-container\">\n\t\t\t\t\t\t\t\t\t<p>O Conselho Regional\u00a0 de Engenharia, Arquitetura e\u00a0 AGronomia \u2013 CREA\/PA, no uso de suas atribui\u00e7\u00f5es legais, mediante as condi\u00e7\u00f5es estipuladas neste Edital, em conformidade com a Constitui\u00e7\u00e3o Federal e demais disposi\u00e7\u00f5es atinentes \u00e0 mat\u00e9ria, torna p\u00fablica a abertura de inscri\u00e7\u00e3o ao CONCURSO P\u00daBLICO, sob regime da Consolida\u00e7\u00e3o das Leis Trabalhistas, para provimento de vagas do Quadro de Pessoal do CREA\/PA.<\/p><p><strong>Vagas &#8211;\u00a0<\/strong>03<\/p><p><strong>Cargos &#8211;\u00a0<\/strong>N\u00edvel M\u00e9dio: T\u00e9cnico em Tecnologia da Informa\u00e7\u00e3o e Comunica\u00e7\u00e3o &#8211; Especialidade em<br \/>Web Designer; T\u00e9cnico em Tecnologia da Informa\u00e7\u00e3o e Comunica\u00e7\u00e3o &#8211; Especialidade em Suporte de Redes<br \/>de Computadores, T\u00e9cnico em Tecnologia da Informa\u00e7\u00e3o e Comunica\u00e7\u00e3o &#8211; Especialidade em Programa\u00e7\u00e3o Web, Agente de Fiscaliza\u00e7\u00e3o e Auxiliar T\u00e9cnico.<\/p><p><strong>Remunera\u00e7\u00e3o &#8211;\u00a0<\/strong>R$ 879,42 a R$1.465,68<\/p><p><strong>Inscri\u00e7\u00f5es &#8211;\u00a0<\/strong>11\/05\/10 a 14\/06\/10<\/p><p><strong>Taxa &#8211;\u00a0<\/strong>R$ 50,00<\/p><p><strong>Datas importantes<\/strong>:<\/p><p>Per\u00edodo de Inscri\u00e7\u00e3o &#8211; 11\/05\/10 a 14\/06\/10<\/p><p>Cart\u00e3o de Inscri\u00e7\u00e3o &#8211; 22 a 25\/06\/10<\/p><p>Data da Prova Objetiva &#8211; 04\/07\/10<\/p>\t\t\t\t\t\t\t\t<\/div>\n\t\t\t\t<\/div>\n\t\t\t\t\t<\/div>\n\t\t<\/div>\n\t\t\t\t<div class=\"elementor-column elementor-col-50 elementor-inner-column elementor-element elementor-element-1aacbda2\" data-id=\"1aacbda2\" data-element_type=\"column\">\n\t\t\t<div class=\"elementor-widget-wrap elementor-element-populated\">\n\t\t\t\t\t\t<div class=\"elementor-element elementor-element-4f0da48b elementor-widget elementor-widget-text-editor\" data-id=\"4f0da48b\" data-element_type=\"widget\" data-widget_type=\"text-editor.default\">\n\t\t\t\t<div class=\"elementor-widget-container\">\n\t\t\t\t\t\t\t\t\t<p style=\"text-align: center;\"><span style=\"color: #ffffff;\"><strong>Editais e Avisos<\/strong><\/span><\/p>\t\t\t\t\t\t\t\t<\/div>\n\t\t\t\t<\/div>\n\t\t\t\t<div class=\"elementor-element elementor-element-3b149ac1 elementor-widget elementor-widget-text-editor\" data-id=\"3b149ac1\" data-element_type=\"widget\" data-widget_type=\"text-editor.default\">\n\t\t\t\t<div class=\"elementor-widget-container\">\n\t\t\t\t\t\t\t\t\t<table width=\"80\">\n<tbody>\n<tr>\n<td width=\"80\"><strong><a href=\"..\/midias\/anexos\/361_situacao_geral.pdf\">Situac\u00e3o Geral<\/a><\/strong><\/td>\n<\/tr>\n<tr>\n<td width=\"80\"><strong><a href=\"..\/midias\/anexos\/361_aprovados_web_designer_-_belem.pdf\">Aprovados Web Designer &#8211; Bel\u00e9m<\/a><\/strong><\/td>\n<\/tr>\n<tr>\n<td width=\"80\"><strong><a href=\"..\/midias\/anexos\/361_aprovados_rede_de_computadores_-_belem.pdf\">Aprovados Rede de Computadores &#8211; Bel\u00e9m<\/a><\/strong><\/td>\n<\/tr>\n<tr>\n<td width=\"80\"><strong><a href=\"..\/midias\/anexos\/361_aprovados_programador_web_-_belem.pdf\">Aprovados Programador Web &#8211; Bel\u00e9m<\/a><\/strong><\/td>\n<\/tr>\n<tr>\n<td width=\"80\"><strong><a href=\"..\/midias\/anexos\/361_aprovados_auxiliar_tecnico_-_sul_sudeste.pdf\">Aprovados Auxiliar T\u00e9cnico &#8211; Sul_Sudeste<\/a><\/strong><\/td>\n<\/tr>\n<tr>\n<td width=\"80\"><strong><a href=\"..\/midias\/anexos\/361_aprovados_auxiliar_tecnico_-_oeste.pdf\">Aprovados Auxiliar T\u00e9cnico &#8211; Oeste<\/a><\/strong><\/td>\n<\/tr>\n<tr>\n<td width=\"80\"><strong><a href=\"..\/midias\/anexos\/361_aprovados_auxiliar_tecnico_-_nordeste.pdf\">Aprovados Auxiliar T\u00e9cnico &#8211; Nordeste<\/a><\/strong><\/td>\n<\/tr>\n<tr>\n<td width=\"80\"><strong><a href=\"..\/midias\/anexos\/361_aprovados_auxiliar_tecnico_-_belem_marajo.pdf\">Aprovados Auxiliar T\u00e9cnico &#8211; Bel\u00e9m_Maraj\u00f3<\/a><\/strong><\/td>\n<\/tr>\n<tr>\n<td width=\"80\"><strong><a href=\"..\/midias\/anexos\/361_aprovados_auxiliar_tecnico_-_belem.pdf\">Aprovados Auxiliar T\u00e9cnico &#8211; Bel\u00e9m<\/a><\/strong><\/td>\n<\/tr>\n<tr>\n<td width=\"80\"><strong><a href=\"..\/midias\/anexos\/361_aprovados_agente_de_fiscalizacao_-_sul_sudeste.pdf\">Aprovados Agente de Fiscalizac\u00e3o &#8211; Sul_Sudeste<\/a><\/strong><\/td>\n<\/tr>\n<tr>\n<td width=\"80\"><strong><a href=\"..\/midias\/anexos\/361_aprovados_agente_de_fiscalizacao_-_oeste.pdf\">Aprovados Agente de Fiscalizac\u00e3o &#8211; Oeste<\/a><\/strong><\/td>\n<\/tr>\n<tr>\n<td width=\"80\"><strong><a href=\"..\/midias\/anexos\/361_aprovados_agente_de_fiscalizacao_-_nordeste.pdf\">Aprovados Agente de Fiscalizac\u00e3o &#8211; Nordeste<\/a><\/strong><\/td>\n<\/tr>\n<tr>\n<td width=\"80\"><strong><a href=\"..\/midias\/anexos\/361_aprovados_agente_de_fiscalizacao_-_belem_marajo.pdf\">Aprovados Agente de Fiscalizac\u00e3o &#8211; Bel\u00e9m_Maraj\u00f3<\/a><\/strong><\/td>\n<\/tr>\n<tr>\n<td width=\"80\"><strong><a href=\"..\/midias\/anexos\/361_aprovados_agente_de_fiscalizacao_-_belem.pdf\">Aprovados Agente de Fiscalizac\u00e3o &#8211; Bel\u00e9m<\/a><\/strong><\/td>\n<\/tr>\n<tr>\n<td width=\"80\"><strong><a href=\"..\/midias\/anexos\/361_gabaritos_oficial_definitivo_creapa.pdf\">Gabaritos Oficial Definitivo<\/a><\/strong><\/td>\n<\/tr>\n<tr>\n<td width=\"80\"><strong><a href=\"..\/midias\/anexos\/361_gabaritos_oficial_preliminar.pdf\">Gabaritos Oficial Preliminar<\/a><\/strong><\/td>\n<\/tr>\n<tr>\n<td width=\"80\"><strong><a href=\"..\/midias\/anexos\/361_edital_n_03_2010_creapa.pdf\">Edital n\u00ba 003\/2010 CREA-PA &#8211; Prorroga\u00e7\u00e3o das inscri\u00e7\u00f5es\u00a0<\/a><\/strong><\/td>\n<\/tr>\n<tr>\n<td width=\"80\"><strong><a href=\"..\/midias\/anexos\/361_edital_n_02_2010_creapa.pdf\">Edital n\u00ba 002\/2010 CREA-PA<\/a><\/strong><\/td>\n<\/tr>\n<tr>\n<td width=\"80\"><strong><a href=\"..\/midias\/anexos\/361_edital_n_01_2010_creapa.zip\">\u00a0Edital n\u00b0 001\/2010 CREA-PA<\/a><\/strong><\/td>\n<\/tr>\n<\/tbody>\n<\/table>\t\t\t\t\t\t\t\t<\/div>\n\t\t\t\t<\/div>\n\t\t\t\t\t<\/div>\n\t\t<\/div>\n\t\t\t\t\t<\/div>\n\t\t<\/section>\n\t\t\t\t\t<\/div>\n\t\t<\/div>\n\t\t\t\t\t<\/div>\n\t\t<\/section>\n\t\t\t\t<\/div>\n\t\t","protected":false},"excerpt":{"rendered":"<p>Conselho Regional de Engenharia e Agronomia do Par\u00e1 (CREA-PA) &#8211; 2010 O Conselho Regional\u00a0 de Engenharia, Arquitetura e\u00a0 AGronomia \u2013 CREA\/PA, no uso de suas atribui\u00e7\u00f5es legais, mediante as condi\u00e7\u00f5es estipuladas neste Edital, em conformidade com a Constitui\u00e7\u00e3o Federal e demais disposi\u00e7\u00f5es atinentes \u00e0 mat\u00e9ria, torna p\u00fablica a abertura de inscri\u00e7\u00e3o ao CONCURSO P\u00daBLICO, sob [&hellip;]<\/p>\n","protected":false},"author":9,"featured_media":0,"parent":329,"menu_order":59,"comment_status":"closed","ping_status":"closed","template":"","meta":{"_monsterinsights_skip_tracking":false,"_monsterinsights_sitenote_active":false,"_monsterinsights_sitenote_note":"","_monsterinsights_sitenote_category":0,"footnotes":""},"class_list":["post-1397","page","type-page","status-publish","hentry","entry"],"yoast_head":"<!-- This site is optimized with the Yoast SEO plugin v25.1 - https:\/\/yoast.com\/wordpress\/plugins\/seo\/ -->\n<title>Conselho Regional de Engenharia e Agronomia do Par\u00e1 (CREA-PA) - 2010 - FADESP<\/title>\n<meta name=\"robots\" content=\"index, follow, max-snippet:-1, max-image-preview:large, max-video-preview:-1\" \/>\n<link rel=\"canonical\" href=\"https:\/\/portalfadesp.org.br\/?page_id=1397\" \/>\n<meta property=\"og:locale\" content=\"pt_BR\" \/>\n<meta property=\"og:type\" content=\"article\" \/>\n<meta property=\"og:title\" content=\"Conselho Regional de Engenharia e Agronomia do Par\u00e1 (CREA-PA) - 2010 - FADESP\" \/>\n<meta property=\"og:description\" content=\"Conselho Regional de Engenharia e Agronomia do Par\u00e1 (CREA-PA) &#8211; 2010 O Conselho Regional\u00a0 de Engenharia, Arquitetura e\u00a0 AGronomia \u2013 CREA\/PA, no uso de suas atribui\u00e7\u00f5es legais, mediante as condi\u00e7\u00f5es estipuladas neste Edital, em conformidade com a Constitui\u00e7\u00e3o Federal e demais disposi\u00e7\u00f5es atinentes \u00e0 mat\u00e9ria, torna p\u00fablica a abertura de inscri\u00e7\u00e3o ao CONCURSO P\u00daBLICO, sob [&hellip;]\" \/>\n<meta property=\"og:url\" content=\"https:\/\/portalfadesp.org.br\/?page_id=1397\" \/>\n<meta property=\"og:site_name\" content=\"FADESP\" \/>\n<meta property=\"article:publisher\" content=\"https:\/\/www.facebook.com\/Fadesp-138351949524662\/\" \/>\n<meta property=\"article:modified_time\" content=\"2022-12-20T15:58:14+00:00\" \/>\n<meta name=\"twitter:card\" content=\"summary_large_image\" \/>\n<meta name=\"twitter:site\" content=\"@Fadesp\" \/>\n<meta name=\"twitter:label1\" content=\"Est. tempo de leitura\" \/>\n\t<meta name=\"twitter:data1\" content=\"1 minuto\" \/>\n<script type=\"application\/ld+json\" class=\"yoast-schema-graph\">{\"@context\":\"https:\/\/schema.org\",\"@graph\":[{\"@type\":\"WebPage\",\"@id\":\"https:\/\/portalfadesp.org.br\/?page_id=1397\",\"url\":\"https:\/\/portalfadesp.org.br\/?page_id=1397\",\"name\":\"Conselho Regional de Engenharia e Agronomia do Par\u00e1 (CREA-PA) - 2010 - FADESP\",\"isPartOf\":{\"@id\":\"https:\/\/portalfadesp.org.br\/#website\"},\"datePublished\":\"2010-05-22T06:28:36+00:00\",\"dateModified\":\"2022-12-20T15:58:14+00:00\",\"breadcrumb\":{\"@id\":\"https:\/\/portalfadesp.org.br\/?page_id=1397#breadcrumb\"},\"inLanguage\":\"pt-BR\",\"potentialAction\":[{\"@type\":\"ReadAction\",\"target\":[\"https:\/\/portalfadesp.org.br\/?page_id=1397\"]}]},{\"@type\":\"BreadcrumbList\",\"@id\":\"https:\/\/portalfadesp.org.br\/?page_id=1397#breadcrumb\",\"itemListElement\":[{\"@type\":\"ListItem\",\"position\":1,\"name\":\"In\u00edcio\",\"item\":\"https:\/\/portalfadesp.org.br\/\"},{\"@type\":\"ListItem\",\"position\":2,\"name\":\"Concursos &#8211; Homologados\",\"item\":\"https:\/\/portalfadesp.org.br\/?page_id=329\"},{\"@type\":\"ListItem\",\"position\":3,\"name\":\"Conselho Regional de Engenharia e Agronomia do Par\u00e1 (CREA-PA) &#8211; 2010\"}]},{\"@type\":\"WebSite\",\"@id\":\"https:\/\/portalfadesp.org.br\/#website\",\"url\":\"https:\/\/portalfadesp.org.br\/\",\"name\":\"FADESP\",\"description\":\"Funda\u00e7\u00e3o de Amparo e Desenvolvimento da Pesquisa\",\"publisher\":{\"@id\":\"https:\/\/portalfadesp.org.br\/#organization\"},\"potentialAction\":[{\"@type\":\"SearchAction\",\"target\":{\"@type\":\"EntryPoint\",\"urlTemplate\":\"https:\/\/portalfadesp.org.br\/?s={search_term_string}\"},\"query-input\":{\"@type\":\"PropertyValueSpecification\",\"valueRequired\":true,\"valueName\":\"search_term_string\"}}],\"inLanguage\":\"pt-BR\"},{\"@type\":\"Organization\",\"@id\":\"https:\/\/portalfadesp.org.br\/#organization\",\"name\":\"FADESP\",\"url\":\"https:\/\/portalfadesp.org.br\/\",\"logo\":{\"@type\":\"ImageObject\",\"inLanguage\":\"pt-BR\",\"@id\":\"https:\/\/portalfadesp.org.br\/#\/schema\/logo\/image\/\",\"url\":\"https:\/\/portalfadesp.org.br\/wp-content\/uploads\/2024\/01\/NOVOLOGOFADESPlaranjaH.png\",\"contentUrl\":\"https:\/\/portalfadesp.org.br\/wp-content\/uploads\/2024\/01\/NOVOLOGOFADESPlaranjaH.png\",\"width\":2742,\"height\":839,\"caption\":\"FADESP\"},\"image\":{\"@id\":\"https:\/\/portalfadesp.org.br\/#\/schema\/logo\/image\/\"},\"sameAs\":[\"https:\/\/www.facebook.com\/Fadesp-138351949524662\/\",\"https:\/\/x.com\/Fadesp\",\"https:\/\/www.instagram.com\/fadesp_ufpa\/\",\"https:\/\/www.youtube.com\/@fundacaodeamparoedesenvolv1903\",\"https:\/\/www.threads.net\/@fadesp_ufpa\"]}]}<\/script>\n<!-- \/ Yoast SEO plugin. -->","yoast_head_json":{"title":"Conselho Regional de Engenharia e Agronomia do Par\u00e1 (CREA-PA) - 2010 - FADESP","robots":{"index":"index","follow":"follow","max-snippet":"max-snippet:-1","max-image-preview":"max-image-preview:large","max-video-preview":"max-video-preview:-1"},"canonical":"https:\/\/portalfadesp.org.br\/?page_id=1397","og_locale":"pt_BR","og_type":"article","og_title":"Conselho Regional de Engenharia e Agronomia do Par\u00e1 (CREA-PA) - 2010 - FADESP","og_description":"Conselho Regional de Engenharia e Agronomia do Par\u00e1 (CREA-PA) &#8211; 2010 O Conselho Regional\u00a0 de Engenharia, Arquitetura e\u00a0 AGronomia \u2013 CREA\/PA, no uso de suas atribui\u00e7\u00f5es legais, mediante as condi\u00e7\u00f5es estipuladas neste Edital, em conformidade com a Constitui\u00e7\u00e3o Federal e demais disposi\u00e7\u00f5es atinentes \u00e0 mat\u00e9ria, torna p\u00fablica a abertura de inscri\u00e7\u00e3o ao CONCURSO P\u00daBLICO, sob [&hellip;]","og_url":"https:\/\/portalfadesp.org.br\/?page_id=1397","og_site_name":"FADESP","article_publisher":"https:\/\/www.facebook.com\/Fadesp-138351949524662\/","article_modified_time":"2022-12-20T15:58:14+00:00","twitter_card":"summary_large_image","twitter_site":"@Fadesp","twitter_misc":{"Est. tempo de leitura":"1 minuto"},"schema":{"@context":"https:\/\/schema.org","@graph":[{"@type":"WebPage","@id":"https:\/\/portalfadesp.org.br\/?page_id=1397","url":"https:\/\/portalfadesp.org.br\/?page_id=1397","name":"Conselho Regional de Engenharia e Agronomia do Par\u00e1 (CREA-PA) - 2010 - FADESP","isPartOf":{"@id":"https:\/\/portalfadesp.org.br\/#website"},"datePublished":"2010-05-22T06:28:36+00:00","dateModified":"2022-12-20T15:58:14+00:00","breadcrumb":{"@id":"https:\/\/portalfadesp.org.br\/?page_id=1397#breadcrumb"},"inLanguage":"pt-BR","potentialAction":[{"@type":"ReadAction","target":["https:\/\/portalfadesp.org.br\/?page_id=1397"]}]},{"@type":"BreadcrumbList","@id":"https:\/\/portalfadesp.org.br\/?page_id=1397#breadcrumb","itemListElement":[{"@type":"ListItem","position":1,"name":"In\u00edcio","item":"https:\/\/portalfadesp.org.br\/"},{"@type":"ListItem","position":2,"name":"Concursos &#8211; Homologados","item":"https:\/\/portalfadesp.org.br\/?page_id=329"},{"@type":"ListItem","position":3,"name":"Conselho Regional de Engenharia e Agronomia do Par\u00e1 (CREA-PA) &#8211; 2010"}]},{"@type":"WebSite","@id":"https:\/\/portalfadesp.org.br\/#website","url":"https:\/\/portalfadesp.org.br\/","name":"FADESP","description":"Funda\u00e7\u00e3o de Amparo e Desenvolvimento da Pesquisa","publisher":{"@id":"https:\/\/portalfadesp.org.br\/#organization"},"potentialAction":[{"@type":"SearchAction","target":{"@type":"EntryPoint","urlTemplate":"https:\/\/portalfadesp.org.br\/?s={search_term_string}"},"query-input":{"@type":"PropertyValueSpecification","valueRequired":true,"valueName":"search_term_string"}}],"inLanguage":"pt-BR"},{"@type":"Organization","@id":"https:\/\/portalfadesp.org.br\/#organization","name":"FADESP","url":"https:\/\/portalfadesp.org.br\/","logo":{"@type":"ImageObject","inLanguage":"pt-BR","@id":"https:\/\/portalfadesp.org.br\/#\/schema\/logo\/image\/","url":"https:\/\/portalfadesp.org.br\/wp-content\/uploads\/2024\/01\/NOVOLOGOFADESPlaranjaH.png","contentUrl":"https:\/\/portalfadesp.org.br\/wp-content\/uploads\/2024\/01\/NOVOLOGOFADESPlaranjaH.png","width":2742,"height":839,"caption":"FADESP"},"image":{"@id":"https:\/\/portalfadesp.org.br\/#\/schema\/logo\/image\/"},"sameAs":["https:\/\/www.facebook.com\/Fadesp-138351949524662\/","https:\/\/x.com\/Fadesp","https:\/\/www.instagram.com\/fadesp_ufpa\/","https:\/\/www.youtube.com\/@fundacaodeamparoedesenvolv1903","https:\/\/www.threads.net\/@fadesp_ufpa"]}]}},"_links":{"self":[{"href":"https:\/\/portalfadesp.org.br\/index.php?rest_route=\/wp\/v2\/pages\/1397","targetHints":{"allow":["GET"]}}],"collection":[{"href":"https:\/\/portalfadesp.org.br\/index.php?rest_route=\/wp\/v2\/pages"}],"about":[{"href":"https:\/\/portalfadesp.org.br\/index.php?rest_route=\/wp\/v2\/types\/page"}],"author":[{"embeddable":true,"href":"https:\/\/portalfadesp.org.br\/index.php?rest_route=\/wp\/v2\/users\/9"}],"replies":[{"embeddable":true,"href":"https:\/\/portalfadesp.org.br\/index.php?rest_route=%2Fwp%2Fv2%2Fcomments&post=1397"}],"version-history":[{"count":31,"href":"https:\/\/portalfadesp.org.br\/index.php?rest_route=\/wp\/v2\/pages\/1397\/revisions"}],"predecessor-version":[{"id":36779,"href":"https:\/\/portalfadesp.org.br\/index.php?rest_route=\/wp\/v2\/pages\/1397\/revisions\/36779"}],"up":[{"embeddable":true,"href":"https:\/\/portalfadesp.org.br\/index.php?rest_route=\/wp\/v2\/pages\/329"}],"wp:attachment":[{"href":"https:\/\/portalfadesp.org.br\/index.php?rest_route=%2Fwp%2Fv2%2Fmedia&parent=1397"}],"curies":[{"name":"wp","href":"https:\/\/api.w.org\/{rel}","templated":true}]}}