{"id":1334,"date":"2009-05-22T01:18:52","date_gmt":"2009-05-22T04:18:52","guid":{"rendered":"https:\/\/162.215.13.167?page_id=1334"},"modified":"2022-12-20T13:05:56","modified_gmt":"2022-12-20T16:05:56","slug":"prefeitura-municipal-de-igarape-miri-2009","status":"publish","type":"page","link":"https:\/\/portalfadesp.org.br\/?page_id=1334","title":{"rendered":"Prefeitura Municipal de Igarap\u00e9-Miri &#8211; 2009"},"content":{"rendered":"\t\t<div data-elementor-type=\"wp-post\" data-elementor-id=\"1334\" class=\"elementor elementor-1334\" data-elementor-post-type=\"page\">\n\t\t\t\t\t\t<section class=\"elementor-section elementor-top-section elementor-element elementor-element-6cc6c52d elementor-section-full_width elementor-section-height-default elementor-section-height-default\" data-id=\"6cc6c52d\" data-element_type=\"section\">\n\t\t\t\t\t\t<div class=\"elementor-container elementor-column-gap-default\">\n\t\t\t\t\t<div class=\"elementor-column elementor-col-100 elementor-top-column elementor-element elementor-element-373164d1\" data-id=\"373164d1\" data-element_type=\"column\">\n\t\t\t<div class=\"elementor-widget-wrap elementor-element-populated\">\n\t\t\t\t\t\t<div class=\"elementor-element elementor-element-1f57d1a6 elementor-widget elementor-widget-heading\" data-id=\"1f57d1a6\" data-element_type=\"widget\" data-widget_type=\"heading.default\">\n\t\t\t\t<div class=\"elementor-widget-container\">\n\t\t\t\t\t<h1 class=\"elementor-heading-title elementor-size-default\">Prefeitura Municipal de Igarap\u00e9-Miri - 2009<\/h1>\t\t\t\t<\/div>\n\t\t\t\t<\/div>\n\t\t\t\t<section class=\"elementor-section elementor-inner-section elementor-element elementor-element-74cb50eb elementor-section-boxed elementor-section-height-default elementor-section-height-default\" data-id=\"74cb50eb\" data-element_type=\"section\">\n\t\t\t\t\t\t<div class=\"elementor-container elementor-column-gap-default\">\n\t\t\t\t\t<div class=\"elementor-column elementor-col-50 elementor-inner-column elementor-element elementor-element-2006684\" data-id=\"2006684\" data-element_type=\"column\">\n\t\t\t<div class=\"elementor-widget-wrap elementor-element-populated\">\n\t\t\t\t\t\t<div class=\"elementor-element elementor-element-4baa966a elementor-widget elementor-widget-text-editor\" data-id=\"4baa966a\" data-element_type=\"widget\" data-widget_type=\"text-editor.default\">\n\t\t\t\t<div class=\"elementor-widget-container\">\n\t\t\t\t\t\t\t\t\t<p>A Prefeitura Municipal de Igarap\u00e9-Miri, no uso de suas atribui\u00e7\u00f5es, torna p\u00fablica a realiza\u00e7\u00e3o de Concurso P\u00fablico destinado ao preenchimento de 527 vagas, na Zona Urbana e Zona Rural, para o quadro de pessoal efetivo de n\u00edvel superior, n\u00edvel m\u00e9dio, n\u00edvel fundamental completo e n\u00edvel fundamental incompleto, mediante as condi\u00e7\u00f5es estabelecidas no Edital de Abertura..<\/p><p><strong>Vagas &#8211;\u00a0<\/strong>\u00a0527<\/p><p>Cargos &#8211;\u00a0 N\u00edvel Fundamental Incompleto:\u00a0 Auxiliar de Servi\u00e7os Gerais, Coveiro, Zelador,<\/p><p>N\u00edvel Fundamental Completo; Mec\u00e2nico de Ve\u00edculos e M\u00e1quinas, Motorista de Ve\u00edculos Pesados, Operador de M\u00e1quinas Pesadas, Operador de M\u00e1quinas Ro\u00e7adeiras, Agente Administrativo e Inspetor de Rendas.<\/p><p>N\u00edvel M\u00e9dio: Vigia, Agente de Vigil\u00e2ncia Sanit\u00e1ria,\u00a0 Assistente Administrativo, Auxiliar de Consult\u00f3rio, Agente de Fiscaliza\u00e7\u00e3o, Guarda Municipal e Agente de Tr\u00e2nsito.<\/p><p>N\u00edvel M\u00e9dio T\u00e9cnico: T\u00e9cnico Agr\u00edcola, T\u00e9cnico em Agrimensura, T\u00e9cnico em Enfermagem, T\u00e9cnico em Higiene Bucal, T\u00e9cnico em Patologia Cl\u00ednica, T\u00e9cnico em radiologia, T\u00e9cnico em Saneamento, Tecnico de pesca e Aquicultura.<\/p><p>N\u00edvel Superior: Fiscal de Arrecada\u00e7\u00e3o, Analista de Sistemas, Assistente Social, Bibliotec\u00e1rio, Enfermeiro, Engenheiro Agr\u00f4nomo, Engenheiro Civil, Engenheiro Sanitarista, Farmac\u00eautico Bioqu\u00edmico, Fisioterapeuta, Fonoaudi\u00f3logo, M\u00e9dico, M\u00e9dico Cardiologista, M\u00e9dico Cirurgi\u00e3o, M\u00e9dico Desmatologista, M\u00e9dico Gastroenterologista, M\u00e9dico, M\u00e9dico Ginecologista, M\u00e9dico Neurologista, M\u00e9dico Otorrinolaringologista, M\u00e9dico Pediatra, M\u00e9dico Psiqui\u00e1trica, M\u00e9dico Traumatologista, Nutricionista, Odont\u00f3logo, Psic\u00f3logo, Terapeuta Ocupacional, Turism\u00f3logo, Soci\u00f3logo, Arquiteto, Bi\u00f3logo, Engenheiro Florestal e Professor de Educa\u00e7\u00e3o B\u00e1sica.<strong><br \/><\/strong><\/p><p><strong>Remunera\u00e7\u00e3o &#8211;\u00a0<\/strong>R$ 465,00 a R$ 1.019,29<\/p><p><strong>Inscri\u00e7\u00f5es &#8211;\u00a0<\/strong>20\/102009 a 10\/11\/ 2009<\/p><p><strong>Taxa &#8211;\u00a0<\/strong>R$ 30,00 (n\u00edvel fundamental incompleto; R$ 40,00 (n\u00edvel fundamental completo; R$ 50,00 (n\u00edvel m\u00e9dio) e R$ 60,00 ( n\u00edvel superior).<\/p><p><strong>Datas importantes<\/strong>:<\/p><p>Per\u00edodo de Inscri\u00e7\u00e3o &#8211; 20\/102009 a 10\/11\/ 2009<\/p><p>Cart\u00e3o de Inscri\u00e7\u00e3o &#8211; 17 a 20\/11\/2009<\/p><p>Data da prova objetiva &#8211; 29\/11\/2009<\/p>\t\t\t\t\t\t\t\t<\/div>\n\t\t\t\t<\/div>\n\t\t\t\t\t<\/div>\n\t\t<\/div>\n\t\t\t\t<div class=\"elementor-column elementor-col-50 elementor-inner-column elementor-element elementor-element-647b9f67\" data-id=\"647b9f67\" data-element_type=\"column\">\n\t\t\t<div class=\"elementor-widget-wrap elementor-element-populated\">\n\t\t\t\t\t\t<div class=\"elementor-element elementor-element-63ab3e1f elementor-widget elementor-widget-text-editor\" data-id=\"63ab3e1f\" data-element_type=\"widget\" data-widget_type=\"text-editor.default\">\n\t\t\t\t<div class=\"elementor-widget-container\">\n\t\t\t\t\t\t\t\t\t<p style=\"text-align: center;\"><span style=\"color: #ffffff;\"><strong>Editais e Avisos<\/strong><\/span><\/p>\t\t\t\t\t\t\t\t<\/div>\n\t\t\t\t<\/div>\n\t\t\t\t<div class=\"elementor-element elementor-element-22dace47 elementor-widget elementor-widget-text-editor\" data-id=\"22dace47\" data-element_type=\"widget\" data-widget_type=\"text-editor.default\">\n\t\t\t\t<div class=\"elementor-widget-container\">\n\t\t\t\t\t\t\t\t\t<table width=\"72\">\n<tbody>\n<tr>\n<td width=\"72\"><strong><a href=\"..\/midias\/anexos\/380_3anexo_ii.pdf\">\u00a0\u00a0ANEXO II<\/a><\/strong><\/td>\n<\/tr>\n<tr>\n<td width=\"72\"><strong><a href=\"..\/midias\/anexos\/380_edital_de_convocacao_de_candidatos_para_exames_ad.pdf\">EDITAL DE CONVOCA\u00c7\u00c3O DE CANDIDATOS PARA EXAMES AD<\/a><\/strong><\/td>\n<\/tr>\n<tr>\n<td width=\"72\"><strong><a href=\"..\/midias\/anexos\/380_anexo_i_do_edital_de_convocacao_2.pdf\">ANEXO I DO EDITAL DE CONVOCA\u00c7\u00c3O<\/a><\/strong><\/td>\n<\/tr>\n<tr>\n<td width=\"72\"><strong><a href=\"..\/midias\/anexos\/380_homologacao.zip\">Homologa\u00e7\u00e3o<\/a><\/strong><\/td>\n<\/tr>\n<tr>\n<td width=\"72\"><strong><a href=\"..\/midias\/anexos\/380_aviso_de_homologacao.zip\">Aviso de Homologa\u00e7\u00e3o<\/a><\/strong><\/td>\n<\/tr>\n<tr>\n<td width=\"72\"><strong><a href=\"..\/midias\/anexos\/380_resultado_final_apos_2a_etapa.zip\">Resultado final ap\u00f3s 2\u00aa Etapa<\/a><\/strong><\/td>\n<\/tr>\n<tr>\n<td width=\"72\"><strong><a href=\"..\/midias\/anexos\/380_resultado_dos_recursos_da_2a_etapa.zip\">Resultado dos Recursos da 2\u00aa Etapa<\/a><\/strong><\/td>\n<\/tr>\n<tr>\n<td width=\"72\"><strong><a href=\"..\/midias\/anexos\/380_aviso_de_resultado_2a_etapa.pdf\">Aviso de Resultado 2\u00aa Etapa<\/a><\/strong><\/td>\n<\/tr>\n<tr>\n<td width=\"72\"><strong><a href=\"..\/midias\/anexos\/380_resultado_da_prova_de_titulos.pdf\">Resultado da Prova de Titulos<\/a><\/strong><\/td>\n<\/tr>\n<tr>\n<td width=\"72\"><strong><a href=\"..\/midias\/anexos\/380_resultado_da_prova_de_aptidao_fisica_2.pdf\">Resultado da Prova de Aptid\u00e3o F\u00edsica<\/a><\/strong><\/td>\n<\/tr>\n<tr>\n<td width=\"72\"><strong><a href=\"..\/midias\/anexos\/380_formulario_de_entrega_de_titulos.zip\">Formul\u00e1rio de Entrega de T\u00edtulos<\/a><\/strong><\/td>\n<\/tr>\n<tr>\n<td width=\"72\"><strong><a href=\"..\/midias\/anexos\/380_classificadospcd.zip\">Classificados PcD<\/a><\/strong><\/td>\n<\/tr>\n<tr>\n<td width=\"72\"><strong><a href=\"..\/midias\/anexos\/380_convocacao_da_prova_de_titulos.zip\">Convoca\u00e7\u00e3o da Prova de T\u00edtulos<\/a><\/strong><\/td>\n<\/tr>\n<tr>\n<td width=\"72\"><strong><a href=\"..\/midias\/anexos\/380_convocacao_a_prova_de_aptidao_fisica.zip\">Convoca\u00e7\u00e3o a Prova de Aptid\u00e3o F\u00edsica<\/a><\/strong><\/td>\n<\/tr>\n<tr>\n<td width=\"72\"><strong><a href=\"..\/midias\/anexos\/380_situacaogeral_2.zip\">Situa\u00e7\u00e3o Geral<\/a><\/strong><\/td>\n<\/tr>\n<tr>\n<td width=\"72\"><strong><a href=\"..\/midias\/anexos\/380_resultado_dos_cargos_sem_2_etapa.zip\">Resultado dos Cargos sem 2 Etapa<\/a><\/strong><\/td>\n<\/tr>\n<tr>\n<td width=\"72\"><strong><a href=\"..\/midias\/anexos\/380_aviso_de_resultado_e_convocacao.zip\">Aviso de Resultado e Convoca\u00e7\u00e3o<\/a><\/strong><\/td>\n<\/tr>\n<tr>\n<td width=\"72\"><strong><a href=\"..\/midias\/anexos\/380_gabarito_oficial_definitivo_fund_incompleto.pdf\">Gabaritos Oficial Definivo Fund. Incompleto<\/a><\/strong><\/td>\n<\/tr>\n<tr>\n<td width=\"72\"><strong><a href=\"..\/midias\/anexos\/380_gabaritos_oficial_definitivo_superior.zip\">Gabaritos Oficial Definivo Superior<\/a><\/strong><\/td>\n<\/tr>\n<tr>\n<td width=\"72\"><strong><a href=\"..\/midias\/anexos\/380_gabaritos_oficial_definitivo_medio.zip\">Gabaritos Oficial Definivo M\u00e9dio<\/a><\/strong><\/td>\n<\/tr>\n<tr>\n<td width=\"72\"><strong><a href=\"..\/midias\/anexos\/380_gabaritos_oficial_definitivo_fundamental_completo.zip\">Gabaritos Oficial Definivo Fund. Completo<\/a><\/strong><\/td>\n<\/tr>\n<tr>\n<td width=\"72\"><strong><a href=\"..\/midias\/anexos\/380_gabarito_oficial_preliminar_fund_incompleto.pdf\">Gabaritos Oficial Preliminar Fund. Incompleto<\/a><\/strong><\/td>\n<\/tr>\n<tr>\n<td width=\"72\"><strong><a href=\"..\/midias\/anexos\/380_gabaritos_oficial_preliminar_superior.zip\">Gabaritos Oficial Preliminar Superior<\/a><\/strong><\/td>\n<\/tr>\n<tr>\n<td width=\"72\"><strong><a href=\"..\/midias\/anexos\/380_gabaritos_oficial_preliminar_medio.zip\">Gabaritos Oficial Preliminar M\u00e9dio<\/a><\/strong><\/td>\n<\/tr>\n<tr>\n<td width=\"72\"><strong><a href=\"..\/midias\/anexos\/380_gabaritos_oficial_preliminar_fundamental_completo.zip\">Gabaritos Oficial Preliminar Fund. Completo<\/a><\/strong><\/td>\n<\/tr>\n<tr>\n<td width=\"72\"><strong><a href=\"..\/midias\/anexos\/380_edital_02_2009_pmim.pdf\">Edital n\u00ba. 002\/2009-retifica\u00e7\u00e3o<\/a><\/strong><\/td>\n<\/tr>\n<tr>\n<td width=\"72\"><strong><a href=\"..\/midias\/anexos\/380_aviso_datas_de_provas.pdf\">Aviso datas de provas<\/a><\/strong><\/td>\n<\/tr>\n<tr>\n<td width=\"72\"><strong><a href=\"..\/midias\/anexos\/380_aviso01_pmim.zip\">Aviso 01 PMIM<\/a><\/strong><\/td>\n<\/tr>\n<tr>\n<td width=\"72\"><strong><a href=\"..\/midias\/anexos\/380_formulario_portador_de_deficiencia.pdf\">Formul\u00e1rio Portador de Defici\u00eancia<\/a><\/strong><\/td>\n<\/tr>\n<tr>\n<td width=\"72\"><strong><a href=\"..\/midias\/anexos\/380_edital012009_pmim_retificado.pdf\">Edital n\u00ba. 001\/2009 &#8211; Abertura (Retificado)\u00a0&#8211;\u00a0 Publicado em 13\/10\/2009\u00a0<\/a><\/strong><\/td>\n<\/tr>\n<tr>\n<td width=\"72\"><strong><a href=\"..\/midias\/anexos\/380_regime_juridico_unico_dos_servidores_da_pmim.pdf\">Regime Juridico \u00danico da PMIM<\/a><\/strong><\/td>\n<\/tr>\n<tr>\n<td width=\"72\"><strong><a href=\"..\/midias\/anexos\/380_edital_01_2009_pmim.pdf\">Edital n\u00ba. 001\/2009 &#8211; Abertura<\/a><\/strong><\/td>\n<\/tr>\n<tr>\n<td width=\"72\"><strong><a href=\"..\/midias\/anexos\/380_aviso_de_publicacao_do_edital.pdf\">Aviso de Publica\u00e7\u00e3o de Edital<\/a><\/strong><\/td>\n<\/tr>\n<\/tbody>\n<\/table>\t\t\t\t\t\t\t\t<\/div>\n\t\t\t\t<\/div>\n\t\t\t\t\t<\/div>\n\t\t<\/div>\n\t\t\t\t\t<\/div>\n\t\t<\/section>\n\t\t\t\t\t<\/div>\n\t\t<\/div>\n\t\t\t\t\t<\/div>\n\t\t<\/section>\n\t\t\t\t<\/div>\n\t\t","protected":false},"excerpt":{"rendered":"<p>Prefeitura Municipal de Igarap\u00e9-Miri &#8211; 2009 A Prefeitura Municipal de Igarap\u00e9-Miri, no uso de suas atribui\u00e7\u00f5es, torna p\u00fablica a realiza\u00e7\u00e3o de Concurso P\u00fablico destinado ao preenchimento de 527 vagas, na Zona Urbana e Zona Rural, para o quadro de pessoal efetivo de n\u00edvel superior, n\u00edvel m\u00e9dio, n\u00edvel fundamental completo e n\u00edvel fundamental incompleto, mediante as [&hellip;]<\/p>\n","protected":false},"author":9,"featured_media":0,"parent":329,"menu_order":60,"comment_status":"closed","ping_status":"closed","template":"","meta":{"_monsterinsights_skip_tracking":false,"_monsterinsights_sitenote_active":false,"_monsterinsights_sitenote_note":"","_monsterinsights_sitenote_category":0,"footnotes":""},"class_list":["post-1334","page","type-page","status-publish","hentry","entry"],"yoast_head":"<!-- This site is optimized with the Yoast SEO plugin v25.1 - https:\/\/yoast.com\/wordpress\/plugins\/seo\/ -->\n<title>Prefeitura Municipal de Igarap\u00e9-Miri - 2009 - FADESP<\/title>\n<meta name=\"robots\" content=\"index, follow, max-snippet:-1, max-image-preview:large, max-video-preview:-1\" \/>\n<link rel=\"canonical\" href=\"https:\/\/portalfadesp.org.br\/?page_id=1334\" \/>\n<meta property=\"og:locale\" content=\"pt_BR\" \/>\n<meta property=\"og:type\" content=\"article\" \/>\n<meta property=\"og:title\" content=\"Prefeitura Municipal de Igarap\u00e9-Miri - 2009 - FADESP\" \/>\n<meta property=\"og:description\" content=\"Prefeitura Municipal de Igarap\u00e9-Miri &#8211; 2009 A Prefeitura Municipal de Igarap\u00e9-Miri, no uso de suas atribui\u00e7\u00f5es, torna p\u00fablica a realiza\u00e7\u00e3o de Concurso P\u00fablico destinado ao preenchimento de 527 vagas, na Zona Urbana e Zona Rural, para o quadro de pessoal efetivo de n\u00edvel superior, n\u00edvel m\u00e9dio, n\u00edvel fundamental completo e n\u00edvel fundamental incompleto, mediante as [&hellip;]\" \/>\n<meta property=\"og:url\" content=\"https:\/\/portalfadesp.org.br\/?page_id=1334\" \/>\n<meta property=\"og:site_name\" content=\"FADESP\" \/>\n<meta property=\"article:publisher\" content=\"https:\/\/www.facebook.com\/Fadesp-138351949524662\/\" \/>\n<meta property=\"article:modified_time\" content=\"2022-12-20T16:05:56+00:00\" \/>\n<meta name=\"twitter:card\" content=\"summary_large_image\" \/>\n<meta name=\"twitter:site\" content=\"@Fadesp\" \/>\n<meta name=\"twitter:label1\" content=\"Est. tempo de leitura\" \/>\n\t<meta name=\"twitter:data1\" content=\"3 minutos\" \/>\n<script type=\"application\/ld+json\" class=\"yoast-schema-graph\">{\"@context\":\"https:\/\/schema.org\",\"@graph\":[{\"@type\":\"WebPage\",\"@id\":\"https:\/\/portalfadesp.org.br\/?page_id=1334\",\"url\":\"https:\/\/portalfadesp.org.br\/?page_id=1334\",\"name\":\"Prefeitura Municipal de Igarap\u00e9-Miri - 2009 - FADESP\",\"isPartOf\":{\"@id\":\"https:\/\/portalfadesp.org.br\/#website\"},\"datePublished\":\"2009-05-22T04:18:52+00:00\",\"dateModified\":\"2022-12-20T16:05:56+00:00\",\"breadcrumb\":{\"@id\":\"https:\/\/portalfadesp.org.br\/?page_id=1334#breadcrumb\"},\"inLanguage\":\"pt-BR\",\"potentialAction\":[{\"@type\":\"ReadAction\",\"target\":[\"https:\/\/portalfadesp.org.br\/?page_id=1334\"]}]},{\"@type\":\"BreadcrumbList\",\"@id\":\"https:\/\/portalfadesp.org.br\/?page_id=1334#breadcrumb\",\"itemListElement\":[{\"@type\":\"ListItem\",\"position\":1,\"name\":\"In\u00edcio\",\"item\":\"https:\/\/portalfadesp.org.br\/\"},{\"@type\":\"ListItem\",\"position\":2,\"name\":\"Concursos &#8211; Homologados\",\"item\":\"https:\/\/portalfadesp.org.br\/?page_id=329\"},{\"@type\":\"ListItem\",\"position\":3,\"name\":\"Prefeitura Municipal de Igarap\u00e9-Miri &#8211; 2009\"}]},{\"@type\":\"WebSite\",\"@id\":\"https:\/\/portalfadesp.org.br\/#website\",\"url\":\"https:\/\/portalfadesp.org.br\/\",\"name\":\"FADESP\",\"description\":\"Funda\u00e7\u00e3o de Amparo e Desenvolvimento da Pesquisa\",\"publisher\":{\"@id\":\"https:\/\/portalfadesp.org.br\/#organization\"},\"potentialAction\":[{\"@type\":\"SearchAction\",\"target\":{\"@type\":\"EntryPoint\",\"urlTemplate\":\"https:\/\/portalfadesp.org.br\/?s={search_term_string}\"},\"query-input\":{\"@type\":\"PropertyValueSpecification\",\"valueRequired\":true,\"valueName\":\"search_term_string\"}}],\"inLanguage\":\"pt-BR\"},{\"@type\":\"Organization\",\"@id\":\"https:\/\/portalfadesp.org.br\/#organization\",\"name\":\"FADESP\",\"url\":\"https:\/\/portalfadesp.org.br\/\",\"logo\":{\"@type\":\"ImageObject\",\"inLanguage\":\"pt-BR\",\"@id\":\"https:\/\/portalfadesp.org.br\/#\/schema\/logo\/image\/\",\"url\":\"https:\/\/portalfadesp.org.br\/wp-content\/uploads\/2024\/01\/NOVOLOGOFADESPlaranjaH.png\",\"contentUrl\":\"https:\/\/portalfadesp.org.br\/wp-content\/uploads\/2024\/01\/NOVOLOGOFADESPlaranjaH.png\",\"width\":2742,\"height\":839,\"caption\":\"FADESP\"},\"image\":{\"@id\":\"https:\/\/portalfadesp.org.br\/#\/schema\/logo\/image\/\"},\"sameAs\":[\"https:\/\/www.facebook.com\/Fadesp-138351949524662\/\",\"https:\/\/x.com\/Fadesp\",\"https:\/\/www.instagram.com\/fadesp_ufpa\/\",\"https:\/\/www.youtube.com\/@fundacaodeamparoedesenvolv1903\",\"https:\/\/www.threads.net\/@fadesp_ufpa\"]}]}<\/script>\n<!-- \/ Yoast SEO plugin. -->","yoast_head_json":{"title":"Prefeitura Municipal de Igarap\u00e9-Miri - 2009 - FADESP","robots":{"index":"index","follow":"follow","max-snippet":"max-snippet:-1","max-image-preview":"max-image-preview:large","max-video-preview":"max-video-preview:-1"},"canonical":"https:\/\/portalfadesp.org.br\/?page_id=1334","og_locale":"pt_BR","og_type":"article","og_title":"Prefeitura Municipal de Igarap\u00e9-Miri - 2009 - FADESP","og_description":"Prefeitura Municipal de Igarap\u00e9-Miri &#8211; 2009 A Prefeitura Municipal de Igarap\u00e9-Miri, no uso de suas atribui\u00e7\u00f5es, torna p\u00fablica a realiza\u00e7\u00e3o de Concurso P\u00fablico destinado ao preenchimento de 527 vagas, na Zona Urbana e Zona Rural, para o quadro de pessoal efetivo de n\u00edvel superior, n\u00edvel m\u00e9dio, n\u00edvel fundamental completo e n\u00edvel fundamental incompleto, mediante as [&hellip;]","og_url":"https:\/\/portalfadesp.org.br\/?page_id=1334","og_site_name":"FADESP","article_publisher":"https:\/\/www.facebook.com\/Fadesp-138351949524662\/","article_modified_time":"2022-12-20T16:05:56+00:00","twitter_card":"summary_large_image","twitter_site":"@Fadesp","twitter_misc":{"Est. tempo de leitura":"3 minutos"},"schema":{"@context":"https:\/\/schema.org","@graph":[{"@type":"WebPage","@id":"https:\/\/portalfadesp.org.br\/?page_id=1334","url":"https:\/\/portalfadesp.org.br\/?page_id=1334","name":"Prefeitura Municipal de Igarap\u00e9-Miri - 2009 - FADESP","isPartOf":{"@id":"https:\/\/portalfadesp.org.br\/#website"},"datePublished":"2009-05-22T04:18:52+00:00","dateModified":"2022-12-20T16:05:56+00:00","breadcrumb":{"@id":"https:\/\/portalfadesp.org.br\/?page_id=1334#breadcrumb"},"inLanguage":"pt-BR","potentialAction":[{"@type":"ReadAction","target":["https:\/\/portalfadesp.org.br\/?page_id=1334"]}]},{"@type":"BreadcrumbList","@id":"https:\/\/portalfadesp.org.br\/?page_id=1334#breadcrumb","itemListElement":[{"@type":"ListItem","position":1,"name":"In\u00edcio","item":"https:\/\/portalfadesp.org.br\/"},{"@type":"ListItem","position":2,"name":"Concursos &#8211; Homologados","item":"https:\/\/portalfadesp.org.br\/?page_id=329"},{"@type":"ListItem","position":3,"name":"Prefeitura Municipal de Igarap\u00e9-Miri &#8211; 2009"}]},{"@type":"WebSite","@id":"https:\/\/portalfadesp.org.br\/#website","url":"https:\/\/portalfadesp.org.br\/","name":"FADESP","description":"Funda\u00e7\u00e3o de Amparo e Desenvolvimento da Pesquisa","publisher":{"@id":"https:\/\/portalfadesp.org.br\/#organization"},"potentialAction":[{"@type":"SearchAction","target":{"@type":"EntryPoint","urlTemplate":"https:\/\/portalfadesp.org.br\/?s={search_term_string}"},"query-input":{"@type":"PropertyValueSpecification","valueRequired":true,"valueName":"search_term_string"}}],"inLanguage":"pt-BR"},{"@type":"Organization","@id":"https:\/\/portalfadesp.org.br\/#organization","name":"FADESP","url":"https:\/\/portalfadesp.org.br\/","logo":{"@type":"ImageObject","inLanguage":"pt-BR","@id":"https:\/\/portalfadesp.org.br\/#\/schema\/logo\/image\/","url":"https:\/\/portalfadesp.org.br\/wp-content\/uploads\/2024\/01\/NOVOLOGOFADESPlaranjaH.png","contentUrl":"https:\/\/portalfadesp.org.br\/wp-content\/uploads\/2024\/01\/NOVOLOGOFADESPlaranjaH.png","width":2742,"height":839,"caption":"FADESP"},"image":{"@id":"https:\/\/portalfadesp.org.br\/#\/schema\/logo\/image\/"},"sameAs":["https:\/\/www.facebook.com\/Fadesp-138351949524662\/","https:\/\/x.com\/Fadesp","https:\/\/www.instagram.com\/fadesp_ufpa\/","https:\/\/www.youtube.com\/@fundacaodeamparoedesenvolv1903","https:\/\/www.threads.net\/@fadesp_ufpa"]}]}},"_links":{"self":[{"href":"https:\/\/portalfadesp.org.br\/index.php?rest_route=\/wp\/v2\/pages\/1334","targetHints":{"allow":["GET"]}}],"collection":[{"href":"https:\/\/portalfadesp.org.br\/index.php?rest_route=\/wp\/v2\/pages"}],"about":[{"href":"https:\/\/portalfadesp.org.br\/index.php?rest_route=\/wp\/v2\/types\/page"}],"author":[{"embeddable":true,"href":"https:\/\/portalfadesp.org.br\/index.php?rest_route=\/wp\/v2\/users\/9"}],"replies":[{"embeddable":true,"href":"https:\/\/portalfadesp.org.br\/index.php?rest_route=%2Fwp%2Fv2%2Fcomments&post=1334"}],"version-history":[{"count":21,"href":"https:\/\/portalfadesp.org.br\/index.php?rest_route=\/wp\/v2\/pages\/1334\/revisions"}],"predecessor-version":[{"id":36843,"href":"https:\/\/portalfadesp.org.br\/index.php?rest_route=\/wp\/v2\/pages\/1334\/revisions\/36843"}],"up":[{"embeddable":true,"href":"https:\/\/portalfadesp.org.br\/index.php?rest_route=\/wp\/v2\/pages\/329"}],"wp:attachment":[{"href":"https:\/\/portalfadesp.org.br\/index.php?rest_route=%2Fwp%2Fv2%2Fmedia&parent=1334"}],"curies":[{"name":"wp","href":"https:\/\/api.w.org\/{rel}","templated":true}]}}