{"id":1308,"date":"2016-05-20T15:31:56","date_gmt":"2016-05-20T18:31:56","guid":{"rendered":"https:\/\/162.215.13.167?page_id=1308"},"modified":"2022-12-20T12:20:18","modified_gmt":"2022-12-20T15:20:18","slug":"prefeitura-de-chaves-2016","status":"publish","type":"page","link":"https:\/\/portalfadesp.org.br\/?page_id=1308","title":{"rendered":"Prefeitura de Chaves &#8211; 2016"},"content":{"rendered":"\t\t<div data-elementor-type=\"wp-post\" data-elementor-id=\"1308\" class=\"elementor elementor-1308\" data-elementor-post-type=\"page\">\n\t\t\t\t\t\t<section class=\"elementor-section elementor-top-section elementor-element elementor-element-21195c63 elementor-section-boxed elementor-section-height-default elementor-section-height-default\" data-id=\"21195c63\" data-element_type=\"section\">\n\t\t\t\t\t\t<div class=\"elementor-container elementor-column-gap-default\">\n\t\t\t\t\t<div class=\"elementor-column elementor-col-100 elementor-top-column elementor-element elementor-element-371ed087\" data-id=\"371ed087\" data-element_type=\"column\">\n\t\t\t<div class=\"elementor-widget-wrap elementor-element-populated\">\n\t\t\t\t\t\t<div class=\"elementor-element elementor-element-1ca88b52 elementor-widget elementor-widget-heading\" data-id=\"1ca88b52\" data-element_type=\"widget\" data-widget_type=\"heading.default\">\n\t\t\t\t<div class=\"elementor-widget-container\">\n\t\t\t\t\t<h1 class=\"elementor-heading-title elementor-size-default\">Prefeitura de Chaves - 2016<\/h1>\t\t\t\t<\/div>\n\t\t\t\t<\/div>\n\t\t\t\t<section class=\"elementor-section elementor-inner-section elementor-element elementor-element-26bd8e66 elementor-section-boxed elementor-section-height-default elementor-section-height-default\" data-id=\"26bd8e66\" data-element_type=\"section\">\n\t\t\t\t\t\t<div class=\"elementor-container elementor-column-gap-default\">\n\t\t\t\t\t<div class=\"elementor-column elementor-col-50 elementor-inner-column elementor-element elementor-element-3317c2b1\" data-id=\"3317c2b1\" data-element_type=\"column\">\n\t\t\t<div class=\"elementor-widget-wrap elementor-element-populated\">\n\t\t\t\t\t\t<div class=\"elementor-element elementor-element-6f610d06 elementor-widget elementor-widget-text-editor\" data-id=\"6f610d06\" data-element_type=\"widget\" data-widget_type=\"text-editor.default\">\n\t\t\t\t<div class=\"elementor-widget-container\">\n\t\t\t\t\t\t\t\t\t<p>A Prefeitura Municipal de Chaves &#8211; PA, torna p\u00fablica a realiza\u00e7\u00e3o de Concurso P\u00fablico, destinado ao preenchimento de vagas do quadro de pessoal efetivo de n\u00edvel superior, n\u00edvel m\u00e9dio, n\u00edvel fundamental completo e n\u00edvel fundamental incompleto, mediante as condi\u00e7\u00f5es estabelecidas no edital de abertura. \u00a0<\/p><p><strong>Vagas &#8211;\u00a0<\/strong>541<\/p><p><strong>Cargos &#8211; N\u00edvel fundamental incompleto:\u00a0<\/strong>Agente de Portaria,\u00a0Auxiliar de Cozinheiro,\u00a0Auxiliar de Eletricista,\u00a0Auxiliar de encanador,\u00a0Auxiliar de Operador de M\u00e1quinas Pesadas,\u00a0Auxiliar de Refrigera\u00e7\u00e3o,\u00a0Auxiliar de Servi\u00e7os Gerais,\u00a0Gari,\u00a0Marinheiro Fluvial Auxiliar de Conv\u00e9s,\u00a0Marinheiro Fluvial de Cozinha,\u00a0Marinheiro Fluvial de M\u00e1quinas,\u00a0Motorista ,\u00a0Servente e Vigilante.\u00a0<\/p><p><strong>N\u00edvel fundamental completo<\/strong>:\u00a0Agente de Vigil\u00e2ncia Sanit\u00e1ria, Almoxarife ,\u00a0Auxiliar Administrativo,\u00a0Auxiliar de Secretaria, Carpinteiro,\u00a0Cozinheiro,\u00a0Encanador,\u00a0Eletricista,\u00a0Mec\u00e2nico, Mec\u00e2nico de Refrigera\u00e7\u00e3o,\u00a0Microscopista,\u00a0Operador de M\u00e1quinas Pesadas,\u00a0Pedreiro ,\u00a0Pintor e\u00a0Recepcionista.<\/p><p><strong>N\u00edvel m\u00e9dio:<\/strong>\u00a0Agente Administrativo,\u00a0Agente de Tr\u00e2nsito ,Fiscal de Obras e Posturas,\u00a0Fiscal de Tributos,\u00a0Professor Educa\u00e7\u00e3o B\u00e1sica,\u00a0T\u00e9cnico Agr\u00edcola ,\u00a0T\u00e9cnico de Enfermagem,\u00a0T\u00e9cnico de Laborat\u00f3rio,\u00a0T\u00e9cnico de Raio X,\u00a0T\u00e9cnico em Contabilidade,\u00a0T\u00e9cnico em Inform\u00e1tica,\u00a0T\u00e9cnico em Pesca,\u00a0T\u00e9cnico em Sa\u00fade Bucal, T\u00e9cnico Florestal e Top\u00f3grafo.<\/p><p><strong>N\u00edvel superior:\u00a0<\/strong>Administrador ,\u00a0Advogado,\u00a0Assistente Social, Biom\u00e9dico,\u00a0Contador ,\u00a0Enfermeiro,\u00a0Engenheiro Ambiental, Engenheiro Civil, Engenheiro Florestal, M\u00e9dico,\u00a0M\u00e9dico Veterin\u00e1rio, Nutricionista,\u00a0Professor Educa\u00e7\u00e3o B\u00e1sica &#8211; Artes;\u00a0Professor Educa\u00e7\u00e3o B\u00e1sica &#8211; Ci\u00eancias;\u00a0Professor Educa\u00e7\u00e3o B\u00e1sica -Educa\u00e7\u00e3o F\u00edsica;\u00a0Professor Educa\u00e7\u00e3o B\u00e1sica -Ensino Religioso;\u00a0Professor Educa\u00e7\u00e3o B\u00e1sica &#8211; Geografia;\u00a0Professor Educa\u00e7\u00e3o B\u00e1sica &#8211; Hist\u00f3ria;\u00a0Professor Educa\u00e7\u00e3o B\u00e1sica &#8211;\u00a0Letras com habilita\u00e7\u00e3o em L\u00edngua Portuguesa;\u00a0Professor Educa\u00e7\u00e3o B\u00e1sica &#8211; Matem\u00e1tica;\u00a0Psic\u00f3logo;\u00a0T\u00e9cnico Pedag\u00f3gico; T\u00e9cnico Pedagogo- Educa\u00e7\u00e3o Especial (polo cidade); Professor de Educa\u00e7\u00e3o B\u00e1sica I\u00a0<\/p><p><strong>Remunera\u00e7\u00e3o &#8211;\u00a0<\/strong>de\u00a0R$ 880,00 a R$ 3.500,00\u00a0<\/p><p><strong>Inscri\u00e7\u00f5es &#8211;\u00a0<\/strong>09\/11\/16 a 09\/12\/16<\/p><p><strong>Taxa &#8211;\u00a0<\/strong>R$ 45,00 (n\u00edvel fundamental completo e incompleto).<\/p><p>\u00a0 \u00a0 \u00a0 \u00a0 \u00a0 \u00a0R$ 50,00 (n\u00edvel m\u00e9dio)<\/p><p>\u00a0 \u00a0 \u00a0 \u00a0 \u00a0 \u00a0R$ 70,00 (n\u00edvel superior)<\/p><p><strong>Datas importantes<\/strong>:<\/p><p>Per\u00edodo de Inscri\u00e7\u00e3o &#8211;\u00a009\/11\/16 a 09\/12\/16<\/p><p>Pagamento da taxa de inscri\u00e7\u00e3o &#8211; at\u00e9 09\/12\/16<\/p><p>Isen\u00e7\u00e3o PcD &#8211; 09\/11\/16 a 02\/12\/16<\/p><p>Aplica\u00e7\u00e3o da Prova Objetiva &#8211; 18\/12\/16<\/p><p>Manh\u00e3 &#8211; das 8h \u00e0s 12h (hor\u00e1rio local) para todos os cargos dos n\u00edveis fundamental completo e superior.<\/p><p>Tarde &#8211; das 14h30 \u00e0s 18h30\u00a0(hor\u00e1rio local) para todos os cargos dos n\u00edveis fundamental incompleto e m\u00e9dio.<\/p>\t\t\t\t\t\t\t\t<\/div>\n\t\t\t\t<\/div>\n\t\t\t\t\t<\/div>\n\t\t<\/div>\n\t\t\t\t<div class=\"elementor-column elementor-col-50 elementor-inner-column elementor-element elementor-element-14aa087a\" data-id=\"14aa087a\" data-element_type=\"column\">\n\t\t\t<div class=\"elementor-widget-wrap elementor-element-populated\">\n\t\t\t\t\t\t<div class=\"elementor-element elementor-element-47ea84a8 elementor-widget elementor-widget-text-editor\" data-id=\"47ea84a8\" data-element_type=\"widget\" data-widget_type=\"text-editor.default\">\n\t\t\t\t<div class=\"elementor-widget-container\">\n\t\t\t\t\t\t\t\t\t<p style=\"text-align: center;\"><span style=\"color: #ffffff;\"><strong>Editais e Avisos<\/strong><\/span><\/p>\t\t\t\t\t\t\t\t<\/div>\n\t\t\t\t<\/div>\n\t\t\t\t<div class=\"elementor-element elementor-element-6ad205f7 elementor-widget elementor-widget-text-editor\" data-id=\"6ad205f7\" data-element_type=\"widget\" data-widget_type=\"text-editor.default\">\n\t\t\t\t<div class=\"elementor-widget-container\">\n\t\t\t\t\t\t\t\t\t<table class=\" alignleft\" width=\"241\">\n<tbody>\n<tr>\n<td width=\"241\"><strong><a href=\"..\/midias\/anexos\/508_aviso_suspensao.pdf\">\u00a0AVISO SUSPENS\u00c3O<\/a><\/strong><\/td>\n<\/tr>\n<tr>\n<td width=\"241\"><strong><a href=\"..\/midias\/anexos\/508_tabela_de_cargos_-_retificada.pdf\">Tabela de cargos retificada<\/a><\/strong><\/td>\n<\/tr>\n<tr>\n<td width=\"241\"><strong><a href=\"..\/midias\/anexos\/508_edital_n_02_2016_pmc_-_retificacoes.pdf\">Edital n\u00ba 2\/2016 &#8211; Retifica\u00e7\u00f5es<\/a><\/strong><\/td>\n<\/tr>\n<tr>\n<td width=\"241\"><strong><a href=\"..\/midias\/anexos\/508_formulario_de_portador_de_deficiencia.pdf\">\u00a0Formul\u00e1rio PcD<\/a><\/strong><\/td>\n<\/tr>\n<tr>\n<td width=\"241\"><strong><a href=\"..\/midias\/anexos\/508_edital_n_01_2016_pmc.pdf\">\u00a0Edital de Abertura n\u00ba 01\/2016<\/a><\/strong><\/td>\n<\/tr>\n<\/tbody>\n<\/table>\n<p style=\"text-align: center;\"><strong>\u00a0Informa\u00e7\u00f5es no setor de Concursos<\/strong><\/p>\n<p style=\"text-align: center;\"><strong>das 8h \u00e0s 17h<\/strong>\n<strong>(91) 4005-7446 \/ 7433 concursos@fadesp.org.br\u00a0<\/strong><\/p>\t\t\t\t\t\t\t\t<\/div>\n\t\t\t\t<\/div>\n\t\t\t\t\t<\/div>\n\t\t<\/div>\n\t\t\t\t\t<\/div>\n\t\t<\/section>\n\t\t\t\t\t<\/div>\n\t\t<\/div>\n\t\t\t\t\t<\/div>\n\t\t<\/section>\n\t\t\t\t<\/div>\n\t\t","protected":false},"excerpt":{"rendered":"<p>Prefeitura de Chaves &#8211; 2016 A Prefeitura Municipal de Chaves &#8211; PA, torna p\u00fablica a realiza\u00e7\u00e3o de Concurso P\u00fablico, destinado ao preenchimento de vagas do quadro de pessoal efetivo de n\u00edvel superior, n\u00edvel m\u00e9dio, n\u00edvel fundamental completo e n\u00edvel fundamental incompleto, mediante as condi\u00e7\u00f5es estabelecidas no edital de abertura. \u00a0 Vagas &#8211;\u00a0541 Cargos &#8211; N\u00edvel [&hellip;]<\/p>\n","protected":false},"author":9,"featured_media":0,"parent":329,"menu_order":53,"comment_status":"closed","ping_status":"closed","template":"","meta":{"_monsterinsights_skip_tracking":false,"_monsterinsights_sitenote_active":false,"_monsterinsights_sitenote_note":"","_monsterinsights_sitenote_category":0,"footnotes":""},"class_list":["post-1308","page","type-page","status-publish","hentry","entry"],"yoast_head":"<!-- This site is optimized with the Yoast SEO plugin v25.1 - https:\/\/yoast.com\/wordpress\/plugins\/seo\/ -->\n<title>Prefeitura de Chaves - 2016 - FADESP<\/title>\n<meta name=\"robots\" content=\"index, follow, max-snippet:-1, max-image-preview:large, max-video-preview:-1\" \/>\n<link rel=\"canonical\" href=\"https:\/\/portalfadesp.org.br\/?page_id=1308\" \/>\n<meta property=\"og:locale\" content=\"pt_BR\" \/>\n<meta property=\"og:type\" content=\"article\" \/>\n<meta property=\"og:title\" content=\"Prefeitura de Chaves - 2016 - FADESP\" \/>\n<meta property=\"og:description\" content=\"Prefeitura de Chaves &#8211; 2016 A Prefeitura Municipal de Chaves &#8211; PA, torna p\u00fablica a realiza\u00e7\u00e3o de Concurso P\u00fablico, destinado ao preenchimento de vagas do quadro de pessoal efetivo de n\u00edvel superior, n\u00edvel m\u00e9dio, n\u00edvel fundamental completo e n\u00edvel fundamental incompleto, mediante as condi\u00e7\u00f5es estabelecidas no edital de abertura. \u00a0 Vagas &#8211;\u00a0541 Cargos &#8211; N\u00edvel [&hellip;]\" \/>\n<meta property=\"og:url\" content=\"https:\/\/portalfadesp.org.br\/?page_id=1308\" \/>\n<meta property=\"og:site_name\" content=\"FADESP\" \/>\n<meta property=\"article:publisher\" content=\"https:\/\/www.facebook.com\/Fadesp-138351949524662\/\" \/>\n<meta property=\"article:modified_time\" content=\"2022-12-20T15:20:18+00:00\" \/>\n<meta name=\"twitter:card\" content=\"summary_large_image\" \/>\n<meta name=\"twitter:site\" content=\"@Fadesp\" \/>\n<meta name=\"twitter:label1\" content=\"Est. tempo de leitura\" \/>\n\t<meta name=\"twitter:data1\" content=\"2 minutos\" \/>\n<script type=\"application\/ld+json\" class=\"yoast-schema-graph\">{\"@context\":\"https:\/\/schema.org\",\"@graph\":[{\"@type\":\"WebPage\",\"@id\":\"https:\/\/portalfadesp.org.br\/?page_id=1308\",\"url\":\"https:\/\/portalfadesp.org.br\/?page_id=1308\",\"name\":\"Prefeitura de Chaves - 2016 - FADESP\",\"isPartOf\":{\"@id\":\"https:\/\/portalfadesp.org.br\/#website\"},\"datePublished\":\"2016-05-20T18:31:56+00:00\",\"dateModified\":\"2022-12-20T15:20:18+00:00\",\"breadcrumb\":{\"@id\":\"https:\/\/portalfadesp.org.br\/?page_id=1308#breadcrumb\"},\"inLanguage\":\"pt-BR\",\"potentialAction\":[{\"@type\":\"ReadAction\",\"target\":[\"https:\/\/portalfadesp.org.br\/?page_id=1308\"]}]},{\"@type\":\"BreadcrumbList\",\"@id\":\"https:\/\/portalfadesp.org.br\/?page_id=1308#breadcrumb\",\"itemListElement\":[{\"@type\":\"ListItem\",\"position\":1,\"name\":\"In\u00edcio\",\"item\":\"https:\/\/portalfadesp.org.br\/\"},{\"@type\":\"ListItem\",\"position\":2,\"name\":\"Concursos &#8211; Homologados\",\"item\":\"https:\/\/portalfadesp.org.br\/?page_id=329\"},{\"@type\":\"ListItem\",\"position\":3,\"name\":\"Prefeitura de Chaves &#8211; 2016\"}]},{\"@type\":\"WebSite\",\"@id\":\"https:\/\/portalfadesp.org.br\/#website\",\"url\":\"https:\/\/portalfadesp.org.br\/\",\"name\":\"FADESP\",\"description\":\"Funda\u00e7\u00e3o de Amparo e Desenvolvimento da Pesquisa\",\"publisher\":{\"@id\":\"https:\/\/portalfadesp.org.br\/#organization\"},\"potentialAction\":[{\"@type\":\"SearchAction\",\"target\":{\"@type\":\"EntryPoint\",\"urlTemplate\":\"https:\/\/portalfadesp.org.br\/?s={search_term_string}\"},\"query-input\":{\"@type\":\"PropertyValueSpecification\",\"valueRequired\":true,\"valueName\":\"search_term_string\"}}],\"inLanguage\":\"pt-BR\"},{\"@type\":\"Organization\",\"@id\":\"https:\/\/portalfadesp.org.br\/#organization\",\"name\":\"FADESP\",\"url\":\"https:\/\/portalfadesp.org.br\/\",\"logo\":{\"@type\":\"ImageObject\",\"inLanguage\":\"pt-BR\",\"@id\":\"https:\/\/portalfadesp.org.br\/#\/schema\/logo\/image\/\",\"url\":\"https:\/\/portalfadesp.org.br\/wp-content\/uploads\/2024\/01\/NOVOLOGOFADESPlaranjaH.png\",\"contentUrl\":\"https:\/\/portalfadesp.org.br\/wp-content\/uploads\/2024\/01\/NOVOLOGOFADESPlaranjaH.png\",\"width\":2742,\"height\":839,\"caption\":\"FADESP\"},\"image\":{\"@id\":\"https:\/\/portalfadesp.org.br\/#\/schema\/logo\/image\/\"},\"sameAs\":[\"https:\/\/www.facebook.com\/Fadesp-138351949524662\/\",\"https:\/\/x.com\/Fadesp\",\"https:\/\/www.instagram.com\/fadesp_ufpa\/\",\"https:\/\/www.youtube.com\/@fundacaodeamparoedesenvolv1903\",\"https:\/\/www.threads.net\/@fadesp_ufpa\"]}]}<\/script>\n<!-- \/ Yoast SEO plugin. -->","yoast_head_json":{"title":"Prefeitura de Chaves - 2016 - FADESP","robots":{"index":"index","follow":"follow","max-snippet":"max-snippet:-1","max-image-preview":"max-image-preview:large","max-video-preview":"max-video-preview:-1"},"canonical":"https:\/\/portalfadesp.org.br\/?page_id=1308","og_locale":"pt_BR","og_type":"article","og_title":"Prefeitura de Chaves - 2016 - FADESP","og_description":"Prefeitura de Chaves &#8211; 2016 A Prefeitura Municipal de Chaves &#8211; PA, torna p\u00fablica a realiza\u00e7\u00e3o de Concurso P\u00fablico, destinado ao preenchimento de vagas do quadro de pessoal efetivo de n\u00edvel superior, n\u00edvel m\u00e9dio, n\u00edvel fundamental completo e n\u00edvel fundamental incompleto, mediante as condi\u00e7\u00f5es estabelecidas no edital de abertura. \u00a0 Vagas &#8211;\u00a0541 Cargos &#8211; N\u00edvel [&hellip;]","og_url":"https:\/\/portalfadesp.org.br\/?page_id=1308","og_site_name":"FADESP","article_publisher":"https:\/\/www.facebook.com\/Fadesp-138351949524662\/","article_modified_time":"2022-12-20T15:20:18+00:00","twitter_card":"summary_large_image","twitter_site":"@Fadesp","twitter_misc":{"Est. tempo de leitura":"2 minutos"},"schema":{"@context":"https:\/\/schema.org","@graph":[{"@type":"WebPage","@id":"https:\/\/portalfadesp.org.br\/?page_id=1308","url":"https:\/\/portalfadesp.org.br\/?page_id=1308","name":"Prefeitura de Chaves - 2016 - FADESP","isPartOf":{"@id":"https:\/\/portalfadesp.org.br\/#website"},"datePublished":"2016-05-20T18:31:56+00:00","dateModified":"2022-12-20T15:20:18+00:00","breadcrumb":{"@id":"https:\/\/portalfadesp.org.br\/?page_id=1308#breadcrumb"},"inLanguage":"pt-BR","potentialAction":[{"@type":"ReadAction","target":["https:\/\/portalfadesp.org.br\/?page_id=1308"]}]},{"@type":"BreadcrumbList","@id":"https:\/\/portalfadesp.org.br\/?page_id=1308#breadcrumb","itemListElement":[{"@type":"ListItem","position":1,"name":"In\u00edcio","item":"https:\/\/portalfadesp.org.br\/"},{"@type":"ListItem","position":2,"name":"Concursos &#8211; Homologados","item":"https:\/\/portalfadesp.org.br\/?page_id=329"},{"@type":"ListItem","position":3,"name":"Prefeitura de Chaves &#8211; 2016"}]},{"@type":"WebSite","@id":"https:\/\/portalfadesp.org.br\/#website","url":"https:\/\/portalfadesp.org.br\/","name":"FADESP","description":"Funda\u00e7\u00e3o de Amparo e Desenvolvimento da Pesquisa","publisher":{"@id":"https:\/\/portalfadesp.org.br\/#organization"},"potentialAction":[{"@type":"SearchAction","target":{"@type":"EntryPoint","urlTemplate":"https:\/\/portalfadesp.org.br\/?s={search_term_string}"},"query-input":{"@type":"PropertyValueSpecification","valueRequired":true,"valueName":"search_term_string"}}],"inLanguage":"pt-BR"},{"@type":"Organization","@id":"https:\/\/portalfadesp.org.br\/#organization","name":"FADESP","url":"https:\/\/portalfadesp.org.br\/","logo":{"@type":"ImageObject","inLanguage":"pt-BR","@id":"https:\/\/portalfadesp.org.br\/#\/schema\/logo\/image\/","url":"https:\/\/portalfadesp.org.br\/wp-content\/uploads\/2024\/01\/NOVOLOGOFADESPlaranjaH.png","contentUrl":"https:\/\/portalfadesp.org.br\/wp-content\/uploads\/2024\/01\/NOVOLOGOFADESPlaranjaH.png","width":2742,"height":839,"caption":"FADESP"},"image":{"@id":"https:\/\/portalfadesp.org.br\/#\/schema\/logo\/image\/"},"sameAs":["https:\/\/www.facebook.com\/Fadesp-138351949524662\/","https:\/\/x.com\/Fadesp","https:\/\/www.instagram.com\/fadesp_ufpa\/","https:\/\/www.youtube.com\/@fundacaodeamparoedesenvolv1903","https:\/\/www.threads.net\/@fadesp_ufpa"]}]}},"_links":{"self":[{"href":"https:\/\/portalfadesp.org.br\/index.php?rest_route=\/wp\/v2\/pages\/1308","targetHints":{"allow":["GET"]}}],"collection":[{"href":"https:\/\/portalfadesp.org.br\/index.php?rest_route=\/wp\/v2\/pages"}],"about":[{"href":"https:\/\/portalfadesp.org.br\/index.php?rest_route=\/wp\/v2\/types\/page"}],"author":[{"embeddable":true,"href":"https:\/\/portalfadesp.org.br\/index.php?rest_route=\/wp\/v2\/users\/9"}],"replies":[{"embeddable":true,"href":"https:\/\/portalfadesp.org.br\/index.php?rest_route=%2Fwp%2Fv2%2Fcomments&post=1308"}],"version-history":[{"count":27,"href":"https:\/\/portalfadesp.org.br\/index.php?rest_route=\/wp\/v2\/pages\/1308\/revisions"}],"predecessor-version":[{"id":36574,"href":"https:\/\/portalfadesp.org.br\/index.php?rest_route=\/wp\/v2\/pages\/1308\/revisions\/36574"}],"up":[{"embeddable":true,"href":"https:\/\/portalfadesp.org.br\/index.php?rest_route=\/wp\/v2\/pages\/329"}],"wp:attachment":[{"href":"https:\/\/portalfadesp.org.br\/index.php?rest_route=%2Fwp%2Fv2%2Fmedia&parent=1308"}],"curies":[{"name":"wp","href":"https:\/\/api.w.org\/{rel}","templated":true}]}}